{"id":43,"date":"2014-09-17T16:45:07","date_gmt":"2014-09-17T16:45:07","guid":{"rendered":"http:\/\/agora.xtec.cat\/iesfmompou\/?page_id=43"},"modified":"2025-11-24T10:20:00","modified_gmt":"2025-11-24T09:20:00","slug":"consell-escolar","status":"publish","type":"page","link":"https:\/\/agora.xtec.cat\/iesfmompou\/linstitut\/consell-escolar\/","title":{"rendered":"Consell escolar"},"content":{"rendered":"<h6 id=\"FW_bloc_951ef9be-5613-11e4-9770-000c29cdf219_2\" class=\"FW_ancora\"><strong>Qu\u00e8 \u00e9s el consell escolar?<\/strong><a href=\"http:\/\/agora.xtec.cat\/iesfmompou\/wp-content\/uploads\/usu653\/2017\/07\/consell-escolar-2.jpg\"><img loading=\"lazy\" decoding=\"async\" class=\"size-medium wp-image-2261 alignleft\" src=\"http:\/\/agora.xtec.cat\/iesfmompou\/wp-content\/uploads\/usu653\/2017\/07\/consell-escolar-2-300x141.jpg\" alt=\"\" width=\"300\" height=\"141\" srcset=\"https:\/\/agora.xtec.cat\/iesfmompou\/wp-content\/uploads\/usu653\/2017\/07\/consell-escolar-2-300x141.jpg 300w, https:\/\/agora.xtec.cat\/iesfmompou\/wp-content\/uploads\/usu653\/2017\/07\/consell-escolar-2.jpg 680w\" sizes=\"auto, (max-width: 300px) 100vw, 300px\" \/><\/a><\/h6>\n<div class=\"FW_sArticleFoto\">\n<div class=\"FW_sEditPro\">\n<p>El consell escolar \u00e9s l&#8217;\u00f2rgan de participaci\u00f3 dels diferents sectors de la comunitat educativa en el govern dels centres.<\/p>\n<\/div>\n<\/div>\n<h6 class=\"FW_ancora\"><strong>Qui forma el consell escolar?<\/strong><\/h6>\n<div class=\"FW_sArticleFoto\">\n<div class=\"FW_sEditPro\">\n<p>El formen els representants de tota la comunitat educativa, \u00e9s a dir, direcci\u00f3, professors, alumnes, fam\u00edlies, personal d&#8217;administraci\u00f3 i serveis, representant de l&#8217;administraci\u00f3 local i altres persones que el mateix consell consideri necess\u00e0ries. El consell escolar de cada centre ha de designar un dels membres com a responsable per impulsar les mesures educatives de foment de la igualtat real i efectiva entre homes i dones.<\/p>\n<p><strong>A l&#8217;Institut Frederic Mompou el consell escolar est\u00e0 format per:<\/strong><\/p>\n<ul>\n<li><strong>Sector pares i mares<\/strong>: Toni Ben\u00edtez Gonz\u00e1lez, Reyna Alba Pizza.<\/li>\n<li><strong>Sector professorat<\/strong>: Elisenda Besora Noya, M\u00aa Dolors Ripoll\u00e8s Bosch, J\u00e8ssica Sauras Alt\u00e9s, Carles S\u00e0bat Padr\u00f3, Judit Mart\u00ed Aug\u00e9, Sandra Yago Llamas.<\/li>\n<li><strong>Sector alumnat<\/strong>: Roger Romagosa Ravent\u00f3s, Lina El Koummiri, Luc\u00eda \u00c1lvarez Almendros.<\/li>\n<li><strong>Sector PAS (Personal d&#8217;Administraci\u00f3 i Serveis)<\/strong>: Isabel D\u00edaz Serrano.<\/li>\n<li><strong>Sector PAE (Personal d&#8217;Atenci\u00f3 Educativa)<\/strong>: Francisco Garc\u00eda Rodr\u00edguez.<\/li>\n<li><strong>Sector AFA<\/strong>: L\u00eddia Ferri P\u00e9rez.<\/li>\n<li><strong>Equip directiu<\/strong>: Miguel \u00c1ngel Pozo Soto (director), Jaume Estrada Medina (cap d&#8217;estudis), M\u00edriam Ad\u00e1n Caballero (secret\u00e0ria).<\/li>\n<li><strong>Representant de l&#8217;Ajuntament de Sant Vicen\u00e7 dels Horts<\/strong>.<\/li>\n<li>Es convida l&#8217;Ajuntament de Torrelles de Llobregat.<\/li>\n<\/ul>\n<p>El consell escolar es reuneix un m\u00ednim de tres cops l&#8217;any. Com que \u00e9s un \u00f2rgan important per al funcionament de l&#8217;institut, de vegades cal que es reuneixi per temes concrets d&#8217;una manera m\u00e9s immediata. \u00c9s per aix\u00f2 que existeixen tres comissions que es convoquen\u00a0quan \u00e9s necessari per tal de fer m\u00e9s \u00e0gil la presa de certes decisions. Aquestes comissions s\u00f3n la <strong>Comissi\u00f3 Permanent<\/strong> (Miguel \u00c1ngel Pozo, Jaume Estrada, M\u00edriam Ad\u00e1n, Elisenda Besora, M\u00aa Jos\u00e9 Gonz\u00e1lez, Ainara Castillo i Francisco Garcia), la <strong>Comissi\u00f3 Econ\u00f2mica<\/strong> (Miguel \u00c1ngel Pozo, Jaume Estrada, M\u00edriam Ad\u00e1n, Toni Ben\u00edtez, Emma Acera, Marina Sevilla ) i la <strong>Comissi\u00f3 de Conviv\u00e8ncia<\/strong> (Miguel \u00c1ngel Pozo, Jaume Estrada, M\u00edriam Ad\u00e1n, M\u00f2nica Vall\u00e8s, Isabel de la Cruz i Roger Romagosa).<\/p>\n<p><strong style=\"font-family: inherit; font-size: 1em;\"><span style=\"font-family: inherit;\">Quina \u00e9s la funci\u00f3 del consell escolar als centres p\u00fablics?<\/span><\/strong><\/p>\n<div class=\"FW_sArticleFoto\">\n<div class=\"FW_sEditPro\">\n<p>La funci\u00f3 principal del consell escolar \u00e9s participar en la presa de decisions en relaci\u00f3 amb aquells temes importants per al funcionament i l&#8217;organitzaci\u00f3 del centre: el projecte educatiu, la programaci\u00f3 general, la gesti\u00f3 econ\u00f2mica, la resoluci\u00f3 dels conflictes, les activitats extraescolars, l&#8217;horari lectiu, etc.<\/p>\n<h6 id=\"FW_bloc_951ef9be-5613-11e4-9770-000c29cdf219_7\"><strong>Com podeu participar en les eleccions del consell escolar?<a href=\"http:\/\/agora.xtec.cat\/iesfmompou\/wp-content\/uploads\/usu653\/2016\/12\/IMG_9700.jpg\"><img loading=\"lazy\" decoding=\"async\" class=\"size-medium wp-image-844 alignright\" src=\"http:\/\/agora.xtec.cat\/iesfmompou\/wp-content\/uploads\/usu653\/2016\/12\/IMG_9700-300x225.jpg\" alt=\"\" width=\"300\" height=\"225\" srcset=\"https:\/\/agora.xtec.cat\/iesfmompou\/wp-content\/uploads\/usu653\/2016\/12\/IMG_9700-300x225.jpg 300w, https:\/\/agora.xtec.cat\/iesfmompou\/wp-content\/uploads\/usu653\/2016\/12\/IMG_9700-200x150.jpg 200w, https:\/\/agora.xtec.cat\/iesfmompou\/wp-content\/uploads\/usu653\/2016\/12\/IMG_9700.jpg 640w\" sizes=\"auto, (max-width: 300px) 100vw, 300px\" \/><\/a><\/strong><\/h6>\n<div class=\"FW_sArticleFoto\">\n<div class=\"FW_sEditPro\">\n<p>En les eleccions, les fam\u00edlies hi podeu participar de dues maneres diferents:<\/p>\n<ul>\n<li>Presentant-vos com a candidats per representar els pares i mares al consell escolar.<\/li>\n<li>Participant el dia que el centre convoqui les eleccions votant els candidats que considereu m\u00e9s representatius.<\/li>\n<\/ul>\n<p>Podeu saber-ne m\u00e9s clicant <span style=\"text-decoration: underline;\"><strong><a href=\"http:\/\/familiaiescola.gencat.cat\/ca\/escolaritat\/participacio-compromis\/participacio-coresponsabilitzacio\/participacio-funcionament-centre\/consell-escolar\/\" target=\"_blank\" rel=\"noopener noreferrer\">aqu\u00ed<\/a><\/strong><\/span><\/p>\n<\/div>\n<\/div>\n<\/div>\n<\/div>\n<\/div>\n<\/div>\n<div class=\"FW_sArticleFoto\"><\/div>\n","protected":false},"excerpt":{"rendered":"<p>Qu\u00e8 \u00e9s el consell escolar? El consell escolar \u00e9s l&#8217;\u00f2rgan de participaci\u00f3 dels diferents sectors de la comunitat educativa en el govern dels centres. Qui forma el consell escolar? El formen els representants de tota la comunitat educativa, \u00e9s a dir, direcci\u00f3, professors, alumnes, fam\u00edlies, personal d&#8217;administraci\u00f3 i serveis, representant de l&#8217;administraci\u00f3 local i altres [&hellip;]<\/p>\n","protected":false},"author":1,"featured_media":0,"parent":19,"menu_order":6,"comment_status":"closed","ping_status":"closed","template":"","meta":{"_bbp_topic_count":0,"_bbp_reply_count":0,"_bbp_total_topic_count":0,"_bbp_total_reply_count":0,"_bbp_voice_count":0,"_bbp_anonymous_reply_count":0,"_bbp_topic_count_hidden":0,"_bbp_reply_count_hidden":0,"_bbp_forum_subforum_count":0,"site-sidebar-layout":"default","site-content-layout":"","ast-site-content-layout":"default","site-content-style":"default","site-sidebar-style":"default","ast-global-header-display":"","ast-banner-title-visibility":"","ast-main-header-display":"","ast-hfb-above-header-display":"","ast-hfb-below-header-display":"","ast-hfb-mobile-header-display":"","site-post-title":"","ast-breadcrumbs-content":"","ast-featured-img":"","footer-sml-layout":"","theme-transparent-header-meta":"default","adv-header-id-meta":"","stick-header-meta":"","header-above-stick-meta":"","header-main-stick-meta":"","header-below-stick-meta":"","astra-migrate-meta-layouts":"set","ast-page-background-enabled":"default","ast-page-background-meta":{"desktop":{"background-color":"var(--ast-global-color-4)","background-image":"","background-repeat":"repeat","background-position":"center center","background-size":"auto","background-attachment":"scroll","background-type":"","background-media":"","overlay-type":"","overlay-color":"","overlay-opacity":"","overlay-gradient":""},"tablet":{"background-color":"","background-image":"","background-repeat":"repeat","background-position":"center center","background-size":"auto","background-attachment":"scroll","background-type":"","background-media":"","overlay-type":"","overlay-color":"","overlay-opacity":"","overlay-gradient":""},"mobile":{"background-color":"","background-image":"","background-repeat":"repeat","background-position":"center center","background-size":"auto","background-attachment":"scroll","background-type":"","background-media":"","overlay-type":"","overlay-color":"","overlay-opacity":"","overlay-gradient":""}},"ast-content-background-meta":{"desktop":{"background-color":"var(--ast-global-color-5)","background-image":"","background-repeat":"repeat","background-position":"center center","background-size":"auto","background-attachment":"scroll","background-type":"","background-media":"","overlay-type":"","overlay-color":"","overlay-opacity":"","overlay-gradient":""},"tablet":{"background-color":"var(--ast-global-color-5)","background-image":"","background-repeat":"repeat","background-position":"center center","background-size":"auto","background-attachment":"scroll","background-type":"","background-media":"","overlay-type":"","overlay-color":"","overlay-opacity":"","overlay-gradient":""},"mobile":{"background-color":"var(--ast-global-color-5)","background-image":"","background-repeat":"repeat","background-position":"center center","background-size":"auto","background-attachment":"scroll","background-type":"","background-media":"","overlay-type":"","overlay-color":"","overlay-opacity":"","overlay-gradient":""}},"footnotes":""},"class_list":["post-43","page","type-page","status-publish","hentry"],"post_mailing_queue_ids":[],"_links":{"self":[{"href":"https:\/\/agora.xtec.cat\/iesfmompou\/wp-json\/wp\/v2\/pages\/43","targetHints":{"allow":["GET"]}}],"collection":[{"href":"https:\/\/agora.xtec.cat\/iesfmompou\/wp-json\/wp\/v2\/pages"}],"about":[{"href":"https:\/\/agora.xtec.cat\/iesfmompou\/wp-json\/wp\/v2\/types\/page"}],"author":[{"embeddable":true,"href":"https:\/\/agora.xtec.cat\/iesfmompou\/wp-json\/wp\/v2\/users\/1"}],"replies":[{"embeddable":true,"href":"https:\/\/agora.xtec.cat\/iesfmompou\/wp-json\/wp\/v2\/comments?post=43"}],"version-history":[{"count":6,"href":"https:\/\/agora.xtec.cat\/iesfmompou\/wp-json\/wp\/v2\/pages\/43\/revisions"}],"predecessor-version":[{"id":15538,"href":"https:\/\/agora.xtec.cat\/iesfmompou\/wp-json\/wp\/v2\/pages\/43\/revisions\/15538"}],"up":[{"embeddable":true,"href":"https:\/\/agora.xtec.cat\/iesfmompou\/wp-json\/wp\/v2\/pages\/19"}],"wp:attachment":[{"href":"https:\/\/agora.xtec.cat\/iesfmompou\/wp-json\/wp\/v2\/media?parent=43"}],"curies":[{"name":"wp","href":"https:\/\/api.w.org\/{rel}","templated":true}]}}