{"id":2197,"date":"2017-07-13T21:44:14","date_gmt":"2017-07-13T19:44:14","guid":{"rendered":"http:\/\/agora.xtec.cat\/iesfmompou\/?page_id=2197"},"modified":"2026-04-08T15:34:17","modified_gmt":"2026-04-08T13:34:17","slug":"preinscripcio-i-matricula","status":"publish","type":"page","link":"https:\/\/agora.xtec.cat\/iesfmompou\/documents\/preinscripcio-i-matricula\/","title":{"rendered":"Preinscripci\u00f3 i matr\u00edcula"},"content":{"rendered":"<p><a href=\"https:\/\/agora.xtec.cat\/iesfmompou\/wp-content\/uploads\/usu653\/2026\/03\/Preinscripcio_baners_Web_educacio__Preinscripcio_web_educacio_1900x372_3imatges.jpg\"><img loading=\"lazy\" decoding=\"async\" class=\"alignnone size-large wp-image-15928\" src=\"https:\/\/agora.xtec.cat\/iesfmompou\/wp-content\/uploads\/usu653\/2026\/03\/Preinscripcio_baners_Web_educacio__Preinscripcio_web_educacio_1900x372_3imatges-1024x200.jpg\" alt=\"\" width=\"1024\" height=\"200\" srcset=\"https:\/\/agora.xtec.cat\/iesfmompou\/wp-content\/uploads\/usu653\/2026\/03\/Preinscripcio_baners_Web_educacio__Preinscripcio_web_educacio_1900x372_3imatges-1024x200.jpg 1024w, https:\/\/agora.xtec.cat\/iesfmompou\/wp-content\/uploads\/usu653\/2026\/03\/Preinscripcio_baners_Web_educacio__Preinscripcio_web_educacio_1900x372_3imatges-300x59.jpg 300w, https:\/\/agora.xtec.cat\/iesfmompou\/wp-content\/uploads\/usu653\/2026\/03\/Preinscripcio_baners_Web_educacio__Preinscripcio_web_educacio_1900x372_3imatges-768x150.jpg 768w, https:\/\/agora.xtec.cat\/iesfmompou\/wp-content\/uploads\/usu653\/2026\/03\/Preinscripcio_baners_Web_educacio__Preinscripcio_web_educacio_1900x372_3imatges-1536x301.jpg 1536w, https:\/\/agora.xtec.cat\/iesfmompou\/wp-content\/uploads\/usu653\/2026\/03\/Preinscripcio_baners_Web_educacio__Preinscripcio_web_educacio_1900x372_3imatges.jpg 1900w\" sizes=\"auto, (max-width: 1024px) 100vw, 1024px\" \/><\/a><\/p>\n\n\n<figure class=\"wp-block-gallery has-nested-images columns-default is-cropped wp-block-gallery-1 is-layout-flex wp-block-gallery-is-layout-flex\">\n<figure class=\"wp-block-image size-full\"><a href=\"https:\/\/agora.xtec.cat\/iesfmompou\/preinscripcio-eso-2026-2027\/\"><img loading=\"lazy\" decoding=\"async\" width=\"472\" height=\"354\" data-id=\"15865\" src=\"https:\/\/agora.xtec.cat\/iesfmompou\/wp-content\/uploads\/usu653\/2026\/02\/2-3.png\" alt=\"\" class=\"wp-image-15865\" srcset=\"https:\/\/agora.xtec.cat\/iesfmompou\/wp-content\/uploads\/usu653\/2026\/02\/2-3.png 472w, https:\/\/agora.xtec.cat\/iesfmompou\/wp-content\/uploads\/usu653\/2026\/02\/2-3-300x225.png 300w\" sizes=\"auto, (max-width: 472px) 100vw, 472px\" \/><\/a><\/figure>\n\n\n\n<figure class=\"wp-block-image size-large\"><a href=\"https:\/\/agora.xtec.cat\/iesfmompou\/preinscripcio-batxillerat-2026-2027\/\"><img loading=\"lazy\" decoding=\"async\" width=\"472\" height=\"354\" data-id=\"15866\" src=\"https:\/\/agora.xtec.cat\/iesfmompou\/wp-content\/uploads\/usu653\/2026\/02\/3-1.png\" alt=\"\" class=\"wp-image-15866\" srcset=\"https:\/\/agora.xtec.cat\/iesfmompou\/wp-content\/uploads\/usu653\/2026\/02\/3-1.png 472w, https:\/\/agora.xtec.cat\/iesfmompou\/wp-content\/uploads\/usu653\/2026\/02\/3-1-300x225.png 300w\" sizes=\"auto, (max-width: 472px) 100vw, 472px\" \/><\/a><\/figure>\n<\/figure>\n\n\n\n<figure class=\"wp-block-table\"><table class=\"has-fixed-layout\"><tbody><tr><td colspan=\"2\"><strong>Documentaci\u00f3 i acc\u00e9s a la sol\u00b7licitud telem\u00e0tica<\/strong><\/td><\/tr><tr><td><strong>ESO: informaci\u00f3 26-27<\/strong><\/td><td><strong>Batxillerat: informaci\u00f3 26-27<\/strong><\/td><\/tr><tr><td><a href=\"https:\/\/drive.google.com\/file\/d\/1cQxgH_t1SgucJOhnaiPlgLY0zIcJWa0l\/view?usp=sharing\">Calendari de preinscripci\u00f3 d&#8217;ESO curs 2026-27<\/a><\/td><td><a href=\"https:\/\/drive.google.com\/file\/d\/1ZuohJ_3fktnV3M9i3VrjLgdE4WkBtoFy\/view?usp=sharing\">Calendari de preinscripci\u00f3 de Batxillerat curs 2026-27<\/a><\/td><\/tr><tr><td><a href=\"https:\/\/drive.google.com\/file\/d\/1jdT80nTjEXdh2BQN9Brlq6kPmFawIa8R\/view?usp=sharing\">Documentaci\u00f3 acreditativa a aportar en el proc\u00e9s de preinscripci\u00f3 d&#8217;ESO<\/a><\/td><td><a href=\"https:\/\/drive.google.com\/file\/d\/18SvDRjDrwWO6EMjVyNs3V_hSv0yeg6tl\/view?usp=sharing\">Documentaci\u00f3 acreditativa a aportar en el proc\u00e9s de preinscripci\u00f3 de Batxillerat<\/a><\/td><\/tr><tr><td><a href=\"https:\/\/drive.google.com\/file\/d\/1SZcnBbU-goPXNNlDZeXQlipmcGUzalAY\/view?usp=sharing\">Criteris de baremaci\u00f3 de la puntuaci\u00f3 en la sol\u00b7licitud de preinscripci\u00f3 d&#8217;ESO<\/a><\/td><td><a href=\"https:\/\/drive.google.com\/file\/d\/11r4bH59D0MTsRsepcQLbCFbbXnKRBQKh\/view?usp=sharing\">Criteris de baremaci\u00f3 de la puntuaci\u00f3 en la sol\u00b7licitud de preinscripci\u00f3 de Batxillerat<\/a><\/td><\/tr><tr><td>Per formalitzar la sol\u00b7licitud de preinscripci\u00f3 d&#8217;ESO heu de clicar <a href=\"https:\/\/preinscripcio.gencat.cat\/ca\/estudis\/eso\/inici\/\" target=\"_blank\" rel=\"noreferrer noopener\"><strong>AQU\u00cd<\/strong><\/a>.<\/td><td>Per formalitzar la sol\u00b7licitud de preinscripci\u00f3 de Batxillerat heu de clicar <a href=\"https:\/\/preinscripcio.gencat.cat\/ca\/estudis\/batxillerat\/inici\/\" target=\"_blank\" rel=\"noreferrer noopener\"><strong>AQU\u00cd<\/strong><\/a>.<\/td><\/tr><tr><td><a href=\"https:\/\/drive.google.com\/file\/d\/1hxcyjje9SD2h6S2Xyj8xHfHpuS1pusKH\/view?usp=sharing\">Oferta inicial de places a l&#8217;ESO<\/a><\/td><td>Formulari de tria de mat\u00e8ries 1r Batxillerat<\/td><\/tr><tr><td>Llista de sol\u00b7licituds amb la puntuaci\u00f3 provisional <\/td><td><a href=\"https:\/\/drive.google.com\/file\/d\/1aLbhD-ULscBdWMlkR97WnK1vvLP58627\/view?usp=drive_link\">Oferta inicial de places al Batxillerat<\/a><\/td><\/tr><tr><td>Llista de sol\u00b7licituds amb la puntuaci\u00f3 un cop resoltes les reclamacions<\/td><td>Llista de sol\u00b7licituds amb la puntuaci\u00f3 provisional<\/td><\/tr><tr><td>&nbsp;<\/td><td>Llista de sol\u00b7licituds amb la puntuaci\u00f3 un cop resoltes les reclamacions<\/td><\/tr><tr><td>Llista de sol\u00b7licituds ordenada amb la puntuaci\u00f3<\/td><td>Llista de sol\u00b7licituds ordenada amb la puntuaci\u00f3<\/td><\/tr><tr><td>Oferta definitiva de places a l&#8217;ESO<\/td><td>&nbsp;<\/td><\/tr><tr><td>Llista d&#8217;alumnes assignats al centre<\/td><td>Oferta definitiva de places al Batxillerat<\/td><\/tr><tr><td>Comunicat relatiu al procediment de reclamaci\u00f3 a l&#8217;assignaci\u00f3 de sol\u00b7licituds de preinscripci\u00f3 Model de sol\u00b7licitud * <em>Les reclamacions s&#8217;han de fer a trav\u00e9s del tramitador online o via OME.<\/em><\/td><td>Llista d&#8217;alumnes assignats al centre<\/td><\/tr><tr><td>Llista d&#8217;espera<\/td><td>Llista d&#8217;espera<\/td><\/tr><\/tbody><\/table><\/figure>\n\n\n\n<p>&#8212;&#8212;<\/p>\n\n\n\n<p><strong>PROCEDIMENT D\u2019ADMISSI\u00d3 DE SOL\u00b7LICITUDS FORA DE TERMINI I ADMISSI\u00d3 AL LLARG DEL CURS ESCOLAR 25-26<\/strong><\/p>\n\n\n\n<p>Per la presentaci\u00f3 de sol\u00b7licituds d\u2019admissi\u00f3 fora de termini, durant el curs escolar 25-26, s&#8217;ha de fer mitjan\u00e7ant una sol\u00b7licitud electr\u00f2nica o en suport inform\u00e0tic (de manera similar a la preinscripci\u00f3). Cal anar a l\u2019enlla\u00e7 seg\u00fcent:<\/p>\n\n\n\n<p><a href=\"https:\/\/tramits.gencat.cat\/ca\/tramits\/tramits-temes\/admissio-centre-fora-proces-preinscripcio\">Admissi\u00f3 a un centre educatiu fora del proc\u00e9s de preinscripci\u00f3<\/a><\/p>\n\n\n\n<p>Els criteris per atendre sol\u00b7licituds fora de termini s\u00f3n els seg\u00fcents:<\/p>\n\n\n\n<ul class=\"wp-block-list\">\n<li>Fam\u00edlies que resideixen al municipi<\/li>\n\n\n\n<li>Centre demanat per la fam\u00edlia<\/li>\n\n\n\n<li>Exist\u00e8ncia de germans al centre<\/li>\n\n\n\n<li>Proximitats del centre al domicili familiar<\/li>\n\n\n\n<li>Compensaci\u00f3 del nombre d\u2019alumnes per grup.<\/li>\n<\/ul>\n\n\n\n<p>Us informem que des de l\u2019Oficina Municipal d\u2019Escolaritzaci\u00f3 (OME) de Sant Vicen\u00e7 dels Horts us poden ajudar en la presentaci\u00f3 de les sol.licituds en l\u00ednia.&nbsp;Adre\u00e7a OME: C. d&#8217;Antoni Mampel 1-3, 08620 Sant Vicen\u00e7 dels Horts. Tel\u00e8fon 936 56 98 26.<\/p>\n","protected":false},"excerpt":{"rendered":"<p>Documentaci\u00f3 i acc\u00e9s a la sol\u00b7licitud telem\u00e0tica ESO: informaci\u00f3 26-27 Batxillerat: informaci\u00f3 26-27 Calendari de preinscripci\u00f3 d&#8217;ESO curs 2026-27 Calendari de preinscripci\u00f3 de Batxillerat curs 2026-27 Documentaci\u00f3 acreditativa a aportar en el proc\u00e9s de preinscripci\u00f3 d&#8217;ESO Documentaci\u00f3 acreditativa a aportar en el proc\u00e9s de preinscripci\u00f3 de Batxillerat Criteris de baremaci\u00f3 de la puntuaci\u00f3 en la [&hellip;]<\/p>\n","protected":false},"author":1,"featured_media":0,"parent":2193,"menu_order":2,"comment_status":"closed","ping_status":"closed","template":"","meta":{"_bbp_topic_count":0,"_bbp_reply_count":0,"_bbp_total_topic_count":0,"_bbp_total_reply_count":0,"_bbp_voice_count":0,"_bbp_anonymous_reply_count":0,"_bbp_topic_count_hidden":0,"_bbp_reply_count_hidden":0,"_bbp_forum_subforum_count":0,"site-sidebar-layout":"default","site-content-layout":"","ast-site-content-layout":"default","site-content-style":"default","site-sidebar-style":"default","ast-global-header-display":"","ast-banner-title-visibility":"","ast-main-header-display":"","ast-hfb-above-header-display":"","ast-hfb-below-header-display":"","ast-hfb-mobile-header-display":"","site-post-title":"","ast-breadcrumbs-content":"","ast-featured-img":"","footer-sml-layout":"","theme-transparent-header-meta":"default","adv-header-id-meta":"","stick-header-meta":"","header-above-stick-meta":"","header-main-stick-meta":"","header-below-stick-meta":"","astra-migrate-meta-layouts":"set","ast-page-background-enabled":"default","ast-page-background-meta":{"desktop":{"background-color":"var(--ast-global-color-4)","background-image":"","background-repeat":"repeat","background-position":"center center","background-size":"auto","background-attachment":"scroll","background-type":"","background-media":"","overlay-type":"","overlay-color":"","overlay-opacity":"","overlay-gradient":""},"tablet":{"background-color":"","background-image":"","background-repeat":"repeat","background-position":"center center","background-size":"auto","background-attachment":"scroll","background-type":"","background-media":"","overlay-type":"","overlay-color":"","overlay-opacity":"","overlay-gradient":""},"mobile":{"background-color":"","background-image":"","background-repeat":"repeat","background-position":"center center","background-size":"auto","background-attachment":"scroll","background-type":"","background-media":"","overlay-type":"","overlay-color":"","overlay-opacity":"","overlay-gradient":""}},"ast-content-background-meta":{"desktop":{"background-color":"var(--ast-global-color-5)","background-image":"","background-repeat":"repeat","background-position":"center center","background-size":"auto","background-attachment":"scroll","background-type":"","background-media":"","overlay-type":"","overlay-color":"","overlay-opacity":"","overlay-gradient":""},"tablet":{"background-color":"var(--ast-global-color-5)","background-image":"","background-repeat":"repeat","background-position":"center center","background-size":"auto","background-attachment":"scroll","background-type":"","background-media":"","overlay-type":"","overlay-color":"","overlay-opacity":"","overlay-gradient":""},"mobile":{"background-color":"var(--ast-global-color-5)","background-image":"","background-repeat":"repeat","background-position":"center center","background-size":"auto","background-attachment":"scroll","background-type":"","background-media":"","overlay-type":"","overlay-color":"","overlay-opacity":"","overlay-gradient":""}},"footnotes":""},"class_list":["post-2197","page","type-page","status-publish","hentry"],"post_mailing_queue_ids":[],"_links":{"self":[{"href":"https:\/\/agora.xtec.cat\/iesfmompou\/wp-json\/wp\/v2\/pages\/2197","targetHints":{"allow":["GET"]}}],"collection":[{"href":"https:\/\/agora.xtec.cat\/iesfmompou\/wp-json\/wp\/v2\/pages"}],"about":[{"href":"https:\/\/agora.xtec.cat\/iesfmompou\/wp-json\/wp\/v2\/types\/page"}],"author":[{"embeddable":true,"href":"https:\/\/agora.xtec.cat\/iesfmompou\/wp-json\/wp\/v2\/users\/1"}],"replies":[{"embeddable":true,"href":"https:\/\/agora.xtec.cat\/iesfmompou\/wp-json\/wp\/v2\/comments?post=2197"}],"version-history":[{"count":6,"href":"https:\/\/agora.xtec.cat\/iesfmompou\/wp-json\/wp\/v2\/pages\/2197\/revisions"}],"predecessor-version":[{"id":16030,"href":"https:\/\/agora.xtec.cat\/iesfmompou\/wp-json\/wp\/v2\/pages\/2197\/revisions\/16030"}],"up":[{"embeddable":true,"href":"https:\/\/agora.xtec.cat\/iesfmompou\/wp-json\/wp\/v2\/pages\/2193"}],"wp:attachment":[{"href":"https:\/\/agora.xtec.cat\/iesfmompou\/wp-json\/wp\/v2\/media?parent=2197"}],"curies":[{"name":"wp","href":"https:\/\/api.w.org\/{rel}","templated":true}]}}