{"id":67,"date":"2014-09-18T10:14:18","date_gmt":"2014-09-18T09:14:18","guid":{"rendered":"http:\/\/agora.xtec.cat\/iesflosicalcat\/?page_id=67"},"modified":"2017-01-24T19:15:40","modified_gmt":"2017-01-24T18:15:40","slug":"futbolnet","status":"publish","type":"page","link":"https:\/\/agora.xtec.cat\/iesflosicalcat\/serveis\/futbolnet\/","title":{"rendered":"FutbolNet"},"content":{"rendered":"<p class=\"page-header__intro\"><em>FutbolNet<\/em> \u00e9s un programa realitzat amb la col\u00b7laboraci\u00f3 de la Fundaci\u00f3 Futbol Club Barcelona i que utilitza aquest esport com a eina per fomentar valors entre els joves a trav\u00e9s d&#8217;una innovadora metodologia pedag\u00f2gica.<\/p>\n<p class=\"page-header__intro\">Les activitats tenen lloc a les instal\u00b7lacions del centre dilluns i dimecres de 17 a 19 hores.<\/p>\n<p class=\"page-header__intro\"><a href=\"https:\/\/fundacio.fcbarcelona.cat\/?_ga=1.146695283.674035695.1485276820\"><img loading=\"lazy\" decoding=\"async\" class=\"alignnone wp-image-614\" src=\"http:\/\/agora.xtec.cat\/iesflosicalcat\/wp-content\/uploads\/usu1357\/2014\/09\/futbolnet.jpg\" alt=\"futbolnet\" width=\"227\" height=\"284\" srcset=\"https:\/\/agora.xtec.cat\/iesflosicalcat\/wp-content\/uploads\/usu1357\/2014\/09\/futbolnet.jpg 315w, https:\/\/agora.xtec.cat\/iesflosicalcat\/wp-content\/uploads\/usu1357\/2014\/09\/futbolnet-240x300.jpg 240w\" sizes=\"auto, (max-width: 227px) 100vw, 227px\" \/><\/a><a href=\"http:\/\/agora.xtec.cat\/iesflosicalcat\/wp-content\/uploads\/usu1357\/2014\/09\/deco2.jpg\"><img loading=\"lazy\" decoding=\"async\" class=\"alignnone wp-image-613\" src=\"http:\/\/agora.xtec.cat\/iesflosicalcat\/wp-content\/uploads\/usu1357\/2014\/09\/deco2.jpg\" alt=\"deco2\" width=\"505\" height=\"284\" srcset=\"https:\/\/agora.xtec.cat\/iesflosicalcat\/wp-content\/uploads\/usu1357\/2014\/09\/deco2.jpg 640w, https:\/\/agora.xtec.cat\/iesflosicalcat\/wp-content\/uploads\/usu1357\/2014\/09\/deco2-300x169.jpg 300w\" sizes=\"auto, (max-width: 505px) 100vw, 505px\" \/><\/a><\/p>\n<p class=\"page-header__intro\"><a href=\"http:\/\/agora.xtec.cat\/iesflosicalcat\/wp-content\/uploads\/usu1357\/2014\/09\/deco1.jpg\"><img loading=\"lazy\" decoding=\"async\" class=\"alignnone size-full wp-image-612\" src=\"http:\/\/agora.xtec.cat\/iesflosicalcat\/wp-content\/uploads\/usu1357\/2014\/09\/deco1.jpg\" alt=\"deco1\" width=\"960\" height=\"540\" srcset=\"https:\/\/agora.xtec.cat\/iesflosicalcat\/wp-content\/uploads\/usu1357\/2014\/09\/deco1.jpg 960w, https:\/\/agora.xtec.cat\/iesflosicalcat\/wp-content\/uploads\/usu1357\/2014\/09\/deco1-300x169.jpg 300w, https:\/\/agora.xtec.cat\/iesflosicalcat\/wp-content\/uploads\/usu1357\/2014\/09\/deco1-768x432.jpg 768w\" sizes=\"auto, (max-width: 960px) 100vw, 960px\" \/><\/a><\/p>\n","protected":false},"excerpt":{"rendered":"<p>FutbolNet \u00e9s un programa realitzat amb la col\u00b7laboraci\u00f3 de la Fundaci\u00f3 Futbol Club Barcelona i que utilitza aquest esport com a eina per fomentar valors entre els joves a trav\u00e9s d&#8217;una innovadora metodologia pedag\u00f2gica. Les activitats tenen lloc a les instal\u00b7lacions del centre dilluns i dimecres de 17 a 19 hores.<\/p>\n","protected":false},"author":1,"featured_media":0,"parent":63,"menu_order":20,"comment_status":"closed","ping_status":"closed","template":"","meta":{"_bbp_topic_count":0,"_bbp_reply_count":0,"_bbp_total_topic_count":0,"_bbp_total_reply_count":0,"_bbp_voice_count":0,"_bbp_anonymous_reply_count":0,"_bbp_topic_count_hidden":0,"_bbp_reply_count_hidden":0,"_bbp_forum_subforum_count":0,"site-sidebar-layout":"default","site-content-layout":"","ast-site-content-layout":"","site-content-style":"default","site-sidebar-style":"default","ast-global-header-display":"","ast-banner-title-visibility":"","ast-main-header-display":"","ast-hfb-above-header-display":"","ast-hfb-below-header-display":"","ast-hfb-mobile-header-display":"","site-post-title":"","ast-breadcrumbs-content":"","ast-featured-img":"","footer-sml-layout":"","theme-transparent-header-meta":"","adv-header-id-meta":"","stick-header-meta":"","header-above-stick-meta":"","header-main-stick-meta":"","header-below-stick-meta":"","astra-migrate-meta-layouts":"default","ast-page-background-enabled":"default","ast-page-background-meta":{"desktop":{"background-color":"var(--ast-global-color-4)","background-image":"","background-repeat":"repeat","background-position":"center center","background-size":"auto","background-attachment":"scroll","background-type":"","background-media":"","overlay-type":"","overlay-color":"","overlay-opacity":"","overlay-gradient":""},"tablet":{"background-color":"","background-image":"","background-repeat":"repeat","background-position":"center center","background-size":"auto","background-attachment":"scroll","background-type":"","background-media":"","overlay-type":"","overlay-color":"","overlay-opacity":"","overlay-gradient":""},"mobile":{"background-color":"","background-image":"","background-repeat":"repeat","background-position":"center center","background-size":"auto","background-attachment":"scroll","background-type":"","background-media":"","overlay-type":"","overlay-color":"","overlay-opacity":"","overlay-gradient":""}},"ast-content-background-meta":{"desktop":{"background-color":"var(--ast-global-color-5)","background-image":"","background-repeat":"repeat","background-position":"center center","background-size":"auto","background-attachment":"scroll","background-type":"","background-media":"","overlay-type":"","overlay-color":"","overlay-opacity":"","overlay-gradient":""},"tablet":{"background-color":"var(--ast-global-color-5)","background-image":"","background-repeat":"repeat","background-position":"center center","background-size":"auto","background-attachment":"scroll","background-type":"","background-media":"","overlay-type":"","overlay-color":"","overlay-opacity":"","overlay-gradient":""},"mobile":{"background-color":"var(--ast-global-color-5)","background-image":"","background-repeat":"repeat","background-position":"center center","background-size":"auto","background-attachment":"scroll","background-type":"","background-media":"","overlay-type":"","overlay-color":"","overlay-opacity":"","overlay-gradient":""}},"footnotes":""},"class_list":["post-67","page","type-page","status-publish","hentry"],"post_mailing_queue_ids":[],"_links":{"self":[{"href":"https:\/\/agora.xtec.cat\/iesflosicalcat\/wp-json\/wp\/v2\/pages\/67","targetHints":{"allow":["GET"]}}],"collection":[{"href":"https:\/\/agora.xtec.cat\/iesflosicalcat\/wp-json\/wp\/v2\/pages"}],"about":[{"href":"https:\/\/agora.xtec.cat\/iesflosicalcat\/wp-json\/wp\/v2\/types\/page"}],"author":[{"embeddable":true,"href":"https:\/\/agora.xtec.cat\/iesflosicalcat\/wp-json\/wp\/v2\/users\/1"}],"replies":[{"embeddable":true,"href":"https:\/\/agora.xtec.cat\/iesflosicalcat\/wp-json\/wp\/v2\/comments?post=67"}],"version-history":[{"count":4,"href":"https:\/\/agora.xtec.cat\/iesflosicalcat\/wp-json\/wp\/v2\/pages\/67\/revisions"}],"predecessor-version":[{"id":625,"href":"https:\/\/agora.xtec.cat\/iesflosicalcat\/wp-json\/wp\/v2\/pages\/67\/revisions\/625"}],"up":[{"embeddable":true,"href":"https:\/\/agora.xtec.cat\/iesflosicalcat\/wp-json\/wp\/v2\/pages\/63"}],"wp:attachment":[{"href":"https:\/\/agora.xtec.cat\/iesflosicalcat\/wp-json\/wp\/v2\/media?parent=67"}],"curies":[{"name":"wp","href":"https:\/\/api.w.org\/{rel}","templated":true}]}}