{"id":2363,"date":"2019-02-07T19:22:35","date_gmt":"2019-02-07T18:22:35","guid":{"rendered":"http:\/\/agora.xtec.cat\/iesflosicalcat\/?page_id=2363"},"modified":"2023-07-25T12:30:45","modified_gmt":"2023-07-25T10:30:45","slug":"exit-angles","status":"publish","type":"page","link":"https:\/\/agora.xtec.cat\/iesflosicalcat\/serveis\/exit-angles\/","title":{"rendered":"Speak Up"},"content":{"rendered":"<p><span style=\"font-family: inherit; font-size: 1em;\">El <\/span><a style=\"font-family: inherit; font-size: 1em;\" href=\"https:\/\/www.edubcn.cat\/exit\/reforc_escolar\/exit_angles\" target=\"_blank\" rel=\"noopener\">Programa Speak Up<\/a><span style=\"font-family: inherit; font-size: 1em;\">\u00a0vol impulsar un pla de treball sistem\u00e0tic per millorar la compet\u00e8ncia en expressi\u00f3, interacci\u00f3 i comprensi\u00f3 oral en llengua anglesa de l\u2019alumnat del darrer curs d\u2019educaci\u00f3 prim\u00e0ria i l\u2019educaci\u00f3 secund\u00e0ria obligat\u00f2ria.<\/span><\/p>\n<div class=\"m_-7436675311372238550gmail-row\">\n<div class=\"m_-7436675311372238550gmail-col-md-9\">\n<div class=\"m_-7436675311372238550gmail-main\">\n<p class=\"m_-7436675311372238550gmail-subtitle\">Augmentem significativament les oportunitats d\u2019exposici\u00f3 a l\u2019angl\u00e8s oral de l\u2019alumnat que segueixi el programa i en fomentem l\u2019\u00fas efectiu en situacions d\u2019interacci\u00f3 reals, amb l\u2019acompanyament de joves estudiants universitaris formats per a desenvolupar aquesta tasca (\u201cgreat friends\u201d, \u201cschool coordinators\u201d i \u201czone coordinator\u201d).<\/p>\n<p class=\"m_-7436675311372238550gmail-subtitle\">Les activitats d&#8217;ampliaci\u00f3 d&#8217;angl\u00e8s oral es fan a la seu de l\u2019institut dilluns i dimecres\u00a0de 16.00 a 18.00 hores amb monitors especialitzats.<\/p>\n<\/div>\n<\/div>\n<\/div>\n","protected":false},"excerpt":{"rendered":"<p>El Programa Speak Up\u00a0vol impulsar un pla de treball sistem\u00e0tic per millorar la compet\u00e8ncia en expressi\u00f3, interacci\u00f3 i comprensi\u00f3 oral en llengua anglesa de l\u2019alumnat del darrer curs d\u2019educaci\u00f3 prim\u00e0ria i l\u2019educaci\u00f3 secund\u00e0ria obligat\u00f2ria. Augmentem significativament les oportunitats d\u2019exposici\u00f3 a l\u2019angl\u00e8s oral de l\u2019alumnat que segueixi el programa i en fomentem l\u2019\u00fas efectiu en situacions [&hellip;]<\/p>\n","protected":false},"author":1,"featured_media":0,"parent":63,"menu_order":0,"comment_status":"closed","ping_status":"closed","template":"","meta":{"_bbp_topic_count":0,"_bbp_reply_count":0,"_bbp_total_topic_count":0,"_bbp_total_reply_count":0,"_bbp_voice_count":0,"_bbp_anonymous_reply_count":0,"_bbp_topic_count_hidden":0,"_bbp_reply_count_hidden":0,"_bbp_forum_subforum_count":0,"site-sidebar-layout":"default","site-content-layout":"","ast-site-content-layout":"","site-content-style":"default","site-sidebar-style":"default","ast-global-header-display":"","ast-banner-title-visibility":"","ast-main-header-display":"","ast-hfb-above-header-display":"","ast-hfb-below-header-display":"","ast-hfb-mobile-header-display":"","site-post-title":"","ast-breadcrumbs-content":"","ast-featured-img":"","footer-sml-layout":"","theme-transparent-header-meta":"","adv-header-id-meta":"","stick-header-meta":"","header-above-stick-meta":"","header-main-stick-meta":"","header-below-stick-meta":"","astra-migrate-meta-layouts":"default","ast-page-background-enabled":"default","ast-page-background-meta":{"desktop":{"background-color":"var(--ast-global-color-4)","background-image":"","background-repeat":"repeat","background-position":"center center","background-size":"auto","background-attachment":"scroll","background-type":"","background-media":"","overlay-type":"","overlay-color":"","overlay-opacity":"","overlay-gradient":""},"tablet":{"background-color":"","background-image":"","background-repeat":"repeat","background-position":"center center","background-size":"auto","background-attachment":"scroll","background-type":"","background-media":"","overlay-type":"","overlay-color":"","overlay-opacity":"","overlay-gradient":""},"mobile":{"background-color":"","background-image":"","background-repeat":"repeat","background-position":"center center","background-size":"auto","background-attachment":"scroll","background-type":"","background-media":"","overlay-type":"","overlay-color":"","overlay-opacity":"","overlay-gradient":""}},"ast-content-background-meta":{"desktop":{"background-color":"var(--ast-global-color-5)","background-image":"","background-repeat":"repeat","background-position":"center center","background-size":"auto","background-attachment":"scroll","background-type":"","background-media":"","overlay-type":"","overlay-color":"","overlay-opacity":"","overlay-gradient":""},"tablet":{"background-color":"var(--ast-global-color-5)","background-image":"","background-repeat":"repeat","background-position":"center center","background-size":"auto","background-attachment":"scroll","background-type":"","background-media":"","overlay-type":"","overlay-color":"","overlay-opacity":"","overlay-gradient":""},"mobile":{"background-color":"var(--ast-global-color-5)","background-image":"","background-repeat":"repeat","background-position":"center center","background-size":"auto","background-attachment":"scroll","background-type":"","background-media":"","overlay-type":"","overlay-color":"","overlay-opacity":"","overlay-gradient":""}},"footnotes":""},"class_list":["post-2363","page","type-page","status-publish","hentry"],"post_mailing_queue_ids":[],"_links":{"self":[{"href":"https:\/\/agora.xtec.cat\/iesflosicalcat\/wp-json\/wp\/v2\/pages\/2363","targetHints":{"allow":["GET"]}}],"collection":[{"href":"https:\/\/agora.xtec.cat\/iesflosicalcat\/wp-json\/wp\/v2\/pages"}],"about":[{"href":"https:\/\/agora.xtec.cat\/iesflosicalcat\/wp-json\/wp\/v2\/types\/page"}],"author":[{"embeddable":true,"href":"https:\/\/agora.xtec.cat\/iesflosicalcat\/wp-json\/wp\/v2\/users\/1"}],"replies":[{"embeddable":true,"href":"https:\/\/agora.xtec.cat\/iesflosicalcat\/wp-json\/wp\/v2\/comments?post=2363"}],"version-history":[{"count":3,"href":"https:\/\/agora.xtec.cat\/iesflosicalcat\/wp-json\/wp\/v2\/pages\/2363\/revisions"}],"predecessor-version":[{"id":12198,"href":"https:\/\/agora.xtec.cat\/iesflosicalcat\/wp-json\/wp\/v2\/pages\/2363\/revisions\/12198"}],"up":[{"embeddable":true,"href":"https:\/\/agora.xtec.cat\/iesflosicalcat\/wp-json\/wp\/v2\/pages\/63"}],"wp:attachment":[{"href":"https:\/\/agora.xtec.cat\/iesflosicalcat\/wp-json\/wp\/v2\/media?parent=2363"}],"curies":[{"name":"wp","href":"https:\/\/api.w.org\/{rel}","templated":true}]}}