{"id":195,"date":"2014-09-22T10:39:39","date_gmt":"2014-09-22T10:39:39","guid":{"rendered":"http:\/\/agora.xtec.cat\/iesfedericamontseny\/?page_id=195"},"modified":"2019-07-11T09:35:11","modified_gmt":"2019-07-11T07:35:11","slug":"estudis","status":"publish","type":"page","link":"https:\/\/agora.xtec.cat\/iesfedericamontseny\/estudis\/","title":{"rendered":"ESTUDIS"},"content":{"rendered":"<p>A l&#8217;espai d&#8217;<strong>oferta formativa<\/strong>, \u00e9s important incloure la informaci\u00f3 espec\u00edfica per a cadascuna de les etapes o cicles educatius que ofereix el centre. En els corresponents nivells es podr\u00e0 introduir la informaci\u00f3 relativa a:<\/p>\n<ul>\n<li>llibres de text i lectures obligat\u00f2ries<\/li>\n<li>mat\u00e8ries optatives<\/li>\n<li>cr\u00e8dit de s\u00edntesi<\/li>\n<li>treball de recerca<\/li>\n<li>viatge d&#8217;estudis<\/li>\n<li>pr\u00e0ctiques a empreses (FCT)<\/li>\n<\/ul>\n<header class=\"entry-header\" style=\"color: #444444;\">\n<h1 class=\"entry-title\" style=\"font-weight: 400; color: #087eb6;\">ESO<\/h1>\n<\/header>\n<div class=\"entry-content\" style=\"color: #444444;\">\n<ul>\n<li>llibres de text i lectures obligat\u00f2ries<\/li>\n<li>cr\u00e8dits<\/li>\n<li>mat\u00e8ries optatives<\/li>\n<li>sol\u00b7licitud afiliaci\u00f3 SS<\/li>\n<li>servei comunitari<\/li>\n<li>cr\u00e8dit de s\u00edntesi<\/li>\n<li>treball de recerca<\/li>\n<li>viatge d\u2019estudis<\/li>\n<\/ul>\n<header class=\"entry-header\">\n<h1 class=\"entry-title\" style=\"font-weight: 400; color: #087eb6;\">Batxillerat<\/h1>\n<\/header>\n<div class=\"entry-content\">\n<ul>\n<li>llibres de text i lectures obligat\u00f2ries<\/li>\n<li>PAU (notes de tall, calendari, ponderacions, exemples ex\u00e0mens, itineraris universitaris,\u2026)<\/li>\n<\/ul>\n<\/div>\n<\/div>\n","protected":false},"excerpt":{"rendered":"<p>A l&#8217;espai d&#8217;oferta formativa, \u00e9s important incloure la informaci\u00f3 espec\u00edfica per a cadascuna de les etapes o cicles educatius que ofereix el centre. En els corresponents nivells es podr\u00e0 introduir la informaci\u00f3 relativa a:<\/p>\n<ul>\n<li>llibres de text i lectures obligat\u00f2ries<\/li>\n<li>mat\u00e8ries optatives<\/li>\n<li>cr\u00e8dit de s\u00edntesi<\/li>\n<li>treball de recerca<\/li>\n<li>viatge d&#8217;estudis<\/li>\n<li>pr\u00e0ctiques&hellip;  <a href=\"https:\/\/agora.xtec.cat\/iesfedericamontseny\/estudis\/\" title=\"Read ESTUDIS\">Llegeix m\u00e9s\u00bb<\/a><br \/>\n","protected":false},"author":1,"featured_media":0,"parent":0,"menu_order":0,"comment_status":"closed","ping_status":"closed","template":"","meta":{"_bbp_topic_count":0,"_bbp_reply_count":0,"_bbp_total_topic_count":0,"_bbp_total_reply_count":0,"_bbp_voice_count":0,"_bbp_anonymous_reply_count":0,"_bbp_topic_count_hidden":0,"_bbp_reply_count_hidden":0,"_bbp_forum_subforum_count":0,"footnotes":""},"class_list":["post-195","page","type-page","status-publish","hentry"],"post_mailing_queue_ids":[],"_links":{"self":[{"href":"https:\/\/agora.xtec.cat\/iesfedericamontseny\/wp-json\/wp\/v2\/pages\/195","targetHints":{"allow":["GET"]}}],"collection":[{"href":"https:\/\/agora.xtec.cat\/iesfedericamontseny\/wp-json\/wp\/v2\/pages"}],"about":[{"href":"https:\/\/agora.xtec.cat\/iesfedericamontseny\/wp-json\/wp\/v2\/types\/page"}],"author":[{"embeddable":true,"href":"https:\/\/agora.xtec.cat\/iesfedericamontseny\/wp-json\/wp\/v2\/users\/1"}],"replies":[{"embeddable":true,"href":"https:\/\/agora.xtec.cat\/iesfedericamontseny\/wp-json\/wp\/v2\/comments?post=195"}],"version-history":[{"count":3,"href":"https:\/\/agora.xtec.cat\/iesfedericamontseny\/wp-json\/wp\/v2\/pages\/195\/revisions"}],"predecessor-version":[{"id":13226,"href":"https:\/\/agora.xtec.cat\/iesfedericamontseny\/wp-json\/wp\/v2\/pages\/195\/revisions\/13226"}],"wp:attachment":[{"href":"https:\/\/agora.xtec.cat\/iesfedericamontseny\/wp-json\/wp\/v2\/media?parent=195"}],"curies":[{"name":"wp","href":"https:\/\/api.w.org\/{rel}","templated":true}]}}