{"id":17538,"date":"2026-03-01T09:28:37","date_gmt":"2026-03-01T08:28:37","guid":{"rendered":"https:\/\/agora.xtec.cat\/iesfedericamontseny\/?page_id=17538"},"modified":"2026-08-11T21:58:21","modified_gmt":"2026-08-11T19:58:21","slug":"com-som","status":"publish","type":"page","link":"https:\/\/agora.xtec.cat\/iesfedericamontseny\/linstitut\/com-som\/","title":{"rendered":"Com som"},"content":{"rendered":"<p><span style=\"font-weight: 400;\">Som un institut que es defineix per la proximitat, la inclusi\u00f3, el rigor acad\u00e8mic i l\u2019atenci\u00f3 personalitzada. L\u2019organitzaci\u00f3 en grups redu\u00efts ens facilita un seguiment proper de cada alumne i una resposta educativa ajustada a les seves necessitats.<\/span><\/p>\n<p><span style=\"font-weight: 400;\">Ens caracteritzen:<\/span><\/p>\n<ul>\n<li style=\"font-weight: 400;\" aria-level=\"1\"><span style=\"font-weight: 400;\">Un seguiment tutorial i orientador que acompanya l\u2019alumnat al llarg de tota la seva traject\u00f2ria educativa.<\/span><\/li>\n<li style=\"font-weight: 400;\" aria-level=\"1\"><span style=\"font-weight: 400;\">L\u2019impuls del catal\u00e0 com a llengua vehicular, d\u2019aprenentatge i de cohesi\u00f3 social.<\/span><\/li>\n<li style=\"font-weight: 400;\" aria-level=\"1\"><span style=\"font-weight: 400;\">Un ensenyament competencial que combina metodologies actives amb l\u2019adquisici\u00f3 d\u2019h\u00e0bits d\u2019estudi, el pensament cr\u00edtic i l\u2019autonomia personal.<\/span><\/li>\n<li style=\"font-weight: 400;\" aria-level=\"1\"><span style=\"font-weight: 400;\">Un model de conviv\u00e8ncia basat en la mirada restaurativa, la cultura de la pau i el respecte mutu.<\/span><\/li>\n<li style=\"font-weight: 400;\" aria-level=\"1\"><span style=\"font-weight: 400;\">La participaci\u00f3 en programes i projectes que connecten l\u2019aprenentatge amb l\u2019entorn i amplien les oportunitats educatives de l\u2019alumnat.<\/span><\/li>\n<\/ul>\n<p><span style=\"font-weight: 400;\">El nostre objectiu \u00e9s formar persones aut\u00f2nomes, responsables, cr\u00edtiques i compromeses, capaces de continuar aprenent al llarg de la vida i de contribuir positivament a la societat.<\/span><\/p>\n","protected":false},"excerpt":{"rendered":"<p>Som un institut que es defineix per la proximitat, la inclusi\u00f3, el rigor acad\u00e8mic i l\u2019atenci\u00f3 personalitzada. L\u2019organitzaci\u00f3 en grups redu\u00efts ens facilita un seguiment proper de cada alumne i una resposta educativa ajustada a les seves necessitats. Ens caracteritzen: Un seguiment tutorial i orientador que acompanya l\u2019alumnat al llarg de tota la seva traject\u00f2ria [&hellip;]<\/p>\n","protected":false},"author":1,"featured_media":0,"parent":19,"menu_order":0,"comment_status":"closed","ping_status":"closed","template":"","meta":{"_bbp_topic_count":0,"_bbp_reply_count":0,"_bbp_total_topic_count":0,"_bbp_total_reply_count":0,"_bbp_voice_count":0,"_bbp_anonymous_reply_count":0,"_bbp_topic_count_hidden":0,"_bbp_reply_count_hidden":0,"_bbp_forum_subforum_count":0,"site-sidebar-layout":"default","site-content-layout":"","ast-site-content-layout":"default","site-content-style":"default","site-sidebar-style":"default","ast-global-header-display":"","ast-banner-title-visibility":"","ast-main-header-display":"","ast-hfb-above-header-display":"","ast-hfb-below-header-display":"","ast-hfb-mobile-header-display":"","site-post-title":"","ast-breadcrumbs-content":"","ast-featured-img":"","footer-sml-layout":"","theme-transparent-header-meta":"","adv-header-id-meta":"","stick-header-meta":"","header-above-stick-meta":"","header-main-stick-meta":"","header-below-stick-meta":"","astra-migrate-meta-layouts":"set","ast-page-background-enabled":"default","ast-page-background-meta":{"desktop":{"background-color":"var(--ast-global-color-4)","background-image":"","background-repeat":"repeat","background-position":"center center","background-size":"auto","background-attachment":"scroll","background-type":"","background-media":"","overlay-type":"","overlay-color":"","overlay-opacity":"","overlay-gradient":""},"tablet":{"background-color":"","background-image":"","background-repeat":"repeat","background-position":"center center","background-size":"auto","background-attachment":"scroll","background-type":"","background-media":"","overlay-type":"","overlay-color":"","overlay-opacity":"","overlay-gradient":""},"mobile":{"background-color":"","background-image":"","background-repeat":"repeat","background-position":"center center","background-size":"auto","background-attachment":"scroll","background-type":"","background-media":"","overlay-type":"","overlay-color":"","overlay-opacity":"","overlay-gradient":""}},"ast-content-background-meta":{"desktop":{"background-color":"var(--ast-global-color-5)","background-image":"","background-repeat":"repeat","background-position":"center center","background-size":"auto","background-attachment":"scroll","background-type":"","background-media":"","overlay-type":"","overlay-color":"","overlay-opacity":"","overlay-gradient":""},"tablet":{"background-color":"var(--ast-global-color-5)","background-image":"","background-repeat":"repeat","background-position":"center center","background-size":"auto","background-attachment":"scroll","background-type":"","background-media":"","overlay-type":"","overlay-color":"","overlay-opacity":"","overlay-gradient":""},"mobile":{"background-color":"var(--ast-global-color-5)","background-image":"","background-repeat":"repeat","background-position":"center center","background-size":"auto","background-attachment":"scroll","background-type":"","background-media":"","overlay-type":"","overlay-color":"","overlay-opacity":"","overlay-gradient":""}},"footnotes":""},"class_list":["post-17538","page","type-page","status-publish","hentry"],"post_mailing_queue_ids":[],"_links":{"self":[{"href":"https:\/\/agora.xtec.cat\/iesfedericamontseny\/wp-json\/wp\/v2\/pages\/17538","targetHints":{"allow":["GET"]}}],"collection":[{"href":"https:\/\/agora.xtec.cat\/iesfedericamontseny\/wp-json\/wp\/v2\/pages"}],"about":[{"href":"https:\/\/agora.xtec.cat\/iesfedericamontseny\/wp-json\/wp\/v2\/types\/page"}],"author":[{"embeddable":true,"href":"https:\/\/agora.xtec.cat\/iesfedericamontseny\/wp-json\/wp\/v2\/users\/1"}],"replies":[{"embeddable":true,"href":"https:\/\/agora.xtec.cat\/iesfedericamontseny\/wp-json\/wp\/v2\/comments?post=17538"}],"version-history":[{"count":2,"href":"https:\/\/agora.xtec.cat\/iesfedericamontseny\/wp-json\/wp\/v2\/pages\/17538\/revisions"}],"predecessor-version":[{"id":17718,"href":"https:\/\/agora.xtec.cat\/iesfedericamontseny\/wp-json\/wp\/v2\/pages\/17538\/revisions\/17718"}],"up":[{"embeddable":true,"href":"https:\/\/agora.xtec.cat\/iesfedericamontseny\/wp-json\/wp\/v2\/pages\/19"}],"wp:attachment":[{"href":"https:\/\/agora.xtec.cat\/iesfedericamontseny\/wp-json\/wp\/v2\/media?parent=17538"}],"curies":[{"name":"wp","href":"https:\/\/api.w.org\/{rel}","templated":true}]}}

<p><span style="font-weight: 400;">Som un institut que es defineix per la proximitat, la inclusió, el rigor acadèmic i l’atenció personalitzada. L’organització en grups reduïts ens facilita un seguiment proper de cada alumne i una resposta educativa ajustada a les seves necessitats.</span></p>
<p><span style="font-weight: 400;">Ens caracteritzen:</span></p>
<ul>
<li style="font-weight: 400;" aria-level="1"><span style="font-weight: 400;">Un seguiment tutorial i orientador que acompanya l’alumnat al llarg de tota la seva trajectòria educativa.</span></li>
<li style="font-weight: 400;" aria-level="1"><span style="font-weight: 400;">L’impuls del català com a llengua vehicular, d’aprenentatge i de cohesió social.</span></li>
<li style="font-weight: 400;" aria-level="1"><span style="font-weight: 400;">Un ensenyament competencial que combina metodologies actives amb l’adquisició d’hàbits d’estudi, el pensament crític i l’autonomia personal.</span></li>
<li style="font-weight: 400;" aria-level="1"><span style="font-weight: 400;">Un model de convivència basat en la mirada restaurativa, la cultura de la pau i el respecte mutu.</span></li>
<li style="font-weight: 400;" aria-level="1"><span style="font-weight: 400;">La participació en programes i projectes que connecten l’aprenentatge amb l’entorn i amplien les oportunitats educatives de l’alumnat.</span></li>
</ul>
<p><span style="font-weight: 400;">El nostre objectiu és formar persones autònomes, responsables, crítiques i compromeses, capaces de continuar aprenent al llarg de la vida i de contribuir positivament a la societat.</span></p>

<p>Som un institut que es defineix per la proximitat, la inclusió, el rigor acadèmic i l’atenció personalitzada. L’organització en grups reduïts ens facilita un seguiment proper de cada alumne i una resposta educativa ajustada a les seves necessitats. Ens caracteritzen: Un seguiment tutorial i orientador que acompanya l’alumnat al llarg de tota la seva trajectòria [&hellip;]</p>
