{"id":994,"date":"2018-10-17T19:58:03","date_gmt":"2018-10-17T17:58:03","guid":{"rendered":"http:\/\/agora.xtec.cat\/iesesteveterradas\/?page_id=994"},"modified":"2025-10-23T11:26:17","modified_gmt":"2025-10-23T09:26:17","slug":"fabricacio-mecanica","status":"publish","type":"page","link":"https:\/\/agora.xtec.cat\/iesesteveterradas\/departaments\/departaments-fp\/fabricacio-mecanica\/","title":{"rendered":"Fabricaci\u00f3 Mec\u00e0nica"},"content":{"rendered":"<p><img loading=\"lazy\" decoding=\"async\" class=\"alignleft\" src=\"http:\/\/esteveterradas.cat\/images\/stories\/departamentsFP\/fabricacioMecanica\/fabMech02.JPG\" alt=\"Departament de Fabricaci\u00f3 Mec\u00e0nica\" width=\"292\" height=\"219\" \/>El departament de Fabricaci\u00f3 Mec\u00e0nica de l&#8217;Institut Esteve Terradas \u00e9s referent a Catalunya dintre del sector, ja que molts professionals en actiu han estat cantera nostra, i sobre tot per l&#8217;estreta relaci\u00f3 i col\u2022laboraci\u00f3 amb el sector empresarial.<\/p>\n<p>Impartim els Cicles Formatius de Grau Superior en Programaci\u00f3 de la producci\u00f3 en Fabricaci\u00f3 Mec\u00e0nica, de Grau Mig de Mecanitzaci\u00f3. El perfil del primer \u00e9s d&#8217;un treballador especialitzat amb capacitats relacionades amb la programaci\u00f3 CNC, CAM, disseny industrial, metrologia i gesti\u00f3 d&#8217;equips entre d&#8217;altres. Els alumnes de Mecanitzaci\u00f3 \u00e9s d&#8217;un operari m\u00e0quina convencional o CNC que es pot integrar r\u00e0pidament al sector productiu.<\/p>\n<p>Per a m\u00e9s informaci\u00f3 contacteu amb el cap de departament Oscar Hernando: <span style=\"color: #0000ff;\">ohernan3@xtec.cat\u00a0<\/span><\/p>\n<p><img decoding=\"async\" class=\"cke-resize cke-resize cke-resize cke-resize cke-resize\" src=\"http:\/\/esteveterradas.cat\/images\/stories\/departamentsFP\/fabricacioMecanica\/ins.gif\" alt=\"98% d'inserci\u00f3 laboral\" \/><\/p>\n<p><iframe loading=\"lazy\" src=\"https:\/\/www.youtube-nocookie.com\/embed\/WArXQuLqv4k?rel=0\" width=\"560\" height=\"315\" frameborder=\"0\" data-mce-fragment=\"1\"><\/iframe><\/p>\n<div id=\"ckimgrsz\">\n<div class=\"preview\"><\/div>\n<\/div>\n","protected":false},"excerpt":{"rendered":"<p>El departament de Fabricaci\u00f3 Mec\u00e0nica de l&#8217;Institut Esteve Terradas \u00e9s referent a Catalunya dintre del sector, ja que molts professionals en actiu han estat cantera nostra, i sobre tot per l&#8217;estreta relaci\u00f3 i col\u2022laboraci\u00f3 amb el sector empresarial.<br \/>\nImpartim els Cicles Formatius de Grau Superior en&hellip;  <a href=\"https:\/\/agora.xtec.cat\/iesesteveterradas\/departaments\/departaments-fp\/fabricacio-mecanica\/\" title=\"Read Fabricaci\u00f3 Mec\u00e0nica\">Llegeix m\u00e9s\u00bb<\/a><\/p>\n","protected":false},"author":1,"featured_media":0,"parent":18640,"menu_order":5,"comment_status":"closed","ping_status":"closed","template":"page-templates\/side-menu.php","meta":{"_bbp_topic_count":0,"_bbp_reply_count":0,"_bbp_total_topic_count":0,"_bbp_total_reply_count":0,"_bbp_voice_count":0,"_bbp_anonymous_reply_count":0,"_bbp_topic_count_hidden":0,"_bbp_reply_count_hidden":0,"_bbp_forum_subforum_count":0,"footnotes":""},"class_list":["post-994","page","type-page","status-publish","hentry"],"post_mailing_queue_ids":[],"_links":{"self":[{"href":"https:\/\/agora.xtec.cat\/iesesteveterradas\/wp-json\/wp\/v2\/pages\/994","targetHints":{"allow":["GET"]}}],"collection":[{"href":"https:\/\/agora.xtec.cat\/iesesteveterradas\/wp-json\/wp\/v2\/pages"}],"about":[{"href":"https:\/\/agora.xtec.cat\/iesesteveterradas\/wp-json\/wp\/v2\/types\/page"}],"author":[{"embeddable":true,"href":"https:\/\/agora.xtec.cat\/iesesteveterradas\/wp-json\/wp\/v2\/users\/1"}],"replies":[{"embeddable":true,"href":"https:\/\/agora.xtec.cat\/iesesteveterradas\/wp-json\/wp\/v2\/comments?post=994"}],"version-history":[{"count":3,"href":"https:\/\/agora.xtec.cat\/iesesteveterradas\/wp-json\/wp\/v2\/pages\/994\/revisions"}],"predecessor-version":[{"id":6834,"href":"https:\/\/agora.xtec.cat\/iesesteveterradas\/wp-json\/wp\/v2\/pages\/994\/revisions\/6834"}],"up":[{"embeddable":true,"href":"https:\/\/agora.xtec.cat\/iesesteveterradas\/wp-json\/wp\/v2\/pages\/18640"}],"wp:attachment":[{"href":"https:\/\/agora.xtec.cat\/iesesteveterradas\/wp-json\/wp\/v2\/media?parent=994"}],"curies":[{"name":"wp","href":"https:\/\/api.w.org\/{rel}","templated":true}]}}

Fabricació Mecànica

<p><img loading="lazy" decoding="async" class="alignleft" src="http://esteveterradas.cat/images/stories/departamentsFP/fabricacioMecanica/fabMech02.JPG" alt="Departament de Fabricació Mecànica" width="292" height="219" />El departament de Fabricació Mecànica de l&#8217;Institut Esteve Terradas és referent a Catalunya dintre del sector, ja que molts professionals en actiu han estat cantera nostra, i sobre tot per l&#8217;estreta relació i col•laboració amb el sector empresarial.</p>
<p>Impartim els Cicles Formatius de Grau Superior en Programació de la producció en Fabricació Mecànica, de Grau Mig de Mecanització. El perfil del primer és d&#8217;un treballador especialitzat amb capacitats relacionades amb la programació CNC, CAM, disseny industrial, metrologia i gestió d&#8217;equips entre d&#8217;altres. Els alumnes de Mecanització és d&#8217;un operari màquina convencional o CNC que es pot integrar ràpidament al sector productiu.</p>
<p>Per a més informació contacteu amb el cap de departament Oscar Hernando: <span style="color: #0000ff;">ohernan3@xtec.cat </span></p>
<p><img decoding="async" class="cke-resize cke-resize cke-resize cke-resize cke-resize" src="http://esteveterradas.cat/images/stories/departamentsFP/fabricacioMecanica/ins.gif" alt="98% d'inserció laboral" /></p>
<p><iframe loading="lazy" src="https://www.youtube-nocookie.com/embed/WArXQuLqv4k?rel=0" width="560" height="315" frameborder="0" data-mce-fragment="1"></iframe></p>
<div id="ckimgrsz">
<div class="preview"></div>
</div>

<p>El departament de Fabricació Mecànica de l&#8217;Institut Esteve Terradas és referent a Catalunya dintre del sector, ja que molts professionals en actiu han estat cantera nostra, i sobre tot per l&#8217;estreta relació i col•laboració amb el sector empresarial.<br />
Impartim els Cicles Formatius de Grau Superior en&hellip;  <a href="https://agora.xtec.cat/iesesteveterradas/departaments/departaments-fp/fabricacio-mecanica/" title="Read Fabricació Mecànica">Llegeix més»</a></p>
