{"id":993,"date":"2018-10-17T19:58:03","date_gmt":"2018-10-17T17:58:03","guid":{"rendered":"http:\/\/agora.xtec.cat\/iesesteveterradas\/?page_id=993"},"modified":"2025-10-23T11:26:03","modified_gmt":"2025-10-23T09:26:03","slug":"manteniment-industrial","status":"publish","type":"page","link":"https:\/\/agora.xtec.cat\/iesesteveterradas\/departaments\/departaments-fp\/manteniment-industrial\/","title":{"rendered":"Manteniment Industrial"},"content":{"rendered":"<p><strong>Manteniment Industrial<\/strong> \u00e9s una professi\u00f3 imprescindible a les empreses que volen ser competitives i per tant que tiren endavant amb els seus projectes.<\/p>\n<p>A la ind\u00fastria moderna ja fa temps que la tend\u00e8ncia de aquestes empreses \u00e9s de reduir al m\u00e0xim la m\u00e0 d\u2019obra poc qualificada implantant l\u00ednies autom\u00e0tiques que fan el treball que abans feien les persones.<\/p>\n<p>Per\u00f2 a canvi es necessiten treballadors especialitzats que s\u00e0piguen fer anar aquesta maquin\u00e0ria i per <span style=\"font-weight: 400;\">descomptat<\/span> tamb\u00e9 s\u2019han de mantenir i reparar.<\/p>\n<p>Podr\u00e0s treballar a empreses que es dediquin a fer productes de qualsevol tipus: Sector autom\u00f2bil, alimentari, qu\u00edmic, farmac\u00e8utic, sider\u00fargia, serveis, aigua, transports&#8230;<\/p>\n<p>A manteniment industrial et mostrarem com convertir-te en un professional polivalent, molt demanat per les empreses, molt b\u00e9 considerat, amb retribucions importants i a m\u00e9s obtindr\u00e0s una de les professions m\u00e9s atractives per la seva varietat en el dia a dia.<\/p>\n<p>A l\u2019 institut disposem de sis tallers on podr\u00e0s aprendre entre altres coses:<\/p>\n<ul>\n<li>Mec\u00e0nica i m\u00e0quina eina<\/li>\n<li>Electricitat<\/li>\n<li>Electr\u00f2nica<\/li>\n<li>Dibuix<\/li>\n<li>Automatitzaci\u00f3<\/li>\n<li>Rob\u00f2tica<\/li>\n<li>Pneum\u00e0tica<\/li>\n<li>Hidr\u00e0ulica<\/li>\n<li>Manteniment correctiu, preventiu i predictiu<\/li>\n<\/ul>\n<p><a href=\"https:\/\/agora.xtec.cat\/iesesteveterradas\/wp-content\/uploads\/usu855\/mant-ind_mant-electromecanic.pdf\"><img loading=\"lazy\" decoding=\"async\" class=\"alignnone size-medium wp-image-14828\" src=\"https:\/\/agora.xtec.cat\/iesesteveterradas\/wp-content\/uploads\/usu855\/GM_M-eletromecanic-213x300.jpg\" alt=\"\" width=\"213\" height=\"300\" srcset=\"https:\/\/agora.xtec.cat\/iesesteveterradas\/wp-content\/uploads\/usu855\/GM_M-eletromecanic-213x300.jpg 213w, https:\/\/agora.xtec.cat\/iesesteveterradas\/wp-content\/uploads\/usu855\/GM_M-eletromecanic.jpg 535w\" sizes=\"auto, (max-width: 213px) 100vw, 213px\" \/><\/a> <a href=\"https:\/\/agora.xtec.cat\/iesesteveterradas\/wp-content\/uploads\/usu855\/mant-ind_mecatronica-indust-2.pdf\"><img loading=\"lazy\" decoding=\"async\" class=\"alignnone size-medium wp-image-14887\" src=\"https:\/\/agora.xtec.cat\/iesesteveterradas\/wp-content\/uploads\/usu855\/GS_Mecatronica-212x300.jpg\" alt=\"\" width=\"212\" height=\"300\" srcset=\"https:\/\/agora.xtec.cat\/iesesteveterradas\/wp-content\/uploads\/usu855\/GS_Mecatronica-212x300.jpg 212w, https:\/\/agora.xtec.cat\/iesesteveterradas\/wp-content\/uploads\/usu855\/GS_Mecatronica.jpg 536w\" sizes=\"auto, (max-width: 212px) 100vw, 212px\" \/><\/a>\u00a0 <a href=\"https:\/\/agora.xtec.cat\/iesesteveterradas\/wp-content\/uploads\/usu855\/curs-esp_digitalitzacio-mant-indust.pdf\"><img loading=\"lazy\" decoding=\"async\" class=\"alignnone size-medium wp-image-14826\" src=\"https:\/\/agora.xtec.cat\/iesesteveterradas\/wp-content\/uploads\/usu855\/C_DIGI-213x300.jpg\" alt=\"\" width=\"213\" height=\"300\" srcset=\"https:\/\/agora.xtec.cat\/iesesteveterradas\/wp-content\/uploads\/usu855\/C_DIGI-213x300.jpg 213w, https:\/\/agora.xtec.cat\/iesesteveterradas\/wp-content\/uploads\/usu855\/C_DIGI.jpg 545w\" sizes=\"auto, (max-width: 213px) 100vw, 213px\" \/><\/a><\/p>\n<p>Per a m\u00e9s informaci\u00f3 contacteu amb el cap de departament: M\u00f3nica Guti\u00e9rrez,<a href=\"mailto:mguti36@iesesteveterradas.cat\"> mguti36@iesesteveterradas.cat<\/a><\/p>\n","protected":false},"excerpt":{"rendered":"<p>Manteniment Industrial \u00e9s una professi\u00f3 imprescindible a les empreses que volen ser competitives i per tant que tiren endavant amb els seus projectes.<br \/>\nA la ind\u00fastria moderna ja fa temps que la tend\u00e8ncia de aquestes empreses \u00e9s de reduir al m\u00e0xim la m\u00e0 d\u2019obra poc qualificada&hellip;  <a href=\"https:\/\/agora.xtec.cat\/iesesteveterradas\/departaments\/departaments-fp\/manteniment-industrial\/\" title=\"Read Manteniment Industrial\">Llegeix m\u00e9s\u00bb<\/a><\/p>\n","protected":false},"author":1,"featured_media":0,"parent":18640,"menu_order":5,"comment_status":"closed","ping_status":"closed","template":"page-templates\/side-menu.php","meta":{"_bbp_topic_count":0,"_bbp_reply_count":0,"_bbp_total_topic_count":0,"_bbp_total_reply_count":0,"_bbp_voice_count":0,"_bbp_anonymous_reply_count":0,"_bbp_topic_count_hidden":0,"_bbp_reply_count_hidden":0,"_bbp_forum_subforum_count":0,"footnotes":""},"class_list":["post-993","page","type-page","status-publish","hentry"],"post_mailing_queue_ids":[],"_links":{"self":[{"href":"https:\/\/agora.xtec.cat\/iesesteveterradas\/wp-json\/wp\/v2\/pages\/993","targetHints":{"allow":["GET"]}}],"collection":[{"href":"https:\/\/agora.xtec.cat\/iesesteveterradas\/wp-json\/wp\/v2\/pages"}],"about":[{"href":"https:\/\/agora.xtec.cat\/iesesteveterradas\/wp-json\/wp\/v2\/types\/page"}],"author":[{"embeddable":true,"href":"https:\/\/agora.xtec.cat\/iesesteveterradas\/wp-json\/wp\/v2\/users\/1"}],"replies":[{"embeddable":true,"href":"https:\/\/agora.xtec.cat\/iesesteveterradas\/wp-json\/wp\/v2\/comments?post=993"}],"version-history":[{"count":6,"href":"https:\/\/agora.xtec.cat\/iesesteveterradas\/wp-json\/wp\/v2\/pages\/993\/revisions"}],"predecessor-version":[{"id":14889,"href":"https:\/\/agora.xtec.cat\/iesesteveterradas\/wp-json\/wp\/v2\/pages\/993\/revisions\/14889"}],"up":[{"embeddable":true,"href":"https:\/\/agora.xtec.cat\/iesesteveterradas\/wp-json\/wp\/v2\/pages\/18640"}],"wp:attachment":[{"href":"https:\/\/agora.xtec.cat\/iesesteveterradas\/wp-json\/wp\/v2\/media?parent=993"}],"curies":[{"name":"wp","href":"https:\/\/api.w.org\/{rel}","templated":true}]}}