{"id":8939,"date":"2021-03-18T09:30:16","date_gmt":"2021-03-18T08:30:16","guid":{"rendered":"http:\/\/agora.xtec.cat\/iesesteveterradas\/?page_id=8939"},"modified":"2025-10-17T09:09:40","modified_gmt":"2025-10-17T07:09:40","slug":"dynamic","status":"publish","type":"page","link":"https:\/\/agora.xtec.cat\/iesesteveterradas\/projectes-2\/dynamic\/","title":{"rendered":"Dynamic"},"content":{"rendered":"<p><img loading=\"lazy\" decoding=\"async\" class=\"size-full wp-image-8075 alignleft\" src=\"https:\/\/agora.xtec.cat\/iesesteveterradas\/wp-content\/uploads\/usu855\/LogoDynamic.jpg\" alt=\"\" width=\"425\" height=\"379\" srcset=\"https:\/\/agora.xtec.cat\/iesesteveterradas\/wp-content\/uploads\/usu855\/LogoDynamic.jpg 425w, https:\/\/agora.xtec.cat\/iesesteveterradas\/wp-content\/uploads\/usu855\/LogoDynamic-300x268.jpg 300w\" sizes=\"auto, (max-width: 425px) 100vw, 425px\" \/> El 2020 finalitza amb una molt bona not\u00edcia: ha nascut Dynamic, la beguda refrescant oficial de @iesteveterradas fruit del treball de les fam\u00edlies professionals de la formaci\u00f3 professional del nostre centre educatiu.<\/p>\n<p>Pensada i dissenyada a les aules del nostre institut, i fabricada a Sant Vicen\u00e7 dels Horts, aquesta beguda pret\u00e9n ser un punt d\u2019uni\u00f3 entre les diferents branques d\u2019FP de l\u2019Esteve ja que fins a 5 Cicles Formatius de Grau Superior, amb 70 estudiants, han participat directament en el projecte amb el vistiplau de la xarxa ActivaFP de la Generalitat de Catalunya.<\/p>\n<p>Amb un disseny transgressor i disruptiu, amb la uni\u00f3 del concepte Dynamic (<em><span title=\"Transliteraci\u00f3n de \u03b4\u03cd\u03bd\u03b1\u03bc\u03b9\u03c2 al alfabeto latino\">dynamis<\/span><\/em>\u00a0\u2013 for\u00e7a en grec) i el D\u00e9u dels D\u00e9us Zeus aquesta innovadora col.laboraci\u00f3 interCircles tot just inicia el seu cam\u00ed.<\/p>\n<p>L\u2019Esteve Terradas i Illa esdev\u00e9 el primer Institut d\u2019Espanya en tenir una beguda oficial; som \u00fanics. A la venda a principis del #2021<\/p>\n<p><img loading=\"lazy\" decoding=\"async\" class=\"alignnone  wp-image-8170\" src=\"https:\/\/agora.xtec.cat\/iesesteveterradas\/wp-content\/uploads\/usu855\/dynamic-945x1024.jpg\" alt=\"\" width=\"625\" height=\"677\" srcset=\"https:\/\/agora.xtec.cat\/iesesteveterradas\/wp-content\/uploads\/usu855\/dynamic-945x1024.jpg 945w, https:\/\/agora.xtec.cat\/iesesteveterradas\/wp-content\/uploads\/usu855\/dynamic-277x300.jpg 277w, https:\/\/agora.xtec.cat\/iesesteveterradas\/wp-content\/uploads\/usu855\/dynamic-768x833.jpg 768w, https:\/\/agora.xtec.cat\/iesesteveterradas\/wp-content\/uploads\/usu855\/dynamic.jpg 1200w\" sizes=\"auto, (max-width: 625px) 100vw, 625px\" \/><\/p>\n","protected":false},"excerpt":{"rendered":"<p> El 2020 finalitza amb una molt bona not\u00edcia: ha nascut Dynamic, la beguda refrescant oficial de @iesteveterradas fruit del treball de les fam\u00edlies professionals de la formaci\u00f3 professional del nostre centre educatiu.<br \/>\nPensada i dissenyada a les aules del nostre institut, i fabricada a Sant&hellip;  <a href=\"https:\/\/agora.xtec.cat\/iesesteveterradas\/projectes-2\/dynamic\/\" title=\"Read Dynamic\">Llegeix m\u00e9s\u00bb<\/a><\/p>\n","protected":false},"author":6,"featured_media":0,"parent":8626,"menu_order":0,"comment_status":"closed","ping_status":"closed","template":"page-templates\/side-menu.php","meta":{"_bbp_topic_count":0,"_bbp_reply_count":0,"_bbp_total_topic_count":0,"_bbp_total_reply_count":0,"_bbp_voice_count":0,"_bbp_anonymous_reply_count":0,"_bbp_topic_count_hidden":0,"_bbp_reply_count_hidden":0,"_bbp_forum_subforum_count":0,"footnotes":""},"class_list":["post-8939","page","type-page","status-publish","hentry"],"post_mailing_queue_ids":[],"_links":{"self":[{"href":"https:\/\/agora.xtec.cat\/iesesteveterradas\/wp-json\/wp\/v2\/pages\/8939","targetHints":{"allow":["GET"]}}],"collection":[{"href":"https:\/\/agora.xtec.cat\/iesesteveterradas\/wp-json\/wp\/v2\/pages"}],"about":[{"href":"https:\/\/agora.xtec.cat\/iesesteveterradas\/wp-json\/wp\/v2\/types\/page"}],"author":[{"embeddable":true,"href":"https:\/\/agora.xtec.cat\/iesesteveterradas\/wp-json\/wp\/v2\/users\/6"}],"replies":[{"embeddable":true,"href":"https:\/\/agora.xtec.cat\/iesesteveterradas\/wp-json\/wp\/v2\/comments?post=8939"}],"version-history":[{"count":2,"href":"https:\/\/agora.xtec.cat\/iesesteveterradas\/wp-json\/wp\/v2\/pages\/8939\/revisions"}],"predecessor-version":[{"id":18594,"href":"https:\/\/agora.xtec.cat\/iesesteveterradas\/wp-json\/wp\/v2\/pages\/8939\/revisions\/18594"}],"up":[{"embeddable":true,"href":"https:\/\/agora.xtec.cat\/iesesteveterradas\/wp-json\/wp\/v2\/pages\/8626"}],"wp:attachment":[{"href":"https:\/\/agora.xtec.cat\/iesesteveterradas\/wp-json\/wp\/v2\/media?parent=8939"}],"curies":[{"name":"wp","href":"https:\/\/api.w.org\/{rel}","templated":true}]}}