{"id":8879,"date":"2021-03-16T11:52:02","date_gmt":"2021-03-16T10:52:02","guid":{"rendered":"http:\/\/agora.xtec.cat\/iesesteveterradas\/?page_id=8879"},"modified":"2026-04-14T13:40:11","modified_gmt":"2026-04-14T11:40:11","slug":"curs-especialitzacio-fp","status":"publish","type":"page","link":"https:\/\/agora.xtec.cat\/iesesteveterradas\/secretaria\/preinscripcio\/curs-especialitzacio-fp\/","title":{"rendered":"Cursos d&#8217;especialitzaci\u00f3 FP"},"content":{"rendered":"<ul>\n<li>Llistat d\u2019alumnat adm\u00e8s (Inform\u00e0tica)<\/li>\n<li>Llistat d&#8217;alumnat adm\u00e8s (Manteniment)<\/li>\n<li>Llistat amb barem resoltes les reclamacions (Inform\u00e0tica)<\/li>\n<li>Llistat amb barem resoltes les reclamacions (Manteniment)<\/li>\n<li>Llistat amb barem provisional (Inform\u00e0tica)<\/li>\n<li>Llistat amb barem provisional (Manteniment)<\/li>\n<li>Oferta inicial<\/li>\n<li>Sol\u00b7licitud de preinscripci\u00f3 (Inform\u00e0tica)<\/li>\n<li>Sol\u00b7licitud de preinscripci\u00f3 (Manteniment)<\/li>\n<\/ul>\n<h3><strong>Informaci\u00f3 general<\/strong><\/h3>\n<div class=\"basic_text_peq col-xs-12\">\n<div class=\"pd-15x\">\n<p style=\"text-align: justify;\">Per accedir a un curs d&#8217;especialitzaci\u00f3 de formaci\u00f3 professional cal formalitzar la sol\u00b7licitud de preinscripci\u00f3. Nom\u00e9s es pot presentar una sol\u00b7licitud per persona.<\/p>\n<p style=\"text-align: justify;\">La <strong>sol\u00b7licitud<\/strong> es presenta al centre demanat, junt amb la <strong>documentaci\u00f3 acreditativa<\/strong> <strong>(DNI\/ NIE \/ Passaport i certificat de nota mitjana)<\/strong>. No s&#8217;admeten sol\u00b7licituds fora de termini. La falsedat o frau en les dades al\u00b7legades o la presentaci\u00f3 de m\u00e9s d&#8217;una sol\u00b7licitud de preinscripci\u00f3 comporten la invalidaci\u00f3 dels drets de prioritat que puguin correspondre.<\/p>\n<h3><strong>Calendari 2026-2027\u00a0 <a href=\"https:\/\/agora.xtec.cat\/iesesteveterradas\/wp-content\/uploads\/usu855\/CALENDARI-CE-2026-2027.pdf\" target=\"_blank\" rel=\"noopener\"><img loading=\"lazy\" decoding=\"async\" class=\"size-full wp-image-19444 alignright\" src=\"https:\/\/agora.xtec.cat\/iesesteveterradas\/wp-content\/uploads\/usu855\/S_Calendari_petit-e1776166369494.png\" alt=\"\" width=\"70\" height=\"72\" \/><\/a><br \/>\n<\/strong><\/h3>\n<p><strong>Preinscripci\u00f3<\/strong><\/p>\n<ul>\n<li>Oferta inicial:\u00a0<strong> 10 de juny de 2026<\/strong><\/li>\n<li>Presentaci\u00f3 de sol\u00b7licituds (presencial): <strong>del 25 de juny al 3 de juliol de 2026<br \/>\n<\/strong><\/li>\n<li>Publicaci\u00f3 de les llistes amb barem provisional: <strong>6 de juliol de 2025<\/strong><\/li>\n<li>Sorteig del n\u00famero de desempat: <strong>a les 13 hores del 6 de juliol de 2026 a la secretaria del centre<\/strong><strong><br \/>\n<\/strong><\/li>\n<li>Per\u00edode de reclamacions: <strong>del 6 al 10 de juliol de 2026<\/strong><\/li>\n<li>Publicaci\u00f3 de les llistes amb barem definitiu un cop resoltes les reclamacions: <strong>a partir de les 14 hores del 13 de juliol de 2026<br \/>\n<\/strong><\/li>\n<li>Publicaci\u00f3 llista d\u2019alumnat adm\u00e8s: <strong>14 de juliol de 2026<br \/>\n<\/strong><\/li>\n<\/ul>\n<p><strong>Matr\u00edcula<\/strong><\/p>\n<ul>\n<li>Per\u00edode de matr\u00edcula: <strong>del 14 al 21 de juliol de 2026<\/strong><\/li>\n<\/ul>\n<h3><strong>Oferta cursos d&#8217;especialitzaci\u00f3<\/strong><\/h3>\n<h3 class=\"subtitle\"><strong><span style=\"text-decoration: underline;\">Ciberseguretat en entorns de les tecnologies de la informaci\u00f3<\/span><\/strong><\/h3>\n<ul>\n<li>Ensenyament: <strong>Formaci\u00f3 professional<\/strong><\/li>\n<li>Grau: <strong>Curs d&#8217;especialitzaci\u00f3<\/strong><\/li>\n<li>Titulaci\u00f3: <strong>M\u00e0ster<\/strong><\/li>\n<li>Sistema: <strong>LOE<\/strong><\/li>\n<li>Fam\u00edlia professional: <strong>Inform\u00e0tica i comunicacions<\/strong><\/li>\n<li>Codi:\u00a0<strong>EFPS IC01<\/strong><\/li>\n<li>Duraci\u00f3: <strong>720 hores<\/strong><\/li>\n<li>Horari: <strong>de 15:15 a 19:15 hores<\/strong><\/li>\n<\/ul>\n<p>El requisit per accedir a aquest curs d&#8217;especialitzaci\u00f3 \u00e9s estar en possessi\u00f3 d&#8217;algun dels seg\u00fcents t\u00edtols acad\u00e8mics:<\/p>\n<ul>\n<li>CFPS Administraci\u00f3 de sistemes inform\u00e0tics en xarxa &#8211; ICA0<\/li>\n<li>CFPS Desenvolupament d\u2019aplicacions multiplataforma &#8211; ICB0<\/li>\n<li>CFPS Desenvolupament d\u2019aplicacions web &#8211; ICC0<\/li>\n<li>CFPS Sistemes de telecomunicacions i inform\u00e0tics &#8211; EED0<\/li>\n<li>CFPS Manteniment electr\u00f2nic &#8211; EEC0<\/li>\n<\/ul>\n<h3 class=\"subtitle\"><strong><span style=\"text-decoration: underline;\">Fabricaci\u00f3 additiva<\/span><\/strong><\/h3>\n<ul>\n<li>Ensenyament: <strong>Formaci\u00f3 professional<\/strong><\/li>\n<li>Grau: <strong>Curs d&#8217;especialitzaci\u00f3<\/strong><\/li>\n<li>Titulaci\u00f3: <strong>M\u00e0ster<\/strong><\/li>\n<li>Sistema: <strong>LOE<\/strong><\/li>\n<li>Fam\u00edlia professional: <strong>Fabricaci\u00f3 mec\u00e0nica<\/strong><\/li>\n<li>Codi: <strong>EFPS FM01<\/strong><\/li>\n<li>Duraci\u00f3: <strong>600 hores<\/strong><\/li>\n<li>Horari: <strong>de 15:15 a 19:15 hores<\/strong><\/li>\n<\/ul>\n<p>El requisit per accedir a aquest curs d&#8217;especialitzaci\u00f3 \u00e9s estar en possessi\u00f3 d&#8217;algun dels seg\u00fcents t\u00edtols acad\u00e8mics:<\/p>\n<ul>\n<li>CFGS Audiologia prot\u00e8tica &#8211; SAG0<\/li>\n<li>CFPS Programaci\u00f3 de la producci\u00f3 en fabricaci\u00f3 mec\u00e0nica &#8211; CFPS FMB0<\/li>\n<li>CFGS Construccions met\u00e0l\u00b7liques &#8211; CFPS FMA0<\/li>\n<li>CFGS Patronatge i moda &#8211; CFPS TXE0<\/li>\n<li>CFGS Automoci\u00f3 &#8211; CFPS TMA0<\/li>\n<li>CFPS Disseny en fabricaci\u00f3 mec\u00e0nica &#8211; CFPS FMC0<\/li>\n<li>CFGS Direcci\u00f3 de cuina &#8211; CFPS HTD0<\/li>\n<li>CFGS Disseny i producci\u00f3 de cal\u00e7at i complements &#8211; CFPS TXG0<\/li>\n<li>CFGS Projectes d&#8217;edificaci\u00f3 &#8211; CFPS EOB0<\/li>\n<li>CFGS Energies renovables &#8211; CFPS EAC0<\/li>\n<li>CFGS Projectes d&#8217;obra civil &#8211; CFPS EOA0<\/li>\n<li>CFGS Programaci\u00f3 de la producci\u00f3 en l&#8217;emmotllament de metalls i pol\u00edmers &#8211; CFPS FMD0<\/li>\n<li>CFGS Disseny i moblament &#8211; CFPS FSA0<\/li>\n<li>CFGS Disseny t\u00e8cnic en t\u00e8xtil i pell &#8211; CFPS TXA0<\/li>\n<li>CFPS Automatitzaci\u00f3 i rob\u00f2tica industrial &#8211; CFPS EEB0<\/li>\n<li>CFGS Animacions 3D, jocs i entorns interactius &#8211; CFPS ISE0<\/li>\n<li>CFGS Vestuari a mida i d&#8217;espectacles &#8211; CFPS TXB0<\/li>\n<li>CFGS Caracteritzaci\u00f3 i maquillatge professional &#8211; CFPS IPD0<\/li>\n<li>CFGS Ortopr\u00f2tesi i productes de suport &#8211; CFPS SAB0<\/li>\n<li>CFGS Mecatr\u00f2nica industrial &#8211; CFPS IMC0<\/li>\n<\/ul>\n<p>&nbsp;<\/p>\n<p><em>M\u00e9s informaci\u00f3 a la web del <a href=\"https:\/\/preinscripcio.gencat.cat\/ca\/estudis\/cursos-especialitzacio-fp\/inici\/\" target=\"_blank\" rel=\"noopener noreferrer\">Departament d\u2019Educaci\u00f3 i Formaci\u00f3 Professional<\/a><\/em><\/p>\n<\/div>\n<\/div>\n","protected":false},"excerpt":{"rendered":"<ul>\n<li>Llistat d\u2019alumnat adm\u00e8s (Inform\u00e0tica)<\/li>\n<li>Llistat d&#8217;alumnat adm\u00e8s (Manteniment)<\/li>\n<li>Llistat amb barem resoltes les reclamacions (Inform\u00e0tica)<\/li>\n<li>Llistat amb barem resoltes les reclamacions (Manteniment)<\/li>\n<li>Llistat amb barem provisional (Inform\u00e0tica)<\/li>\n<li>Llistat amb barem provisional (Manteniment)<\/li>\n<li>Oferta inicial<\/li>\n<li>Sol\u00b7licitud de preinscripci\u00f3 (Inform\u00e0tica)<\/li>\n<li>Sol\u00b7licitud de preinscripci\u00f3 (Manteniment)<\/li>\n<\/ul>\n<p>Informaci\u00f3 general<\/p>\n<p>Per accedir a un curs d&#8217;especialitzaci\u00f3 de formaci\u00f3 professional cal formalitzar&hellip;  <a href=\"https:\/\/agora.xtec.cat\/iesesteveterradas\/secretaria\/preinscripcio\/curs-especialitzacio-fp\/\" title=\"Read Cursos d&#8217;especialitzaci\u00f3 FP\">Llegeix m\u00e9s\u00bb<\/a><\/p>\n","protected":false},"author":6,"featured_media":0,"parent":552,"menu_order":425,"comment_status":"closed","ping_status":"closed","template":"page-templates\/side-menu.php","meta":{"_bbp_topic_count":0,"_bbp_reply_count":0,"_bbp_total_topic_count":0,"_bbp_total_reply_count":0,"_bbp_voice_count":0,"_bbp_anonymous_reply_count":0,"_bbp_topic_count_hidden":0,"_bbp_reply_count_hidden":0,"_bbp_forum_subforum_count":0,"footnotes":""},"class_list":["post-8879","page","type-page","status-publish","hentry"],"post_mailing_queue_ids":[],"_links":{"self":[{"href":"https:\/\/agora.xtec.cat\/iesesteveterradas\/wp-json\/wp\/v2\/pages\/8879","targetHints":{"allow":["GET"]}}],"collection":[{"href":"https:\/\/agora.xtec.cat\/iesesteveterradas\/wp-json\/wp\/v2\/pages"}],"about":[{"href":"https:\/\/agora.xtec.cat\/iesesteveterradas\/wp-json\/wp\/v2\/types\/page"}],"author":[{"embeddable":true,"href":"https:\/\/agora.xtec.cat\/iesesteveterradas\/wp-json\/wp\/v2\/users\/6"}],"replies":[{"embeddable":true,"href":"https:\/\/agora.xtec.cat\/iesesteveterradas\/wp-json\/wp\/v2\/comments?post=8879"}],"version-history":[{"count":7,"href":"https:\/\/agora.xtec.cat\/iesesteveterradas\/wp-json\/wp\/v2\/pages\/8879\/revisions"}],"predecessor-version":[{"id":19466,"href":"https:\/\/agora.xtec.cat\/iesesteveterradas\/wp-json\/wp\/v2\/pages\/8879\/revisions\/19466"}],"up":[{"embeddable":true,"href":"https:\/\/agora.xtec.cat\/iesesteveterradas\/wp-json\/wp\/v2\/pages\/552"}],"wp:attachment":[{"href":"https:\/\/agora.xtec.cat\/iesesteveterradas\/wp-json\/wp\/v2\/media?parent=8879"}],"curies":[{"name":"wp","href":"https:\/\/api.w.org\/{rel}","templated":true}]}}

Cursos d&#8217;especialització FP

<ul>
<li>Llistat d’alumnat admès (Informàtica)</li>
<li>Llistat d&#8217;alumnat admès (Manteniment)</li>
<li>Llistat amb barem resoltes les reclamacions (Informàtica)</li>
<li>Llistat amb barem resoltes les reclamacions (Manteniment)</li>
<li>Llistat amb barem provisional (Informàtica)</li>
<li>Llistat amb barem provisional (Manteniment)</li>
<li>Oferta inicial</li>
<li>Sol·licitud de preinscripció (Informàtica)</li>
<li>Sol·licitud de preinscripció (Manteniment)</li>
</ul>
<h3><strong>Informació general</strong></h3>
<div class="basic_text_peq col-xs-12">
<div class="pd-15x">
<p style="text-align: justify;">Per accedir a un curs d&#8217;especialització de formació professional cal formalitzar la sol·licitud de preinscripció. Només es pot presentar una sol·licitud per persona.</p>
<p style="text-align: justify;">La <strong>sol·licitud</strong> es presenta al centre demanat, junt amb la <strong>documentació acreditativa</strong> <strong>(DNI/ NIE / Passaport i certificat de nota mitjana)</strong>. No s&#8217;admeten sol·licituds fora de termini. La falsedat o frau en les dades al·legades o la presentació de més d&#8217;una sol·licitud de preinscripció comporten la invalidació dels drets de prioritat que puguin correspondre.</p>
<h3><strong>Calendari 2026-2027  <a href="https://agora.xtec.cat/iesesteveterradas/wp-content/uploads/usu855/CALENDARI-CE-2026-2027.pdf" target="_blank" rel="noopener"><img loading="lazy" decoding="async" class="size-full wp-image-19444 alignright" src="https://agora.xtec.cat/iesesteveterradas/wp-content/uploads/usu855/S_Calendari_petit-e1776166369494.png" alt="" width="70" height="72" /></a><br />
</strong></h3>
<p><strong>Preinscripció</strong></p>
<ul>
<li>Oferta inicial: <strong> 10 de juny de 2026</strong></li>
<li>Presentació de sol·licituds (presencial): <strong>del 25 de juny al 3 de juliol de 2026<br />
</strong></li>
<li>Publicació de les llistes amb barem provisional: <strong>6 de juliol de 2025</strong></li>
<li>Sorteig del número de desempat: <strong>a les 13 hores del 6 de juliol de 2026 a la secretaria del centre</strong><strong><br />
</strong></li>
<li>Període de reclamacions: <strong>del 6 al 10 de juliol de 2026</strong></li>
<li>Publicació de les llistes amb barem definitiu un cop resoltes les reclamacions: <strong>a partir de les 14 hores del 13 de juliol de 2026<br />
</strong></li>
<li>Publicació llista d’alumnat admès: <strong>14 de juliol de 2026<br />
</strong></li>
</ul>
<p><strong>Matrícula</strong></p>
<ul>
<li>Període de matrícula: <strong>del 14 al 21 de juliol de 2026</strong></li>
</ul>
<h3><strong>Oferta cursos d&#8217;especialització</strong></h3>
<h3 class="subtitle"><strong><span style="text-decoration: underline;">Ciberseguretat en entorns de les tecnologies de la informació</span></strong></h3>
<ul>
<li>Ensenyament: <strong>Formació professional</strong></li>
<li>Grau: <strong>Curs d&#8217;especialització</strong></li>
<li>Titulació: <strong>Màster</strong></li>
<li>Sistema: <strong>LOE</strong></li>
<li>Família professional: <strong>Informàtica i comunicacions</strong></li>
<li>Codi: <strong>EFPS IC01</strong></li>
<li>Duració: <strong>720 hores</strong></li>
<li>Horari: <strong>de 15:15 a 19:15 hores</strong></li>
</ul>
<p>El requisit per accedir a aquest curs d&#8217;especialització és estar en possessió d&#8217;algun dels següents títols acadèmics:</p>
<ul>
<li>CFPS Administració de sistemes informàtics en xarxa &#8211; ICA0</li>
<li>CFPS Desenvolupament d’aplicacions multiplataforma &#8211; ICB0</li>
<li>CFPS Desenvolupament d’aplicacions web &#8211; ICC0</li>
<li>CFPS Sistemes de telecomunicacions i informàtics &#8211; EED0</li>
<li>CFPS Manteniment electrònic &#8211; EEC0</li>
</ul>
<h3 class="subtitle"><strong><span style="text-decoration: underline;">Fabricació additiva</span></strong></h3>
<ul>
<li>Ensenyament: <strong>Formació professional</strong></li>
<li>Grau: <strong>Curs d&#8217;especialització</strong></li>
<li>Titulació: <strong>Màster</strong></li>
<li>Sistema: <strong>LOE</strong></li>
<li>Família professional: <strong>Fabricació mecànica</strong></li>
<li>Codi: <strong>EFPS FM01</strong></li>
<li>Duració: <strong>600 hores</strong></li>
<li>Horari: <strong>de 15:15 a 19:15 hores</strong></li>
</ul>
<p>El requisit per accedir a aquest curs d&#8217;especialització és estar en possessió d&#8217;algun dels següents títols acadèmics:</p>
<ul>
<li>CFGS Audiologia protètica &#8211; SAG0</li>
<li>CFPS Programació de la producció en fabricació mecànica &#8211; CFPS FMB0</li>
<li>CFGS Construccions metàl·liques &#8211; CFPS FMA0</li>
<li>CFGS Patronatge i moda &#8211; CFPS TXE0</li>
<li>CFGS Automoció &#8211; CFPS TMA0</li>
<li>CFPS Disseny en fabricació mecànica &#8211; CFPS FMC0</li>
<li>CFGS Direcció de cuina &#8211; CFPS HTD0</li>
<li>CFGS Disseny i producció de calçat i complements &#8211; CFPS TXG0</li>
<li>CFGS Projectes d&#8217;edificació &#8211; CFPS EOB0</li>
<li>CFGS Energies renovables &#8211; CFPS EAC0</li>
<li>CFGS Projectes d&#8217;obra civil &#8211; CFPS EOA0</li>
<li>CFGS Programació de la producció en l&#8217;emmotllament de metalls i polímers &#8211; CFPS FMD0</li>
<li>CFGS Disseny i moblament &#8211; CFPS FSA0</li>
<li>CFGS Disseny tècnic en tèxtil i pell &#8211; CFPS TXA0</li>
<li>CFPS Automatització i robòtica industrial &#8211; CFPS EEB0</li>
<li>CFGS Animacions 3D, jocs i entorns interactius &#8211; CFPS ISE0</li>
<li>CFGS Vestuari a mida i d&#8217;espectacles &#8211; CFPS TXB0</li>
<li>CFGS Caracterització i maquillatge professional &#8211; CFPS IPD0</li>
<li>CFGS Ortopròtesi i productes de suport &#8211; CFPS SAB0</li>
<li>CFGS Mecatrònica industrial &#8211; CFPS IMC0</li>
</ul>
<p>&nbsp;</p>
<p><em>Més informació a la web del <a href="https://preinscripcio.gencat.cat/ca/estudis/cursos-especialitzacio-fp/inici/" target="_blank" rel="noopener noreferrer">Departament d’Educació i Formació Professional</a></em></p>
</div>
</div>

<ul>
<li>Llistat d’alumnat admès (Informàtica)</li>
<li>Llistat d&#8217;alumnat admès (Manteniment)</li>
<li>Llistat amb barem resoltes les reclamacions (Informàtica)</li>
<li>Llistat amb barem resoltes les reclamacions (Manteniment)</li>
<li>Llistat amb barem provisional (Informàtica)</li>
<li>Llistat amb barem provisional (Manteniment)</li>
<li>Oferta inicial</li>
<li>Sol·licitud de preinscripció (Informàtica)</li>
<li>Sol·licitud de preinscripció (Manteniment)</li>
</ul>
<p>Informació general</p>
<p>Per accedir a un curs d&#8217;especialització de formació professional cal formalitzar&hellip;  <a href="https://agora.xtec.cat/iesesteveterradas/secretaria/preinscripcio/curs-especialitzacio-fp/" title="Read Cursos d&#8217;especialització FP">Llegeix més»</a></p>
