{"id":634,"date":"2018-05-21T21:42:57","date_gmt":"2018-05-21T19:42:57","guid":{"rendered":"http:\/\/agora.xtec.cat\/iesesteveterradas\/?page_id=634"},"modified":"2024-06-16T17:22:35","modified_gmt":"2024-06-16T15:22:35","slug":"servei-de-reconeixement","status":"publish","type":"page","link":"https:\/\/agora.xtec.cat\/iesesteveterradas\/serveis-2\/mesures-flexibilitzadores\/servei-de-reconeixement\/","title":{"rendered":"Servei de Reconeixement"},"content":{"rendered":"<p style=\"text-align: justify;\">El <strong>servei de Reconeixement dels aprenentatges assolits<\/strong> mitjan\u00e7ant l&#8217;experi\u00e8ncia laboral o en activitats socials, s&#8217;adre\u00e7a a les persones amb experi\u00e8ncia laboral o en activitats socials que vulguin un reconeixement acad\u00e8mic dels aprenentatges adquirits relacionats amb un determinat cicle formatiu. \u00c9s <strong>imprescindible <\/strong>disposar de <strong>l&#8217;informe del servei d&#8217;assessorament o document equivalent de convocat\u00f2ries d&#8217;acreditaci\u00f3 o validaci\u00f3 amb l&#8217;orientaci\u00f3 i\/o assessorament fet del mateix t\u00edtol o d&#8217;un t\u00edtol af\u00ed.<\/strong><\/p>\n<p>Aquest servei t\u00e9 un preu p\u00fablic de<strong> 18 \u20ac per Unitat Formativa<\/strong>.<\/p>\n<p><a href=\"https:\/\/agora.xtec.cat\/iesesteveterradas\/wp-content\/uploads\/usu855\/Calendari_2425_reconeixement_IETI-1.pdf\" target=\"_blank\" rel=\"noopener\">Calendari reconeixement<\/a><\/p>\n<p>L&#8217;Institut Esteve Terradas ofereix les seg\u00fcents places pel <strong>servei de Reconeixement <\/strong>per a les seg\u00fcents <strong>fam\u00edlies\/cicles formatius<\/strong>:<\/p>\n<ul>\n<li>Fam\u00edlia Administraci\u00f3 i gesti\u00f3:\n<ul>\n<li><a href=\"https:\/\/agora.xtec.cat\/iesesteveterradas\/wp-content\/uploads\/usu855\/Inscripcio\u0301_reconeixement_ADM_1819.pdf\">CFGM Gesti\u00f3 administrativa: 5 places<\/a><\/li>\n<li><a href=\"https:\/\/agora.xtec.cat\/iesesteveterradas\/wp-content\/uploads\/usu855\/Inscripcio\u0301_reconeixement_ADS_1819.pdf\">CFGS Administraci\u00f3 i finances: 5 places<\/a><\/li>\n<li><a href=\"https:\/\/agora.xtec.cat\/iesesteveterradas\/wp-content\/uploads\/usu855\/Inscripcio\u0301_reconeixement_DAS_1819.pdf\">CFGS Asist\u00e8ncia a la direcci\u00f3: 5 places<\/a><\/li>\n<\/ul>\n<\/li>\n<li>Fam\u00edlia Inform\u00e0tica i\u00a0Comunicacions:\n<ul>\n<li><a href=\"https:\/\/agora.xtec.cat\/iesesteveterradas\/wp-content\/uploads\/usu855\/Inscripcio\u0301_reconeixement_TIM_1819.pdf\">CFGM Sistemes microinform\u00e0tics i xarxes: 5 places<\/a><\/li>\n<li><a href=\"https:\/\/agora.xtec.cat\/iesesteveterradas\/wp-content\/uploads\/usu855\/Inscripcio\u0301_reconeixement_SIS_1819.pdf\">CFGS Administraci\u00f3 de sistemes inform\u00e0tics en xarxa: 5 places<\/a><\/li>\n<li><a href=\"https:\/\/agora.xtec.cat\/iesesteveterradas\/wp-content\/uploads\/usu855\/Inscripcio\u0301_reconeixement_AMS_1819.pdf\">CFGS Desenvolupament d&#8217;aplicacions multiplataforma: 5 places<\/a><\/li>\n<li><a href=\"https:\/\/agora.xtec.cat\/iesesteveterradas\/wp-content\/uploads\/usu855\/Inscripcio\u0301_reconeixement_AWS_1819.pdf\">CFGS Desenvolupament d&#8217;aplicacions web: 5 places<\/a><\/li>\n<\/ul>\n<\/li>\n<li>Fam\u00edlia Transport i manteniment de vehicles :\n<ul>\n<li><a href=\"https:\/\/agora.xtec.cat\/iesesteveterradas\/wp-content\/uploads\/usu855\/Inscripcio\u0301_reconeixement_AUM_1819.pdf\">CFGM Electromec\u00e0nica de vehicles autom\u00f2bils: 5 places<\/a><\/li>\n<li><a href=\"https:\/\/agora.xtec.cat\/iesesteveterradas\/wp-content\/uploads\/usu855\/Inscripcio_reconeixement_centres_Departament-Automocio.docx\">CFGS Automoci\u00f3: 5 places<\/a><\/li>\n<\/ul>\n<\/li>\n<li>Fam\u00edlia Fabricaci\u00f3 Mec\u00e0nica:\n<ul>\n<li><a href=\"https:\/\/agora.xtec.cat\/iesesteveterradas\/wp-content\/uploads\/usu855\/Inscripcio\u0301_reconeixement_MEM_1819.pdf\">CFGM Mecanitzaci\u00f3: 5 places<\/a><\/li>\n<li><a href=\"https:\/\/agora.xtec.cat\/iesesteveterradas\/wp-content\/uploads\/usu855\/Inscripcio\u0301_reconeixement_MES_1819.pdf\">CFGS Programaci\u00f3 de la producci\u00f3 en fabricaci\u00f3 mec\u00e0nica: 5 places<\/a><\/li>\n<\/ul>\n<\/li>\n<li>Fam\u00edlia Instal\u00b7laci\u00f3 i manteniment:\n<ul>\n<li><a href=\"https:\/\/agora.xtec.cat\/iesesteveterradas\/wp-content\/uploads\/usu855\/Inscripcio\u0301_reconeixement_MAM_1819.pdf\">CFGM Manteniment electromec\u00e0nic: 5 places<\/a><\/li>\n<li><a href=\"https:\/\/agora.xtec.cat\/iesesteveterradas\/wp-content\/uploads\/usu855\/Inscripcio\u0301_reconeixement_MAS_1819.pdf\">CFGS Mecatr\u00f2nica industrial: 5 places<\/a><\/li>\n<\/ul>\n<\/li>\n<li>Fam\u00edlia Energia i aigua\n<ul>\n<li><a href=\"https:\/\/agora.xtec.cat\/iesesteveterradas\/wp-content\/uploads\/usu855\/Inscripcio_reconeixement_centres_Departament-Gestio-aigua.docx\">CFGS Gesti\u00f3 de l&#8217;aigua: 5 places<\/a><\/li>\n<\/ul>\n<\/li>\n<\/ul>\n<p align=\"JUSTIFY\"><em>M\u00e9s informaci\u00f3 a la web del <a href=\"http:\/\/queestudiar.gencat.cat\/ca\/estudis\/fp\/mesures-flexib\/reconeixement-academic\/\" target=\"_blank\" rel=\"noopener noreferrer\">Departament d&#8217;Educaci\u00f3<\/a><\/em><\/p>\n<div id=\"gtx-trans\" style=\"position: absolute; left: -3px; top: 174.524px;\">\n<div class=\"gtx-trans-icon\"><\/div>\n<\/div>\n","protected":false},"excerpt":{"rendered":"<p>El servei de Reconeixement dels aprenentatges assolits mitjan\u00e7ant l&#8217;experi\u00e8ncia laboral o en activitats socials, s&#8217;adre\u00e7a a les persones amb experi\u00e8ncia laboral o en activitats socials que vulguin un reconeixement acad\u00e8mic dels aprenentatges adquirits relacionats amb un determinat cicle formatiu. \u00c9s imprescindible disposar de l&#8217;informe del&hellip;  <a href=\"https:\/\/agora.xtec.cat\/iesesteveterradas\/serveis-2\/mesures-flexibilitzadores\/servei-de-reconeixement\/\" title=\"Read Servei de Reconeixement\">Llegeix m\u00e9s\u00bb<\/a><\/p>\n","protected":false},"author":1,"featured_media":0,"parent":616,"menu_order":375,"comment_status":"closed","ping_status":"closed","template":"page-templates\/side-menu.php","meta":{"_bbp_topic_count":0,"_bbp_reply_count":0,"_bbp_total_topic_count":0,"_bbp_total_reply_count":0,"_bbp_voice_count":0,"_bbp_anonymous_reply_count":0,"_bbp_topic_count_hidden":0,"_bbp_reply_count_hidden":0,"_bbp_forum_subforum_count":0,"footnotes":""},"class_list":["post-634","page","type-page","status-publish","hentry"],"post_mailing_queue_ids":[],"_links":{"self":[{"href":"https:\/\/agora.xtec.cat\/iesesteveterradas\/wp-json\/wp\/v2\/pages\/634","targetHints":{"allow":["GET"]}}],"collection":[{"href":"https:\/\/agora.xtec.cat\/iesesteveterradas\/wp-json\/wp\/v2\/pages"}],"about":[{"href":"https:\/\/agora.xtec.cat\/iesesteveterradas\/wp-json\/wp\/v2\/types\/page"}],"author":[{"embeddable":true,"href":"https:\/\/agora.xtec.cat\/iesesteveterradas\/wp-json\/wp\/v2\/users\/1"}],"replies":[{"embeddable":true,"href":"https:\/\/agora.xtec.cat\/iesesteveterradas\/wp-json\/wp\/v2\/comments?post=634"}],"version-history":[{"count":5,"href":"https:\/\/agora.xtec.cat\/iesesteveterradas\/wp-json\/wp\/v2\/pages\/634\/revisions"}],"predecessor-version":[{"id":15639,"href":"https:\/\/agora.xtec.cat\/iesesteveterradas\/wp-json\/wp\/v2\/pages\/634\/revisions\/15639"}],"up":[{"embeddable":true,"href":"https:\/\/agora.xtec.cat\/iesesteveterradas\/wp-json\/wp\/v2\/pages\/616"}],"wp:attachment":[{"href":"https:\/\/agora.xtec.cat\/iesesteveterradas\/wp-json\/wp\/v2\/media?parent=634"}],"curies":[{"name":"wp","href":"https:\/\/api.w.org\/{rel}","templated":true}]}}