{"id":632,"date":"2018-05-21T21:42:25","date_gmt":"2018-05-21T19:42:25","guid":{"rendered":"http:\/\/agora.xtec.cat\/iesesteveterradas\/?page_id=632"},"modified":"2024-06-16T17:21:23","modified_gmt":"2024-06-16T15:21:23","slug":"servei-dassessorament","status":"publish","type":"page","link":"https:\/\/agora.xtec.cat\/iesesteveterradas\/serveis-2\/mesures-flexibilitzadores\/servei-dassessorament\/","title":{"rendered":"Servei d&#8217;Assessorament"},"content":{"rendered":"<p style=\"text-align: justify;\">El servei d&#8217;Assessorament \u00e9s un servei que:<\/p>\n<ul>\n<li style=\"text-align: justify;\">presta el centre educatiu, a sol\u00b7licitud de la persona interessada, de forma personalitzada, que consisteix en la identificaci\u00f3 i l\u2019an\u00e0lisi detallat de les capacitats i expectatives professionals, i la identificaci\u00f3 i valoraci\u00f3 de les ofertes formatives amb les seves variants, i que conclou amb l\u2019elaboraci\u00f3 i lliurament de l\u2019informe d\u2019assessorament.<\/li>\n<li style=\"text-align: justify;\">i \u00e9s requisit previ per participar al <strong>Reconeixement acad\u00e8mic<\/strong> dels aprenentatges assolits mitjan\u00e7ant l\u2019experi\u00e8ncia laboral o en activitats socials.<\/li>\n<li><a href=\"https:\/\/agora.xtec.cat\/iesesteveterradas\/wp-content\/uploads\/usu855\/Calendari-curs-2425_assessorament_IETI.pdf\" target=\"_blank\" rel=\"noopener\">Calendari assessorament<\/a><\/li>\n<\/ul>\n<p>Destinataris:<\/p>\n<p>S&#8217;adre\u00e7a a les persones adultes interessades a obtenir una diagnosi de les seves possibilitats formatives i de promoci\u00f3 professional i a con\u00e8ixer l&#8217;itinerari formatiu professional m\u00e9s adequat per aconseguir l&#8217;objectiu de qualificaci\u00f3 proposat.<\/p>\n<p>L&#8217;informe d&#8217;assessorament, que emet el servei d&#8217;assessorament en la formaci\u00f3 professional del sistema educatiu, \u00e9s un requisit previ per inscriure&#8217;s en el procediment de reconeixement acad\u00e8mic dels aprenentatges assolits mitjan\u00e7ant l&#8217;experi\u00e8ncia laboral o en activitats socials.<\/p>\n<p>Aquest servei t\u00e9 un preu p\u00fablic de<strong> 60 \u20ac<\/strong>.<\/p>\n<p style=\"text-align: justify;\">L&#8217;Institut Esteve Terradas ofereix de cada cicle formatiu 5 places pel <strong>servei d&#8217;Assessorament<\/strong> de les seg\u00fcents <strong>fam\u00edlies\/cicles formatius<\/strong>:<\/p>\n<ul>\n<li>Fam\u00edlia Administraci\u00f3 i gesti\u00f3: CFGM Gesti\u00f3 administrativa, CFGS Administraci\u00f3 i finances i CFGS d&#8217;Assist\u00e8ncia a la direcci\u00f3.<\/li>\n<li>Fam\u00edlia Inform\u00e0tica i\u00a0Comunicacions: CFGM Sistemes microinform\u00e0tics i xarxes, CFGS Administraci\u00f3 de sistemes Inform\u00e0tics en xarxa, CFGS Desenvolupament d&#8217;aplicacions multiplataforma i CFGS Desenvolupament d&#8217;aplicacions web.<\/li>\n<li>Fam\u00edlia Transport i manteniment de vehicles: CFGM Electromec\u00e0nica de vehicles autom\u00f2bils i CFGS Automoci\u00f3.<\/li>\n<li>Fam\u00edlia Fabricaci\u00f3 mec\u00e0nica: CFGM Mecanitzaci\u00f3 i CFGS Programaci\u00f3 de la producci\u00f3 en fabricaci\u00f3 mec\u00e0nica.<\/li>\n<li>Fam\u00edlia Instal\u00b7laci\u00f3 i manteniment: CFGM Manteniment electromec\u00e0nic i CFGS Mecatr\u00f2nica industrial.<\/li>\n<li>Fam\u00edlia d&#8217;Energia i Aigua: CFGS de Gesti\u00f3 de l&#8217;Aigua.<\/li>\n<\/ul>\n<p align=\"JUSTIFY\"><em>M\u00e9s informaci\u00f3 a la web del <a href=\"http:\/\/queestudiar.gencat.cat\/ca\/estudis\/fp\/mesures-flexib\/assessorament\/\" target=\"_blank\" rel=\"noopener noreferrer\">Departament d&#8217;Educaci\u00f3<\/a><\/em><\/p>\n<div id=\"gtx-trans\" style=\"position: absolute; left: 17px; top: 154.524px;\">\n<div class=\"gtx-trans-icon\"><\/div>\n<\/div>\n","protected":false},"excerpt":{"rendered":"<p>El servei d&#8217;Assessorament \u00e9s un servei que:<\/p>\n<ul>\n<li style=\"text-align: justify;\">presta el centre educatiu, a sol\u00b7licitud de la persona interessada, de forma personalitzada, que consisteix en la identificaci\u00f3 i l\u2019an\u00e0lisi detallat de les capacitats i expectatives professionals, i la identificaci\u00f3 i valoraci\u00f3 de les ofertes formatives amb&hellip;  <a href=\"https:\/\/agora.xtec.cat\/iesesteveterradas\/serveis-2\/mesures-flexibilitzadores\/servei-dassessorament\/\" title=\"Read Servei d&#8217;Assessorament\">Llegeix m\u00e9s\u00bb<\/a><br \/>\n","protected":false},"author":1,"featured_media":0,"parent":616,"menu_order":371,"comment_status":"closed","ping_status":"closed","template":"page-templates\/side-menu.php","meta":{"_bbp_topic_count":0,"_bbp_reply_count":0,"_bbp_total_topic_count":0,"_bbp_total_reply_count":0,"_bbp_voice_count":0,"_bbp_anonymous_reply_count":0,"_bbp_topic_count_hidden":0,"_bbp_reply_count_hidden":0,"_bbp_forum_subforum_count":0,"footnotes":""},"class_list":["post-632","page","type-page","status-publish","hentry"],"post_mailing_queue_ids":[],"_links":{"self":[{"href":"https:\/\/agora.xtec.cat\/iesesteveterradas\/wp-json\/wp\/v2\/pages\/632","targetHints":{"allow":["GET"]}}],"collection":[{"href":"https:\/\/agora.xtec.cat\/iesesteveterradas\/wp-json\/wp\/v2\/pages"}],"about":[{"href":"https:\/\/agora.xtec.cat\/iesesteveterradas\/wp-json\/wp\/v2\/types\/page"}],"author":[{"embeddable":true,"href":"https:\/\/agora.xtec.cat\/iesesteveterradas\/wp-json\/wp\/v2\/users\/1"}],"replies":[{"embeddable":true,"href":"https:\/\/agora.xtec.cat\/iesesteveterradas\/wp-json\/wp\/v2\/comments?post=632"}],"version-history":[{"count":6,"href":"https:\/\/agora.xtec.cat\/iesesteveterradas\/wp-json\/wp\/v2\/pages\/632\/revisions"}],"predecessor-version":[{"id":15638,"href":"https:\/\/agora.xtec.cat\/iesesteveterradas\/wp-json\/wp\/v2\/pages\/632\/revisions\/15638"}],"up":[{"embeddable":true,"href":"https:\/\/agora.xtec.cat\/iesesteveterradas\/wp-json\/wp\/v2\/pages\/616"}],"wp:attachment":[{"href":"https:\/\/agora.xtec.cat\/iesesteveterradas\/wp-json\/wp\/v2\/media?parent=632"}],"curies":[{"name":"wp","href":"https:\/\/api.w.org\/{rel}","templated":true}]}}

<p style="text-align: justify;">El servei d&#8217;Assessorament és un servei que:</p>
<ul>
<li style="text-align: justify;">presta el centre educatiu, a sol·licitud de la persona interessada, de forma personalitzada, que consisteix en la identificació i l’anàlisi detallat de les capacitats i expectatives professionals, i la identificació i valoració de les ofertes formatives amb les seves variants, i que conclou amb l’elaboració i lliurament de l’informe d’assessorament.</li>
<li style="text-align: justify;">i és requisit previ per participar al <strong>Reconeixement acadèmic</strong> dels aprenentatges assolits mitjançant l’experiència laboral o en activitats socials.</li>
<li><a href="https://agora.xtec.cat/iesesteveterradas/wp-content/uploads/usu855/Calendari-curs-2425_assessorament_IETI.pdf" target="_blank" rel="noopener">Calendari assessorament</a></li>
</ul>
<p>Destinataris:</p>
<p>S&#8217;adreça a les persones adultes interessades a obtenir una diagnosi de les seves possibilitats formatives i de promoció professional i a conèixer l&#8217;itinerari formatiu professional més adequat per aconseguir l&#8217;objectiu de qualificació proposat.</p>
<p>L&#8217;informe d&#8217;assessorament, que emet el servei d&#8217;assessorament en la formació professional del sistema educatiu, és un requisit previ per inscriure&#8217;s en el procediment de reconeixement acadèmic dels aprenentatges assolits mitjançant l&#8217;experiència laboral o en activitats socials.</p>
<p>Aquest servei té un preu públic de<strong> 60 €</strong>.</p>
<p style="text-align: justify;">L&#8217;Institut Esteve Terradas ofereix de cada cicle formatiu 5 places pel <strong>servei d&#8217;Assessorament</strong> de les següents <strong>famílies/cicles formatius</strong>:</p>
<ul>
<li>Família Administració i gestió: CFGM Gestió administrativa, CFGS Administració i finances i CFGS d&#8217;Assistència a la direcció.</li>
<li>Família Informàtica i Comunicacions: CFGM Sistemes microinformàtics i xarxes, CFGS Administració de sistemes Informàtics en xarxa, CFGS Desenvolupament d&#8217;aplicacions multiplataforma i CFGS Desenvolupament d&#8217;aplicacions web.</li>
<li>Família Transport i manteniment de vehicles: CFGM Electromecànica de vehicles automòbils i CFGS Automoció.</li>
<li>Família Fabricació mecànica: CFGM Mecanització i CFGS Programació de la producció en fabricació mecànica.</li>
<li>Família Instal·lació i manteniment: CFGM Manteniment electromecànic i CFGS Mecatrònica industrial.</li>
<li>Família d&#8217;Energia i Aigua: CFGS de Gestió de l&#8217;Aigua.</li>
</ul>
<p align="JUSTIFY"><em>Més informació a la web del <a href="http://queestudiar.gencat.cat/ca/estudis/fp/mesures-flexib/assessorament/" target="_blank" rel="noopener noreferrer">Departament d&#8217;Educació</a></em></p>
<div id="gtx-trans" style="position: absolute; left: 17px; top: 154.524px;">
<div class="gtx-trans-icon"></div>
</div>

<p>El servei d&#8217;Assessorament és un servei que:</p>
<ul>
<li style="text-align: justify;">presta el centre educatiu, a sol·licitud de la persona interessada, de forma personalitzada, que consisteix en la identificació i l’anàlisi detallat de les capacitats i expectatives professionals, i la identificació i valoració de les ofertes formatives amb&hellip;  <a href="https://agora.xtec.cat/iesesteveterradas/serveis-2/mesures-flexibilitzadores/servei-dassessorament/" title="Read Servei d&#8217;Assessorament">Llegeix més»</a><br />
