{"id":5938,"date":"2020-02-27T09:43:12","date_gmt":"2020-02-27T08:43:12","guid":{"rendered":"http:\/\/agora.xtec.cat\/iesesteveterradas\/?page_id=5938"},"modified":"2025-10-13T09:35:23","modified_gmt":"2025-10-13T07:35:23","slug":"servei-dassessorament-i-reconeixement-microinformatica","status":"publish","type":"page","link":"https:\/\/agora.xtec.cat\/iesesteveterradas\/serveis-2\/servei-dassessorament-i-reconeixement-microinformatica\/","title":{"rendered":"Acredita&#8217;t"},"content":{"rendered":"<div class=\"FW_sInfoCanal\">\n<h3><strong>Avaluaci\u00f3 i acreditaci\u00f3 de compet\u00e8ncies professionals<\/strong><\/h3>\n<\/div>\n<p><a href=\"https:\/\/fp.gencat.cat\/ca\/acreditacio\/em-vull-acreditar\/\" target=\"_blank\" rel=\"noopener\">Acc\u00e9s a la web de Ag\u00e8ncia P\u00fablica de Formaci\u00f3 i Qualificaci\u00f3 Professionals de Catalunya:\u00a0<\/a><a href=\"https:\/\/fp.gencat.cat\/ca\/acreditacio\/em-vull-acreditar\/\" target=\"_blank\" rel=\"noopener\">&#8220;Em vull acreditar&#8221;<\/a><\/p>\n<p>\u00c9s l\u2019oportunitat d\u2019aconseguir una acreditaci\u00f3 oficial mitjan\u00e7ant la demostraci\u00f3 d\u2019all\u00f2 que la persona usu\u00e0ria \u00e9s capa\u00e7 de fer, a partir de la seva experi\u00e8ncia professional o la seva formaci\u00f3 no reconeguda oficialment.<\/p>\n<p>La persona usu\u00e0ria ha de participar en un seguit d\u2019entrevistes que preferentment s\u00f3n virtuals, en les quals ha de demostrar compet\u00e8ncies professionals que constitueixen part d\u2019un certificat o t\u00edtol professional.<\/p>\n<p>Si la persona demostra que ha adquirit les unitats de compet\u00e8ncia, obt\u00e9 una certificaci\u00f3 oficial que permet convalidar i completar la formaci\u00f3 d\u2019un Certificat Professional o T\u00edtol de Formaci\u00f3 Professional.<\/p>\n<p>L\u2019obtenci\u00f3 d\u2019un certificat d\u2019acreditaci\u00f3 facilita el desenvolupament professional i personal millorant el curr\u00edculum i les possibilitats de trobar feina. A m\u00e9s, quan s\u2019acaba el procediment, la persona usu\u00e0ria rep una orientaci\u00f3 sobre quin itinerari formatiu pot seguir.<\/p>\n<div class=\"FW_sInfoCanal\">\n<div class=\"FW_sArticleFoto\">\n<div class=\"FW_sFlotaEsqu\">\n<hr \/>\n<\/div>\n<\/div>\n<ul>\n<li style=\"list-style-type: none;\">\n<ul>\n<li style=\"list-style-type: none;\">\n<ul>\n<li style=\"list-style-type: none;\">\n<ul>\n<li style=\"list-style-type: none;\"><\/li>\n<\/ul>\n<\/li>\n<\/ul>\n<\/li>\n<\/ul>\n<\/li>\n<\/ul>\n<\/div>\n<div class=\"FW_sInfoCanal\">\n<p><em>Per a m\u00e9s informaci\u00f3 podeu contactar amb nosaltres per mail:\u00a0<\/em> <a href=\"mailto:acreditat@iesesteveterradas.cat\">acreditat@iesesteveterradas.cat<\/a><\/p>\n<\/div>\n","protected":false},"excerpt":{"rendered":"<p>Avaluaci\u00f3 i acreditaci\u00f3 de compet\u00e8ncies professionals<\/p>\n<p><a href=\"https:\/\/fp.gencat.cat\/ca\/acreditacio\/em-vull-acreditar\/\" target=\"_blank\" rel=\"noopener\">Acc\u00e9s a la web de Ag\u00e8ncia P\u00fablica de Formaci\u00f3 i Qualificaci\u00f3 Professionals de Catalunya:\u00a0<\/a><a href=\"https:\/\/fp.gencat.cat\/ca\/acreditacio\/em-vull-acreditar\/\" target=\"_blank\" rel=\"noopener\">&#8220;Em vull acreditar&#8221;<\/a><br \/>\n\u00c9s l\u2019oportunitat d\u2019aconseguir una acreditaci\u00f3 oficial mitjan\u00e7ant la demostraci\u00f3 d\u2019all\u00f2 que la persona usu\u00e0ria \u00e9s capa\u00e7 de fer, a&hellip;  <a href=\"https:\/\/agora.xtec.cat\/iesesteveterradas\/serveis-2\/servei-dassessorament-i-reconeixement-microinformatica\/\" title=\"Read Acredita&#8217;t\">Llegeix m\u00e9s\u00bb<\/a><\/p>\n","protected":false},"author":6,"featured_media":0,"parent":8658,"menu_order":371,"comment_status":"closed","ping_status":"closed","template":"page-templates\/side-menu.php","meta":{"_bbp_topic_count":0,"_bbp_reply_count":0,"_bbp_total_topic_count":0,"_bbp_total_reply_count":0,"_bbp_voice_count":0,"_bbp_anonymous_reply_count":0,"_bbp_topic_count_hidden":0,"_bbp_reply_count_hidden":0,"_bbp_forum_subforum_count":0,"footnotes":""},"class_list":["post-5938","page","type-page","status-publish","hentry"],"post_mailing_queue_ids":[],"_links":{"self":[{"href":"https:\/\/agora.xtec.cat\/iesesteveterradas\/wp-json\/wp\/v2\/pages\/5938","targetHints":{"allow":["GET"]}}],"collection":[{"href":"https:\/\/agora.xtec.cat\/iesesteveterradas\/wp-json\/wp\/v2\/pages"}],"about":[{"href":"https:\/\/agora.xtec.cat\/iesesteveterradas\/wp-json\/wp\/v2\/types\/page"}],"author":[{"embeddable":true,"href":"https:\/\/agora.xtec.cat\/iesesteveterradas\/wp-json\/wp\/v2\/users\/6"}],"replies":[{"embeddable":true,"href":"https:\/\/agora.xtec.cat\/iesesteveterradas\/wp-json\/wp\/v2\/comments?post=5938"}],"version-history":[{"count":3,"href":"https:\/\/agora.xtec.cat\/iesesteveterradas\/wp-json\/wp\/v2\/pages\/5938\/revisions"}],"predecessor-version":[{"id":14008,"href":"https:\/\/agora.xtec.cat\/iesesteveterradas\/wp-json\/wp\/v2\/pages\/5938\/revisions\/14008"}],"up":[{"embeddable":true,"href":"https:\/\/agora.xtec.cat\/iesesteveterradas\/wp-json\/wp\/v2\/pages\/8658"}],"wp:attachment":[{"href":"https:\/\/agora.xtec.cat\/iesesteveterradas\/wp-json\/wp\/v2\/media?parent=5938"}],"curies":[{"name":"wp","href":"https:\/\/api.w.org\/{rel}","templated":true}]}}

<div class="FW_sInfoCanal">
<h3><strong>Avaluació i acreditació de competències professionals</strong></h3>
</div>
<p><a href="https://fp.gencat.cat/ca/acreditacio/em-vull-acreditar/" target="_blank" rel="noopener">Accés a la web de Agència Pública de Formació i Qualificació Professionals de Catalunya: </a><a href="https://fp.gencat.cat/ca/acreditacio/em-vull-acreditar/" target="_blank" rel="noopener">&#8220;Em vull acreditar&#8221;</a></p>
<p>És l’oportunitat d’aconseguir una acreditació oficial mitjançant la demostració d’allò que la persona usuària és capaç de fer, a partir de la seva experiència professional o la seva formació no reconeguda oficialment.</p>
<p>La persona usuària ha de participar en un seguit d’entrevistes que preferentment són virtuals, en les quals ha de demostrar competències professionals que constitueixen part d’un certificat o títol professional.</p>
<p>Si la persona demostra que ha adquirit les unitats de competència, obté una certificació oficial que permet convalidar i completar la formació d’un Certificat Professional o Títol de Formació Professional.</p>
<p>L’obtenció d’un certificat d’acreditació facilita el desenvolupament professional i personal millorant el currículum i les possibilitats de trobar feina. A més, quan s’acaba el procediment, la persona usuària rep una orientació sobre quin itinerari formatiu pot seguir.</p>
<div class="FW_sInfoCanal">
<div class="FW_sArticleFoto">
<div class="FW_sFlotaEsqu">
<hr />
</div>
</div>
<ul>
<li style="list-style-type: none;">
<ul>
<li style="list-style-type: none;">
<ul>
<li style="list-style-type: none;">
<ul>
<li style="list-style-type: none;"></li>
</ul>
</li>
</ul>
</li>
</ul>
</li>
</ul>
</div>
<div class="FW_sInfoCanal">
<p><em>Per a més informació podeu contactar amb nosaltres per mail: </em> <a href="mailto:acreditat@iesesteveterradas.cat">acreditat@iesesteveterradas.cat</a></p>
</div>

<p>Avaluació i acreditació de competències professionals</p>
<p><a href="https://fp.gencat.cat/ca/acreditacio/em-vull-acreditar/" target="_blank" rel="noopener">Accés a la web de Agència Pública de Formació i Qualificació Professionals de Catalunya: </a><a href="https://fp.gencat.cat/ca/acreditacio/em-vull-acreditar/" target="_blank" rel="noopener">&#8220;Em vull acreditar&#8221;</a><br />
És l’oportunitat d’aconseguir una acreditació oficial mitjançant la demostració d’allò que la persona usuària és capaç de fer, a&hellip;  <a href="https://agora.xtec.cat/iesesteveterradas/serveis-2/servei-dassessorament-i-reconeixement-microinformatica/" title="Read Acredita&#8217;t">Llegeix més»</a></p>
