{"id":55,"date":"2014-09-17T16:59:49","date_gmt":"2014-09-17T14:59:49","guid":{"rendered":"http:\/\/agora.xtec.cat\/iesesteveterradas\/?page_id=55"},"modified":"2025-11-19T11:51:10","modified_gmt":"2025-11-19T10:51:10","slug":"horaris","status":"publish","type":"page","link":"https:\/\/agora.xtec.cat\/iesesteveterradas\/secretaria\/horaris\/","title":{"rendered":"Atenci\u00f3 al p\u00fablic"},"content":{"rendered":"<p style=\"text-align: justify;\">A continuaci\u00f3 est\u00e0 reflectit l\u2019horari d\u2019atenci\u00f3 al p\u00fablic de secretaria, de l&#8217;equip directiu del centre, dels caps de departaments i del servei de la FP Dual. Tot i aix\u00f2 \u00e9s convenient concertar una visita abans de venir a l&#8217;Institut; per tel\u00e8fon <strong>93 377 11 00 <\/strong>o per correu electr\u00f2nic <strong><span id=\"cloak42223\"><a href=\"mailto:a8016781@xtec.cat\">a8016781@xtec.cat<\/a><\/span><\/strong>.<\/p>\n<h4><span style=\"color: #000000;\">Atenci\u00f3 al p\u00fablic (secretaria)<\/span><\/h4>\n<div id=\"result_box\" dir=\"ltr\">\n<p style=\"padding-left: 30px;\"><strong>Horari d&#8217;hivern (1 d&#8217;Octubre al 31 de Maig)<br \/>\n<\/strong>Mat\u00ed: 9:00 a 13:00 h<br \/>\nTarda (Dimarts i Dimecres): 16:00 a 18:30 h<\/p>\n<\/div>\n<div dir=\"ltr\" style=\"padding-left: 30px;\"><strong>Mesos de juny, juliol (de l&#8217;1 al 23) i setembre (jornada intensiva): <\/strong>mat\u00ed: 9:00 a 13:00 h<\/div>\n<div dir=\"ltr\" style=\"padding-left: 30px;\"><\/div>\n<div dir=\"ltr\" style=\"padding-left: 30px;\"><\/div>\n<p style=\"padding-left: 30px;\"><strong>Tancat AGOST<\/strong><\/p>\n<table style=\"width: 63.7512%; height: 311px;\" border=\"1\" cellspacing=\"0\" cellpadding=\"0\">\n<tbody>\n<tr style=\"height: 47px;\">\n<td style=\"height: 47px; width: 643px;\" colspan=\"4\">\n<h4><strong>EQUIP DIRECTIU<\/strong><\/h4>\n<\/td>\n<\/tr>\n<tr style=\"height: 33px;\">\n<td style=\"height: 33px; width: 240px;\" width=\"240\"><em><strong>C\u00c0RREC<\/strong><\/em><\/td>\n<td style=\"height: 33px; width: 150px;\" width=\"150\"><em><strong>NOM<\/strong><\/em><\/td>\n<td style=\"height: 33px; width: 100px;\" width=\"100\"><em><strong>DIA<\/strong><\/em><\/td>\n<td style=\"height: 33px; width: 153px;\" width=\"130\"><em><strong>HORA<\/strong><\/em><\/td>\n<\/tr>\n<tr style=\"height: 33px;\">\n<td style=\"height: 33px; width: 240px;\">Director<\/td>\n<td style=\"height: 33px; width: 150px;\">Jordi Mengual<\/td>\n<td style=\"height: 33px; width: 100px;\">Dimecres<\/td>\n<td style=\"height: 33px; width: 153px;\">15:30 a 17:00 h<\/td>\n<\/tr>\n<tr style=\"height: 33px;\">\n<td style=\"height: 33px; width: 240px;\">Subdirector FP<\/td>\n<td style=\"height: 33px; width: 150px;\">Gema Almagro<\/td>\n<td style=\"height: 33px; width: 100px;\">Dimecres<\/td>\n<td style=\"height: 33px; width: 153px;\">15:30 a 19:30 h<\/td>\n<\/tr>\n<tr style=\"height: 33px;\">\n<td style=\"height: 33px; width: 240px;\">Cap d&#8217;Estudis ESO &#8211; Batxillerat<\/td>\n<td style=\"height: 33px; width: 150px;\">Jos\u00e9 Lu\u00eds Anton<\/td>\n<td style=\"height: 33px; width: 100px;\">Dimecres<\/td>\n<td style=\"height: 33px; width: 153px;\">15:30 a 17:00 h<\/td>\n<\/tr>\n<tr style=\"height: 33px;\">\n<td style=\"height: 33px; width: 240px;\">Cap d&#8217;Estudis FP<\/td>\n<td style=\"height: 33px; width: 150px;\">Amparo Garrido<\/td>\n<td style=\"height: 33px; width: 100px;\">Dimecres<\/td>\n<td style=\"height: 33px; width: 153px;\">15:30 a 17:00 h<\/td>\n<\/tr>\n<tr style=\"height: 33px;\">\n<td style=\"height: 33px; width: 240px;\">Coordinador Pedag\u00f2gic<\/td>\n<td style=\"height: 33px; width: 150px;\">Sara Christensen<\/td>\n<td style=\"height: 33px; width: 100px;\">Dimecres<\/td>\n<td style=\"height: 33px; width: 153px;\">15:30 a 17:00 h<\/td>\n<\/tr>\n<tr style=\"height: 33px;\">\n<td style=\"height: 33px; width: 240px;\">Administradora<\/td>\n<td style=\"height: 33px; width: 150px;\">Bel\u00e9n Tortosa<\/td>\n<td style=\"height: 33px; width: 100px;\">Dimecres<\/td>\n<td style=\"height: 33px; width: 153px;\">15:30 a 17:00 h<\/td>\n<\/tr>\n<tr style=\"height: 33px;\">\n<td style=\"height: 33px; width: 240px;\">Secretari<\/td>\n<td style=\"height: 33px; width: 150px;\">Rafael Garcia<\/td>\n<td style=\"height: 33px; width: 100px;\">Dimecres<\/td>\n<td style=\"height: 33px; width: 153px;\">15:30 a 17:00 h<\/td>\n<\/tr>\n<\/tbody>\n<\/table>\n<p>&nbsp;<\/p>\n<table style=\"width: 643px;\" border=\"1\" cellspacing=\"0\" cellpadding=\"0\">\n<tbody>\n<tr>\n<td style=\"width: 643px;\" colspan=\"4\">\n<h4><strong>CAPS DE DEPARTAMENT<\/strong><\/h4>\n<\/td>\n<\/tr>\n<tr>\n<td style=\"width: 240px;\" width=\"240\"><em><strong>DEPARTAMENT<\/strong><\/em><\/td>\n<td style=\"width: 150px;\" width=\"150\"><em><strong>NOM<\/strong><\/em><\/td>\n<td style=\"width: 100px;\" width=\"100\"><em><strong>DIA<\/strong><\/em><\/td>\n<td style=\"width: 153px;\" width=\"130\"><em><strong>HORA<\/strong><\/em><\/td>\n<\/tr>\n<tr>\n<td style=\"width: 240px;\">Administraci\u00f3<\/td>\n<td style=\"width: 150px;\">Gerard Garcia<\/td>\n<td style=\"width: 100px;\">Dimecres<\/td>\n<td style=\"width: 153px;\">15:30 a 17:00 h<\/td>\n<\/tr>\n<tr>\n<td style=\"width: 240px;\">Automoci\u00f3<\/td>\n<td style=\"width: 150px;\">Isidro Garcia<\/td>\n<td style=\"width: 100px;\">Dimecres<\/td>\n<td style=\"width: 153px;\">15:30 a 17:00 h<\/td>\n<\/tr>\n<tr>\n<td style=\"width: 240px;\">Inform\u00e0tica<\/td>\n<td style=\"width: 150px;\">Toni Verg\u00e9s<\/td>\n<td style=\"width: 100px;\">Dimecres<\/td>\n<td style=\"width: 153px;\">15:30 a 17:00 h<\/td>\n<\/tr>\n<tr>\n<td style=\"width: 240px;\">Instal\u00b7laci\u00f3 i manteniment<\/td>\n<td style=\"width: 150px;\">M\u00f3nica Guti\u00e9rrez<\/td>\n<td style=\"width: 100px;\">Dimecres<\/td>\n<td style=\"width: 153px;\">15:30 a 17:00 h<\/td>\n<\/tr>\n<tr>\n<td style=\"width: 240px;\">Fabricaci\u00f3 mec\u00e0nica<\/td>\n<td style=\"width: 150px;\">\u00d3scar Hernando<\/td>\n<td style=\"width: 100px;\">Dimecres<\/td>\n<td style=\"width: 153px;\">15:30 a 17:00 h<\/td>\n<\/tr>\n<tr>\n<td style=\"width: 240px;\">Energia i aigua<\/td>\n<td style=\"width: 150px;\">Iv\u00e1n Bartrina<\/td>\n<td style=\"width: 100px;\">Dimecres<\/td>\n<td style=\"width: 153px;\">15:30 a 17:00 h<\/td>\n<\/tr>\n<tr>\n<td style=\"width: 240px;\">Formaci\u00f3 i Orientaci\u00f3 Laboral<\/td>\n<td style=\"width: 150px;\">Cati Valera<\/td>\n<td style=\"width: 100px;\">Dimecres<\/td>\n<td style=\"width: 153px;\">15:30 a 17:00 h<\/td>\n<\/tr>\n<tr>\n<td style=\"width: 240px;\">PFI<\/td>\n<td style=\"width: 150px;\">David Formiga<\/td>\n<td style=\"width: 100px;\">Dimecres<\/td>\n<td style=\"width: 153px;\">15:30 a 17:00 h<\/td>\n<\/tr>\n<\/tbody>\n<\/table>\n<h4><span style=\"color: #000000;\"><strong>FORMACI\u00d3 DUAL<\/strong><\/span><\/h4>\n<p>Coordinaci\u00f3: Josep Mar\u00eda Ram\u00f3n i To\u00f1i Jim\u00e9nez<br \/>\nDimecres de 15:30 a 18:30 h i dijous de 08:00 a 13:30 h<br \/>\nPer qualsevol consulta: <u><em><strong><span class=\"il\"><span id=\"cloak32225\"><a href=\"mailto:dual@iesesteveterradas.cat\">empreses@iesesteveterradas.cat<\/a><\/span><\/span><\/strong><\/em><\/u><\/p>\n<p>Sol\u00b7licitud d&#8217;alumnes en pr\u00e0ctiques omplir el seg\u00fcent formulari: <a href=\"https:\/\/docs.google.com\/forms\/d\/e\/1FAIpQLSdAGNolN7sFovzsTizGMtPFXzoeE6Sbdf0UJdOi0fYK3eY3ig\/viewform\">enlla\u00e7<\/a><\/p>\n","protected":false},"excerpt":{"rendered":"<p>A continuaci\u00f3 est\u00e0 reflectit l\u2019horari d\u2019atenci\u00f3 al p\u00fablic de secretaria, de l&#8217;equip directiu del centre, dels caps de departaments i del servei de la FP Dual. Tot i aix\u00f2 \u00e9s convenient concertar una visita abans de venir a l&#8217;Institut; per tel\u00e8fon 93 377 11 00&hellip;  <a href=\"https:\/\/agora.xtec.cat\/iesesteveterradas\/secretaria\/horaris\/\" title=\"Read Atenci\u00f3 al p\u00fablic\">Llegeix m\u00e9s\u00bb<\/a><\/p>\n","protected":false},"author":1,"featured_media":0,"parent":81,"menu_order":410,"comment_status":"closed","ping_status":"closed","template":"page-templates\/side-menu.php","meta":{"_bbp_topic_count":0,"_bbp_reply_count":0,"_bbp_total_topic_count":0,"_bbp_total_reply_count":0,"_bbp_voice_count":0,"_bbp_anonymous_reply_count":0,"_bbp_topic_count_hidden":0,"_bbp_reply_count_hidden":0,"_bbp_forum_subforum_count":0,"footnotes":""},"class_list":["post-55","page","type-page","status-publish","hentry"],"post_mailing_queue_ids":[],"_links":{"self":[{"href":"https:\/\/agora.xtec.cat\/iesesteveterradas\/wp-json\/wp\/v2\/pages\/55","targetHints":{"allow":["GET"]}}],"collection":[{"href":"https:\/\/agora.xtec.cat\/iesesteveterradas\/wp-json\/wp\/v2\/pages"}],"about":[{"href":"https:\/\/agora.xtec.cat\/iesesteveterradas\/wp-json\/wp\/v2\/types\/page"}],"author":[{"embeddable":true,"href":"https:\/\/agora.xtec.cat\/iesesteveterradas\/wp-json\/wp\/v2\/users\/1"}],"replies":[{"embeddable":true,"href":"https:\/\/agora.xtec.cat\/iesesteveterradas\/wp-json\/wp\/v2\/comments?post=55"}],"version-history":[{"count":6,"href":"https:\/\/agora.xtec.cat\/iesesteveterradas\/wp-json\/wp\/v2\/pages\/55\/revisions"}],"predecessor-version":[{"id":18789,"href":"https:\/\/agora.xtec.cat\/iesesteveterradas\/wp-json\/wp\/v2\/pages\/55\/revisions\/18789"}],"up":[{"embeddable":true,"href":"https:\/\/agora.xtec.cat\/iesesteveterradas\/wp-json\/wp\/v2\/pages\/81"}],"wp:attachment":[{"href":"https:\/\/agora.xtec.cat\/iesesteveterradas\/wp-json\/wp\/v2\/media?parent=55"}],"curies":[{"name":"wp","href":"https:\/\/api.w.org\/{rel}","templated":true}]}}