{"id":3106,"date":"2019-03-17T19:47:56","date_gmt":"2019-03-17T18:47:56","guid":{"rendered":"http:\/\/agora.xtec.cat\/iesesteveterradas\/?page_id=3106"},"modified":"2025-10-16T08:55:47","modified_gmt":"2025-10-16T06:55:47","slug":"orientacio-academica-i-professional","status":"publish","type":"page","link":"https:\/\/agora.xtec.cat\/iesesteveterradas\/alumnat-ieti\/alumnat-fp\/orientacio-academica-i-professional\/","title":{"rendered":"Orientaci\u00f3 Acad\u00e8mica i Professional"},"content":{"rendered":"<h3><a href=\"https:\/\/agora.xtec.cat\/iesesteveterradas\/wp-content\/uploads\/usu855\/Captura-de-pantalla-2023-10-09-a-les-11.57.26.png\"><img loading=\"lazy\" decoding=\"async\" class=\"alignnone size-full wp-image-16106\" src=\"https:\/\/agora.xtec.cat\/iesesteveterradas\/wp-content\/uploads\/usu855\/logo-orientacio.png\" alt=\"\" width=\"1012\" height=\"140\" srcset=\"https:\/\/agora.xtec.cat\/iesesteveterradas\/wp-content\/uploads\/usu855\/logo-orientacio.png 1012w, https:\/\/agora.xtec.cat\/iesesteveterradas\/wp-content\/uploads\/usu855\/logo-orientacio-300x42.png 300w, https:\/\/agora.xtec.cat\/iesesteveterradas\/wp-content\/uploads\/usu855\/logo-orientacio-768x106.png 768w\" sizes=\"auto, (max-width: 1012px) 100vw, 1012px\" \/><\/a><\/h3>\n<p><strong><em>\u201cAcci\u00f3 cofinan\u00e7ada pel fons FSE+ 2021-2027 Orientaci\u00f3 educativa en centres d\u2019FP &#8211; 3.F.01\u201d<\/em><\/strong><\/p>\n<h3><a href=\"mailto:orientacio@iesesteveterradas.cat\">orientacio@iesesteveterradas.cat<\/a><\/h3>\n<p>Atenci\u00f3 a l&#8217;alumnat per part de la coordinadora d&#8217;orientaci\u00f3 (Marta Vila)<\/p>\n<p>P\u00e0gina web del <a href=\"https:\/\/sites.google.com\/iesesteveterradas.cat\/my-ipop\/\">My IPOP<\/a>:<\/p>\n<p><a href=\"https:\/\/sites.google.com\/iesesteveterradas.cat\/my-ipop\"><img loading=\"lazy\" decoding=\"async\" class=\"alignleft wp-image-13963\" src=\"https:\/\/agora.xtec.cat\/iesesteveterradas\/wp-content\/uploads\/usu855\/my-ipop-1024x555.png\" alt=\"\" width=\"745\" height=\"404\" srcset=\"https:\/\/agora.xtec.cat\/iesesteveterradas\/wp-content\/uploads\/usu855\/my-ipop-1024x555.png 1024w, https:\/\/agora.xtec.cat\/iesesteveterradas\/wp-content\/uploads\/usu855\/my-ipop-300x163.png 300w, https:\/\/agora.xtec.cat\/iesesteveterradas\/wp-content\/uploads\/usu855\/my-ipop-768x416.png 768w, https:\/\/agora.xtec.cat\/iesesteveterradas\/wp-content\/uploads\/usu855\/my-ipop.png 1331w\" sizes=\"auto, (max-width: 745px) 100vw, 745px\" \/><\/a><\/p>\n<p>&nbsp;<\/p>\n<p>&nbsp;<\/p>\n<p>&nbsp;<\/p>\n<p>&nbsp;<\/p>\n<p>&nbsp;<\/p>\n<p>&nbsp;<\/p>\n<p>&nbsp;<\/p>\n<p>&nbsp;<\/p>\n<p>&nbsp;<\/p>\n<p>&nbsp;<\/p>\n<p>La tasca del Servei d&#8217;Orientaci\u00f3 als alumnes\u00a0\u00e9s facilitar informaci\u00f3 sobre itineraris formatius, sortides acad\u00e8miques i vies d\u2019acc\u00e9s als estudis.\u00a0La seva tasca es dirigeix tant als interessats individualment com a altres centres o col\u00b7lectius interessats.<\/p>\n<ul class=\"rteindent1\">\n<li>Itineraris d&#8217;estudis\n<ul>\n<li><a href=\"http:\/\/queestudiar.gencat.cat\/ca\/orientacio\/joves\/informo-ensenyaments\/explora_mapa_destudis\/\" rel=\"nofollow\">mapa del sistema educatiu<\/a><\/li>\n<li><a href=\"http:\/\/queestudiar.gencat.cat\/ca\/orientacio\/joves\/\" rel=\"nofollow\">orientaci\u00f3 per als estudiants<\/a><\/li>\n<\/ul>\n<\/li>\n<li>Formaci\u00f3 professional\n<ul class=\"rteindent1\">\n<li><a href=\"http:\/\/queestudiar.gencat.cat\/ca\/estudis\/fp\/\" rel=\"nofollow\">Informaci\u00f3 sobre la FP<\/a><\/li>\n<li><a href=\"http:\/\/queestudiar.gencat.cat\/ca\/orientacio\/joves\/exploro-mon-laboral\/mercat-laboral\/\" rel=\"nofollow\">de qu\u00e8 t&#8217;agradaria treballar?<\/a><\/li>\n<li><a href=\"http:\/\/serveiocupacio.gencat.cat\/ca\/soc\/ambits\/orientacio-professional\/\" rel=\"nofollow\">de qu\u00e8 puc treballar?<\/a><\/li>\n<\/ul>\n<\/li>\n<li>Universitats\n<ul class=\"rteindent1\">\n<li><a href=\"http:\/\/universitats.gencat.cat\/ca\/inici\/\" rel=\"nofollow\">Qu\u00e8 estudiar i com accedir-hi?<\/a><\/li>\n<\/ul>\n<\/li>\n<\/ul>\n","protected":false},"excerpt":{"rendered":"<p><a href=\"https:\/\/agora.xtec.cat\/iesesteveterradas\/wp-content\/uploads\/usu855\/Captura-de-pantalla-2023-10-09-a-les-11.57.26.png\"><\/a><br \/>\n\u201cAcci\u00f3 cofinan\u00e7ada pel fons FSE+ 2021-2027 Orientaci\u00f3 educativa en centres d\u2019FP &#8211; 3.F.01\u201d<br \/>\n<a href=\"mailto:orientacio@iesesteveterradas.cat\">orientacio@iesesteveterradas.cat<\/a><br \/>\nAtenci\u00f3 a l&#8217;alumnat per part de la coordinadora d&#8217;orientaci\u00f3 (Marta Vila)<br \/>\nP\u00e0gina web del <a href=\"https:\/\/sites.google.com\/iesesteveterradas.cat\/my-ipop\/\">My IPOP<\/a>:<br \/>\n<a href=\"https:\/\/sites.google.com\/iesesteveterradas.cat\/my-ipop\"><\/a><br \/>\n&nbsp;<br \/>\n&nbsp;<br \/>\n&nbsp;<br \/>\n&nbsp;<br \/>\n&nbsp;<br \/>\n&nbsp;<br \/>\n&nbsp;<br \/>\n&nbsp;<br \/>\n&nbsp;<br \/>\n&nbsp;<br \/>\nLa tasca del Servei d&#8217;Orientaci\u00f3 als alumnes\u00a0\u00e9s facilitar informaci\u00f3 sobre itineraris formatius, sortides acad\u00e8miques i&hellip;  <a href=\"https:\/\/agora.xtec.cat\/iesesteveterradas\/alumnat-ieti\/alumnat-fp\/orientacio-academica-i-professional\/\" title=\"Read Orientaci\u00f3 Acad\u00e8mica i Professional\">Llegeix m\u00e9s\u00bb<\/a><\/p>\n","protected":false},"author":6,"featured_media":0,"parent":3091,"menu_order":0,"comment_status":"closed","ping_status":"closed","template":"page-templates\/side-menu.php","meta":{"_bbp_topic_count":0,"_bbp_reply_count":0,"_bbp_total_topic_count":0,"_bbp_total_reply_count":0,"_bbp_voice_count":0,"_bbp_anonymous_reply_count":0,"_bbp_topic_count_hidden":0,"_bbp_reply_count_hidden":0,"_bbp_forum_subforum_count":0,"footnotes":""},"class_list":["post-3106","page","type-page","status-publish","hentry"],"post_mailing_queue_ids":[],"_links":{"self":[{"href":"https:\/\/agora.xtec.cat\/iesesteveterradas\/wp-json\/wp\/v2\/pages\/3106","targetHints":{"allow":["GET"]}}],"collection":[{"href":"https:\/\/agora.xtec.cat\/iesesteveterradas\/wp-json\/wp\/v2\/pages"}],"about":[{"href":"https:\/\/agora.xtec.cat\/iesesteveterradas\/wp-json\/wp\/v2\/types\/page"}],"author":[{"embeddable":true,"href":"https:\/\/agora.xtec.cat\/iesesteveterradas\/wp-json\/wp\/v2\/users\/6"}],"replies":[{"embeddable":true,"href":"https:\/\/agora.xtec.cat\/iesesteveterradas\/wp-json\/wp\/v2\/comments?post=3106"}],"version-history":[{"count":6,"href":"https:\/\/agora.xtec.cat\/iesesteveterradas\/wp-json\/wp\/v2\/pages\/3106\/revisions"}],"predecessor-version":[{"id":16107,"href":"https:\/\/agora.xtec.cat\/iesesteveterradas\/wp-json\/wp\/v2\/pages\/3106\/revisions\/16107"}],"up":[{"embeddable":true,"href":"https:\/\/agora.xtec.cat\/iesesteveterradas\/wp-json\/wp\/v2\/pages\/3091"}],"wp:attachment":[{"href":"https:\/\/agora.xtec.cat\/iesesteveterradas\/wp-json\/wp\/v2\/media?parent=3106"}],"curies":[{"name":"wp","href":"https:\/\/api.w.org\/{rel}","templated":true}]}}