{"id":2321,"date":"2019-02-15T16:28:38","date_gmt":"2019-02-15T15:28:38","guid":{"rendered":"http:\/\/agora.xtec.cat\/iesesteveterradas\/?page_id=2321"},"modified":"2025-10-08T09:39:34","modified_gmt":"2025-10-08T07:39:34","slug":"estudis-dinsercio","status":"publish","type":"page","link":"https:\/\/agora.xtec.cat\/iesesteveterradas\/serveis-2\/escola-empresa-2\/estudis-dinsercio\/","title":{"rendered":"ESTUDIS D&#8217;INSERCI\u00d3"},"content":{"rendered":"<p>El Departament d&#8217;Educaci\u00f3 i el Consell General de Cambres de Catalunya porten a terme el projecte <strong>&#8220;Inserci\u00f3 laboral de la Formaci\u00f3 Professional inicial a Catalunya&#8221;<\/strong>, per tal de con\u00e8ixer la situaci\u00f3 laboral i formativa de l&#8217;alumnat graduat dels diferents ensenyaments professionalitzadors, sis mesos despr\u00e9s d&#8217;haver finalitzat els seus estudis. Aquest estudi ens permet con\u00e8ixer les caracter\u00edstiques de la inserci\u00f3 segons variables fonamentals com el nivell de formaci\u00f3, el g\u00e8nere, l&#8217;especialitat i el territori.<\/p>\n<p>Seguidament es presenta els estudis d&#8217;inserci\u00f3 acad\u00e8micia i laboral d&#8217;ex-alumnat d&#8217;FP, tant de l&#8217;Institut Esteve Terradas, com l&#8217;estudi que presenta el Departament d&#8217;Educaci\u00f3.<\/p>\n<table style=\"width: 973px;\">\n<tbody>\n<tr>\n<td style=\"width: 484.8px; text-align: center;\">\n<h4><strong>Estudi-Esteve Terradas<\/strong><\/h4>\n<\/td>\n<td style=\"width: 481.6px; text-align: center;\">\n<h4><strong>Estudi-Departament d&#8217;Educaci\u00f3<\/strong><\/h4>\n<\/td>\n<\/tr>\n<tr>\n<td style=\"width: 484.8px; text-align: center;\"><a href=\"https:\/\/agora.xtec.cat\/iesesteveterradas\/wp-content\/uploads\/usu855\/Informe-insercio-laboral-FP-2023-2024.docx.pdf\">Curs 23-24<\/a><\/td>\n<td style=\"width: 481.6px; text-align: center;\"><a href=\"https:\/\/educacio.gencat.cat\/web\/.content\/home\/departament\/estadistiques\/insercio-laboral\/estadistica-insercio-laboral\/insercio-laboral-2024.pdf\">2024<\/a><\/td>\n<\/tr>\n<tr>\n<td style=\"width: 484.8px; text-align: center;\"><a href=\"https:\/\/agora.xtec.cat\/iesesteveterradas\/wp-content\/uploads\/usu855\/Informe-insercio-laboral-FP-2022-2023.pdf\">Curs 22-23<\/a><\/td>\n<td style=\"width: 481.6px; text-align: center;\"><a href=\"https:\/\/agora.xtec.cat\/iesesteveterradas\/wp-content\/uploads\/usu855\/insercio-laboral-2023.pdf\">2023<\/a><\/td>\n<\/tr>\n<tr>\n<td style=\"width: 484.8px; text-align: center;\"><a href=\"https:\/\/agora.xtec.cat\/iesesteveterradas\/wp-content\/uploads\/usu855\/Informe-insercio-laboral-FP-2021-2022.pdf\">Curs 21-22<\/a><\/td>\n<td style=\"width: 481.6px; text-align: center;\"><a href=\"https:\/\/agora.xtec.cat\/iesesteveterradas\/wp-content\/uploads\/usu855\/insercio-laboral-2022-compressed.pdf\">2022<\/a><\/td>\n<\/tr>\n<tr>\n<td style=\"width: 484.8px; text-align: center;\"><a href=\"https:\/\/agora.xtec.cat\/iesesteveterradas\/wp-content\/uploads\/usu855\/Informe-insercio-laboral-FP-2020-2021.pdf\">Curs 20-21<\/a><\/td>\n<td style=\"width: 481.6px; text-align: center;\"><a href=\"https:\/\/agora.xtec.cat\/iesesteveterradas\/wp-content\/uploads\/usu855\/insercio-laboral-2021-1.pdf\">2021<\/a><\/td>\n<\/tr>\n<tr>\n<td style=\"width: 484.8px; text-align: center;\"><a href=\"https:\/\/agora.xtec.cat\/iesesteveterradas\/wp-content\/uploads\/usu855\/Informe-insercio\u0301-laboral-FP-2019-2020.pdf\">Curs 19-20<\/a><\/td>\n<td style=\"width: 481.6px; text-align: center;\"><a href=\"https:\/\/agora.xtec.cat\/iesesteveterradas\/wp-content\/uploads\/usu855\/insercio-laboral-2021.pdf\">2020<\/a><\/td>\n<\/tr>\n<tr>\n<td style=\"width: 484.8px; text-align: center;\"><a href=\"https:\/\/agora.xtec.cat\/iesesteveterradas\/wp-content\/uploads\/usu855\/Informe-insercio\u0301-laboral-FP-2018-2019.pdf\">Curs 18-19<\/a><\/td>\n<td style=\"width: 481.6px; text-align: center;\"><a href=\"https:\/\/agora.xtec.cat\/iesesteveterradas\/wp-content\/uploads\/usu855\/insercio-laboral-2019.pdf\">2019<\/a><\/td>\n<\/tr>\n<tr>\n<td style=\"width: 484.8px; text-align: center;\"><a href=\"https:\/\/agora.xtec.cat\/iesesteveterradas\/wp-content\/uploads\/usu855\/Informe-insercio\u0301-laboral-FP-2017-2018.pdf\">Curs 17-18<\/a><\/td>\n<td style=\"width: 481.6px; text-align: center;\"><a href=\"https:\/\/agora.xtec.cat\/iesesteveterradas\/wp-content\/uploads\/usu855\/Informe-insercio\u0301-laboral-FP-2017-2018.pdf\">2018<\/a><\/td>\n<\/tr>\n<tr>\n<td style=\"width: 484.8px; text-align: center;\"><a href=\"https:\/\/agora.xtec.cat\/iesesteveterradas\/wp-content\/uploads\/usu855\/Estudi-insercio-laboral-16-17.pdf\">Curs 16-17<\/a><\/td>\n<td style=\"width: 481.6px; text-align: center;\"><a href=\"https:\/\/agora.xtec.cat\/iesesteveterradas\/wp-content\/uploads\/usu855\/insercio-laboral-2017.pdf\">2017<\/a><\/td>\n<\/tr>\n<tr style=\"height: 32px;\">\n<td style=\"width: 484.8px; text-align: center; height: 32px;\"><a href=\"https:\/\/agora.xtec.cat\/iesesteveterradas\/wp-content\/uploads\/usu855\/Estudi_insercio_laboral_15-16.pdf\" target=\"_blank\" rel=\"noopener noreferrer\">Curs 15-16<\/a><\/td>\n<td style=\"width: 481.6px; text-align: center; height: 32px;\"><a href=\"https:\/\/agora.xtec.cat\/iesesteveterradas\/wp-content\/uploads\/usu855\/2016_insercio-laboral-2016.pdf\" target=\"_blank\" rel=\"noopener noreferrer\">2016<\/a><\/td>\n<\/tr>\n<tr style=\"height: 32px;\">\n<td style=\"width: 484.8px; text-align: center; height: 32px;\"><a href=\"https:\/\/agora.xtec.cat\/iesesteveterradas\/wp-content\/uploads\/usu855\/Estudi_insercio_laboral_14-15.pdf\" target=\"_blank\" rel=\"noopener noreferrer\">Curs 14-15<\/a><\/td>\n<td style=\"width: 481.6px; text-align: center; height: 32px;\"><a href=\"https:\/\/agora.xtec.cat\/iesesteveterradas\/wp-content\/uploads\/usu855\/EstudiInsercioLaboral-2014-15.pdf\" target=\"_blank\" rel=\"noopener noreferrer\">2015<\/a><\/td>\n<\/tr>\n<tr style=\"height: 32px;\">\n<td style=\"width: 484.8px; text-align: center; height: 32px;\"><a href=\"https:\/\/agora.xtec.cat\/iesesteveterradas\/wp-content\/uploads\/usu855\/estudi_insercio_laboral_13-14.pdf\" target=\"_blank\" rel=\"noopener noreferrer\">Curs 13-14<\/a><\/td>\n<td style=\"width: 481.6px; text-align: center; height: 32px;\"><a href=\"https:\/\/agora.xtec.cat\/iesesteveterradas\/wp-content\/uploads\/usu855\/EstudiInsercioLaboral-2013-14.pdf\" target=\"_blank\" rel=\"noopener noreferrer\">2014<\/a><\/td>\n<\/tr>\n<tr style=\"height: 32px;\">\n<td style=\"width: 484.8px; text-align: center; height: 32px;\"><a href=\"https:\/\/agora.xtec.cat\/iesesteveterradas\/wp-content\/uploads\/usu855\/estudi_insercio_laboral_12-13.pdf\" target=\"_blank\" rel=\"noopener noreferrer\">Curs 12-13<\/a><\/td>\n<td style=\"width: 481.6px; text-align: center; height: 32px;\"><a href=\"https:\/\/agora.xtec.cat\/iesesteveterradas\/wp-content\/uploads\/usu855\/EstudiInsercioLaboral-2012-13.pdf\" target=\"_blank\" rel=\"noopener noreferrer\">2013<\/a><\/td>\n<\/tr>\n<tr style=\"height: 32px;\">\n<td style=\"width: 484.8px; text-align: center; height: 32px;\"><a href=\"https:\/\/agora.xtec.cat\/iesesteveterradas\/wp-content\/uploads\/usu855\/estudi_inserci_laboral_11-12.pdf\" target=\"_blank\" rel=\"noopener noreferrer\">Curs 11-12<\/a><\/td>\n<td style=\"width: 481.6px; text-align: center; height: 32px;\"><a href=\"https:\/\/agora.xtec.cat\/iesesteveterradas\/wp-content\/uploads\/usu855\/EstudiInsercioLaboral-2011-12.pdf\" target=\"_blank\" rel=\"noopener noreferrer\">2012<\/a><\/td>\n<\/tr>\n<tr style=\"height: 32px;\">\n<td style=\"width: 484.8px; text-align: center; height: 32px;\"><a href=\"https:\/\/agora.xtec.cat\/iesesteveterradas\/wp-content\/uploads\/usu855\/estudi_insercio_laboral_10-11.pdf\" target=\"_blank\" rel=\"noopener noreferrer\">Curs 10-11<\/a><\/td>\n<td style=\"width: 481.6px; text-align: center; height: 32px;\"><a href=\"https:\/\/agora.xtec.cat\/iesesteveterradas\/wp-content\/uploads\/usu855\/EstudiInsercioLaboral-2010-11.pdf\" target=\"_blank\" rel=\"noopener noreferrer\">2011<\/a><\/td>\n<\/tr>\n<tr style=\"height: 32px;\">\n<td style=\"width: 484.8px; text-align: center; height: 32px;\"><a href=\"https:\/\/agora.xtec.cat\/iesesteveterradas\/wp-content\/uploads\/usu855\/estudi_insercio_laboral_09-10.pdf\" target=\"_blank\" rel=\"noopener noreferrer\">Curs 09-10<\/a><\/td>\n<td style=\"width: 481.6px; text-align: center; height: 32px;\"><a href=\"https:\/\/agora.xtec.cat\/iesesteveterradas\/wp-content\/uploads\/usu855\/EstudiInsercioLaboral-2009-10.pdf\" target=\"_blank\" rel=\"noopener noreferrer\">2010<\/a><\/td>\n<\/tr>\n<tr style=\"height: 32px;\">\n<td style=\"width: 484.8px; text-align: center; height: 32px;\"><a href=\"https:\/\/agora.xtec.cat\/iesesteveterradas\/wp-content\/uploads\/usu855\/estudi_insercio_laboral_08-09.pdf\" target=\"_blank\" rel=\"noopener noreferrer\">Curs 08-09<\/a><\/td>\n<td style=\"width: 481.6px; text-align: center; height: 32px;\"><a href=\"https:\/\/agora.xtec.cat\/iesesteveterradas\/wp-content\/uploads\/usu855\/EstudiInsercioLaboral-2008-09.pdf\" target=\"_blank\" rel=\"noopener noreferrer\">2009<\/a><\/td>\n<\/tr>\n<tr style=\"height: 32px;\">\n<td style=\"width: 484.8px; text-align: center; height: 32px;\"><a href=\"https:\/\/agora.xtec.cat\/iesesteveterradas\/wp-content\/uploads\/usu855\/estudi_insercio_laboral_07-08.pdf\" target=\"_blank\" rel=\"noopener noreferrer\">Curs 07-08<\/a><\/td>\n<td style=\"width: 481.6px; text-align: center; height: 32px;\"><a href=\"https:\/\/agora.xtec.cat\/iesesteveterradas\/wp-content\/uploads\/usu855\/EstudiInsercioLaboral-2007-08.pdf\" target=\"_blank\" rel=\"noopener noreferrer\">2008<\/a><\/td>\n<\/tr>\n<tr style=\"height: 32px;\">\n<td style=\"width: 484.8px; text-align: center; height: 32px;\"><a href=\"https:\/\/agora.xtec.cat\/iesesteveterradas\/wp-content\/uploads\/usu855\/estudi_insercio_laboral_06-07.pdf\" target=\"_blank\" rel=\"noopener noreferrer\">Curs 06-07<\/a><\/td>\n<td style=\"width: 481.6px; text-align: center; height: 32px;\"><a href=\"https:\/\/agora.xtec.cat\/iesesteveterradas\/wp-content\/uploads\/usu855\/EstudiInsercioLaboral-2006-07.pdf\" target=\"_blank\" rel=\"noopener noreferrer\">2006-2007<\/a><\/td>\n<\/tr>\n<\/tbody>\n<\/table>\n","protected":false},"excerpt":{"rendered":"<p>El Departament d&#8217;Educaci\u00f3 i el Consell General de Cambres de Catalunya porten a terme el projecte &#8220;Inserci\u00f3 laboral de la Formaci\u00f3 Professional inicial a Catalunya&#8221;, per tal de con\u00e8ixer la situaci\u00f3 laboral i formativa de l&#8217;alumnat graduat dels diferents ensenyaments professionalitzadors, sis mesos despr\u00e9s d&#8217;haver&hellip;  <a href=\"https:\/\/agora.xtec.cat\/iesesteveterradas\/serveis-2\/escola-empresa-2\/estudis-dinsercio\/\" title=\"Read ESTUDIS D&#8217;INSERCI\u00d3\">Llegeix m\u00e9s\u00bb<\/a><\/p>\n","protected":false},"author":1,"featured_media":0,"parent":992,"menu_order":0,"comment_status":"closed","ping_status":"closed","template":"","meta":{"_bbp_topic_count":0,"_bbp_reply_count":0,"_bbp_total_topic_count":0,"_bbp_total_reply_count":0,"_bbp_voice_count":0,"_bbp_anonymous_reply_count":0,"_bbp_topic_count_hidden":0,"_bbp_reply_count_hidden":0,"_bbp_forum_subforum_count":0,"footnotes":""},"class_list":["post-2321","page","type-page","status-publish","hentry"],"post_mailing_queue_ids":[],"_links":{"self":[{"href":"https:\/\/agora.xtec.cat\/iesesteveterradas\/wp-json\/wp\/v2\/pages\/2321","targetHints":{"allow":["GET"]}}],"collection":[{"href":"https:\/\/agora.xtec.cat\/iesesteveterradas\/wp-json\/wp\/v2\/pages"}],"about":[{"href":"https:\/\/agora.xtec.cat\/iesesteveterradas\/wp-json\/wp\/v2\/types\/page"}],"author":[{"embeddable":true,"href":"https:\/\/agora.xtec.cat\/iesesteveterradas\/wp-json\/wp\/v2\/users\/1"}],"replies":[{"embeddable":true,"href":"https:\/\/agora.xtec.cat\/iesesteveterradas\/wp-json\/wp\/v2\/comments?post=2321"}],"version-history":[{"count":7,"href":"https:\/\/agora.xtec.cat\/iesesteveterradas\/wp-json\/wp\/v2\/pages\/2321\/revisions"}],"predecessor-version":[{"id":18535,"href":"https:\/\/agora.xtec.cat\/iesesteveterradas\/wp-json\/wp\/v2\/pages\/2321\/revisions\/18535"}],"up":[{"embeddable":true,"href":"https:\/\/agora.xtec.cat\/iesesteveterradas\/wp-json\/wp\/v2\/pages\/992"}],"wp:attachment":[{"href":"https:\/\/agora.xtec.cat\/iesesteveterradas\/wp-json\/wp\/v2\/media?parent=2321"}],"curies":[{"name":"wp","href":"https:\/\/api.w.org\/{rel}","templated":true}]}}

ESTUDIS D&#8217;INSERCIÓ

<p>El Departament d&#8217;Educació i el Consell General de Cambres de Catalunya porten a terme el projecte <strong>&#8220;Inserció laboral de la Formació Professional inicial a Catalunya&#8221;</strong>, per tal de conèixer la situació laboral i formativa de l&#8217;alumnat graduat dels diferents ensenyaments professionalitzadors, sis mesos després d&#8217;haver finalitzat els seus estudis. Aquest estudi ens permet conèixer les característiques de la inserció segons variables fonamentals com el nivell de formació, el gènere, l&#8217;especialitat i el territori.</p>
<p>Seguidament es presenta els estudis d&#8217;inserció acadèmicia i laboral d&#8217;ex-alumnat d&#8217;FP, tant de l&#8217;Institut Esteve Terradas, com l&#8217;estudi que presenta el Departament d&#8217;Educació.</p>
<table style="width: 973px;">
<tbody>
<tr>
<td style="width: 484.8px; text-align: center;">
<h4><strong>Estudi-Esteve Terradas</strong></h4>
</td>
<td style="width: 481.6px; text-align: center;">
<h4><strong>Estudi-Departament d&#8217;Educació</strong></h4>
</td>
</tr>
<tr>
<td style="width: 484.8px; text-align: center;"><a href="https://agora.xtec.cat/iesesteveterradas/wp-content/uploads/usu855/Informe-insercio-laboral-FP-2023-2024.docx.pdf">Curs 23-24</a></td>
<td style="width: 481.6px; text-align: center;"><a href="https://educacio.gencat.cat/web/.content/home/departament/estadistiques/insercio-laboral/estadistica-insercio-laboral/insercio-laboral-2024.pdf">2024</a></td>
</tr>
<tr>
<td style="width: 484.8px; text-align: center;"><a href="https://agora.xtec.cat/iesesteveterradas/wp-content/uploads/usu855/Informe-insercio-laboral-FP-2022-2023.pdf">Curs 22-23</a></td>
<td style="width: 481.6px; text-align: center;"><a href="https://agora.xtec.cat/iesesteveterradas/wp-content/uploads/usu855/insercio-laboral-2023.pdf">2023</a></td>
</tr>
<tr>
<td style="width: 484.8px; text-align: center;"><a href="https://agora.xtec.cat/iesesteveterradas/wp-content/uploads/usu855/Informe-insercio-laboral-FP-2021-2022.pdf">Curs 21-22</a></td>
<td style="width: 481.6px; text-align: center;"><a href="https://agora.xtec.cat/iesesteveterradas/wp-content/uploads/usu855/insercio-laboral-2022-compressed.pdf">2022</a></td>
</tr>
<tr>
<td style="width: 484.8px; text-align: center;"><a href="https://agora.xtec.cat/iesesteveterradas/wp-content/uploads/usu855/Informe-insercio-laboral-FP-2020-2021.pdf">Curs 20-21</a></td>
<td style="width: 481.6px; text-align: center;"><a href="https://agora.xtec.cat/iesesteveterradas/wp-content/uploads/usu855/insercio-laboral-2021-1.pdf">2021</a></td>
</tr>
<tr>
<td style="width: 484.8px; text-align: center;"><a href="https://agora.xtec.cat/iesesteveterradas/wp-content/uploads/usu855/Informe-inserció-laboral-FP-2019-2020.pdf">Curs 19-20</a></td>
<td style="width: 481.6px; text-align: center;"><a href="https://agora.xtec.cat/iesesteveterradas/wp-content/uploads/usu855/insercio-laboral-2021.pdf">2020</a></td>
</tr>
<tr>
<td style="width: 484.8px; text-align: center;"><a href="https://agora.xtec.cat/iesesteveterradas/wp-content/uploads/usu855/Informe-inserció-laboral-FP-2018-2019.pdf">Curs 18-19</a></td>
<td style="width: 481.6px; text-align: center;"><a href="https://agora.xtec.cat/iesesteveterradas/wp-content/uploads/usu855/insercio-laboral-2019.pdf">2019</a></td>
</tr>
<tr>
<td style="width: 484.8px; text-align: center;"><a href="https://agora.xtec.cat/iesesteveterradas/wp-content/uploads/usu855/Informe-inserció-laboral-FP-2017-2018.pdf">Curs 17-18</a></td>
<td style="width: 481.6px; text-align: center;"><a href="https://agora.xtec.cat/iesesteveterradas/wp-content/uploads/usu855/Informe-inserció-laboral-FP-2017-2018.pdf">2018</a></td>
</tr>
<tr>
<td style="width: 484.8px; text-align: center;"><a href="https://agora.xtec.cat/iesesteveterradas/wp-content/uploads/usu855/Estudi-insercio-laboral-16-17.pdf">Curs 16-17</a></td>
<td style="width: 481.6px; text-align: center;"><a href="https://agora.xtec.cat/iesesteveterradas/wp-content/uploads/usu855/insercio-laboral-2017.pdf">2017</a></td>
</tr>
<tr style="height: 32px;">
<td style="width: 484.8px; text-align: center; height: 32px;"><a href="https://agora.xtec.cat/iesesteveterradas/wp-content/uploads/usu855/Estudi_insercio_laboral_15-16.pdf" target="_blank" rel="noopener noreferrer">Curs 15-16</a></td>
<td style="width: 481.6px; text-align: center; height: 32px;"><a href="https://agora.xtec.cat/iesesteveterradas/wp-content/uploads/usu855/2016_insercio-laboral-2016.pdf" target="_blank" rel="noopener noreferrer">2016</a></td>
</tr>
<tr style="height: 32px;">
<td style="width: 484.8px; text-align: center; height: 32px;"><a href="https://agora.xtec.cat/iesesteveterradas/wp-content/uploads/usu855/Estudi_insercio_laboral_14-15.pdf" target="_blank" rel="noopener noreferrer">Curs 14-15</a></td>
<td style="width: 481.6px; text-align: center; height: 32px;"><a href="https://agora.xtec.cat/iesesteveterradas/wp-content/uploads/usu855/EstudiInsercioLaboral-2014-15.pdf" target="_blank" rel="noopener noreferrer">2015</a></td>
</tr>
<tr style="height: 32px;">
<td style="width: 484.8px; text-align: center; height: 32px;"><a href="https://agora.xtec.cat/iesesteveterradas/wp-content/uploads/usu855/estudi_insercio_laboral_13-14.pdf" target="_blank" rel="noopener noreferrer">Curs 13-14</a></td>
<td style="width: 481.6px; text-align: center; height: 32px;"><a href="https://agora.xtec.cat/iesesteveterradas/wp-content/uploads/usu855/EstudiInsercioLaboral-2013-14.pdf" target="_blank" rel="noopener noreferrer">2014</a></td>
</tr>
<tr style="height: 32px;">
<td style="width: 484.8px; text-align: center; height: 32px;"><a href="https://agora.xtec.cat/iesesteveterradas/wp-content/uploads/usu855/estudi_insercio_laboral_12-13.pdf" target="_blank" rel="noopener noreferrer">Curs 12-13</a></td>
<td style="width: 481.6px; text-align: center; height: 32px;"><a href="https://agora.xtec.cat/iesesteveterradas/wp-content/uploads/usu855/EstudiInsercioLaboral-2012-13.pdf" target="_blank" rel="noopener noreferrer">2013</a></td>
</tr>
<tr style="height: 32px;">
<td style="width: 484.8px; text-align: center; height: 32px;"><a href="https://agora.xtec.cat/iesesteveterradas/wp-content/uploads/usu855/estudi_inserci_laboral_11-12.pdf" target="_blank" rel="noopener noreferrer">Curs 11-12</a></td>
<td style="width: 481.6px; text-align: center; height: 32px;"><a href="https://agora.xtec.cat/iesesteveterradas/wp-content/uploads/usu855/EstudiInsercioLaboral-2011-12.pdf" target="_blank" rel="noopener noreferrer">2012</a></td>
</tr>
<tr style="height: 32px;">
<td style="width: 484.8px; text-align: center; height: 32px;"><a href="https://agora.xtec.cat/iesesteveterradas/wp-content/uploads/usu855/estudi_insercio_laboral_10-11.pdf" target="_blank" rel="noopener noreferrer">Curs 10-11</a></td>
<td style="width: 481.6px; text-align: center; height: 32px;"><a href="https://agora.xtec.cat/iesesteveterradas/wp-content/uploads/usu855/EstudiInsercioLaboral-2010-11.pdf" target="_blank" rel="noopener noreferrer">2011</a></td>
</tr>
<tr style="height: 32px;">
<td style="width: 484.8px; text-align: center; height: 32px;"><a href="https://agora.xtec.cat/iesesteveterradas/wp-content/uploads/usu855/estudi_insercio_laboral_09-10.pdf" target="_blank" rel="noopener noreferrer">Curs 09-10</a></td>
<td style="width: 481.6px; text-align: center; height: 32px;"><a href="https://agora.xtec.cat/iesesteveterradas/wp-content/uploads/usu855/EstudiInsercioLaboral-2009-10.pdf" target="_blank" rel="noopener noreferrer">2010</a></td>
</tr>
<tr style="height: 32px;">
<td style="width: 484.8px; text-align: center; height: 32px;"><a href="https://agora.xtec.cat/iesesteveterradas/wp-content/uploads/usu855/estudi_insercio_laboral_08-09.pdf" target="_blank" rel="noopener noreferrer">Curs 08-09</a></td>
<td style="width: 481.6px; text-align: center; height: 32px;"><a href="https://agora.xtec.cat/iesesteveterradas/wp-content/uploads/usu855/EstudiInsercioLaboral-2008-09.pdf" target="_blank" rel="noopener noreferrer">2009</a></td>
</tr>
<tr style="height: 32px;">
<td style="width: 484.8px; text-align: center; height: 32px;"><a href="https://agora.xtec.cat/iesesteveterradas/wp-content/uploads/usu855/estudi_insercio_laboral_07-08.pdf" target="_blank" rel="noopener noreferrer">Curs 07-08</a></td>
<td style="width: 481.6px; text-align: center; height: 32px;"><a href="https://agora.xtec.cat/iesesteveterradas/wp-content/uploads/usu855/EstudiInsercioLaboral-2007-08.pdf" target="_blank" rel="noopener noreferrer">2008</a></td>
</tr>
<tr style="height: 32px;">
<td style="width: 484.8px; text-align: center; height: 32px;"><a href="https://agora.xtec.cat/iesesteveterradas/wp-content/uploads/usu855/estudi_insercio_laboral_06-07.pdf" target="_blank" rel="noopener noreferrer">Curs 06-07</a></td>
<td style="width: 481.6px; text-align: center; height: 32px;"><a href="https://agora.xtec.cat/iesesteveterradas/wp-content/uploads/usu855/EstudiInsercioLaboral-2006-07.pdf" target="_blank" rel="noopener noreferrer">2006-2007</a></td>
</tr>
</tbody>
</table>

<p>El Departament d&#8217;Educació i el Consell General de Cambres de Catalunya porten a terme el projecte &#8220;Inserció laboral de la Formació Professional inicial a Catalunya&#8221;, per tal de conèixer la situació laboral i formativa de l&#8217;alumnat graduat dels diferents ensenyaments professionalitzadors, sis mesos després d&#8217;haver&hellip;  <a href="https://agora.xtec.cat/iesesteveterradas/serveis-2/escola-empresa-2/estudis-dinsercio/" title="Read ESTUDIS D&#8217;INSERCIÓ">Llegeix més»</a></p>
