{"id":2313,"date":"2019-02-15T16:28:36","date_gmt":"2019-02-15T15:28:36","guid":{"rendered":"http:\/\/agora.xtec.cat\/iesesteveterradas\/?page_id=2313"},"modified":"2024-11-21T13:21:29","modified_gmt":"2024-11-21T12:21:29","slug":"normativa","status":"publish","type":"page","link":"https:\/\/agora.xtec.cat\/iesesteveterradas\/serveis-2\/escola-empresa-2\/normativa\/","title":{"rendered":"Normativa"},"content":{"rendered":"<ul>\n<li><a href=\"https:\/\/triaeducativa.gencat.cat\/web\/.content\/fp\/formacio-centres-treball\/normativa-formacio-centres-treball.pdf\">Normativa de l&#8217;FCT 2024-2025<\/a> i\u00a0<a href=\"https:\/\/agora.xtec.cat\/iesesteveterradas\/wp-content\/uploads\/usu855\/CUR_FP_alternanca-4.pdf\">Documents per a l&#8217;organitzaci\u00f3 i la gesti\u00f3 dels centres: Pr\u00e0ctiques formatives a l&#8217;empresa (formaci\u00f3 en centres de treball i formaci\u00f3 professional en alternan\u00e7a)- Actualitzaci\u00f3 07\/06\/2022<\/a>\n<ul>\n<li><a href=\"https:\/\/agora.xtec.cat\/iesesteveterradas\/wp-content\/uploads\/usu855\/Calendari-i-horari-dFCT-curs-2022_2023.docx.pdf\">Distribuci\u00f3 horaria FCT<\/a><\/li>\n<li><a href=\"https:\/\/agora.xtec.cat\/iesesteveterradas\/wp-content\/uploads\/usu855\/criteris-i-horaris-beques-curs-20-21-V7-19-09-214-1.docx.pdf\">Distribuci\u00f3 horaria DUAL Beca<\/a><\/li>\n<li>Distribuci\u00f3 horaria DUAL Contracte segons conveni col\u00b7lectiu<\/li>\n<\/ul>\n<\/li>\n<li><a href=\"https:\/\/dogc.gencat.cat\/ca\/document-del-dogc\/?documentId=880804\">RESOLUCI\u00d3 EDU\/2085\/2020, de 20 d&#8217;agost, per la qual s&#8217;actualitza l&#8217;organitzaci\u00f3 de la formaci\u00f3 en alternan\u00e7a en els ensenyaments de formaci\u00f3 professional inicial<\/a><\/li>\n<li><a href=\"https:\/\/portaljuridic.gencat.cat\/ca\/document-del-pjur\/?documentId=699988\">ORDRE ENS\/241\/2015, de 27 de juliol, de la formaci\u00f3 en centres de treball.<\/a><\/li>\n<li><a style=\"color: #2795b6;\" href=\"https:\/\/www.boe.es\/buscar\/act.php?id=BOE-A-2022-5139\">Ley Org\u00e1nica 3\/2022, de 31 de marzo, de ordenaci\u00f3n e integraci\u00f3n de la Formaci\u00f3n Profesional.<\/a><\/li>\n<\/ul>\n","protected":false},"excerpt":{"rendered":"<ul>\n<li><a href=\"https:\/\/triaeducativa.gencat.cat\/web\/.content\/fp\/formacio-centres-treball\/normativa-formacio-centres-treball.pdf\">Normativa de l&#8217;FCT 2024-2025<\/a> i\u00a0<a href=\"https:\/\/agora.xtec.cat\/iesesteveterradas\/wp-content\/uploads\/usu855\/CUR_FP_alternanca-4.pdf\">Documents per a l&#8217;organitzaci\u00f3 i la gesti\u00f3 dels centres: Pr\u00e0ctiques formatives a l&#8217;empresa (formaci\u00f3 en centres de treball i formaci\u00f3 professional en alternan\u00e7a)- Actualitzaci\u00f3 07\/06\/2022<\/a>\n<ul>\n<li><a href=\"https:\/\/agora.xtec.cat\/iesesteveterradas\/wp-content\/uploads\/usu855\/Calendari-i-horari-dFCT-curs-2022_2023.docx.pdf\">Distribuci\u00f3 horaria FCT<\/a><\/li>\n<li><a href=\"https:\/\/agora.xtec.cat\/iesesteveterradas\/wp-content\/uploads\/usu855\/criteris-i-horaris-beques-curs-20-21-V7-19-09-214-1.docx.pdf\">Distribuci\u00f3 horaria DUAL Beca<\/a><\/li>\n<li>Distribuci\u00f3 horaria DUAL Contracte segons conveni col\u00b7lectiu<\/li>\n<\/ul>\n<\/li>\n<li><a href=\"https:\/\/dogc.gencat.cat\/ca\/document-del-dogc\/?documentId=880804\">RESOLUCI\u00d3&hellip;  <a href=\"https:\/\/agora.xtec.cat\/iesesteveterradas\/serveis-2\/escola-empresa-2\/normativa\/\" title=\"Read Normativa\">Llegeix m\u00e9s\u00bb<\/a><br \/>\n","protected":false},"author":1,"featured_media":0,"parent":992,"menu_order":0,"comment_status":"closed","ping_status":"closed","template":"","meta":{"_bbp_topic_count":0,"_bbp_reply_count":0,"_bbp_total_topic_count":0,"_bbp_total_reply_count":0,"_bbp_voice_count":0,"_bbp_anonymous_reply_count":0,"_bbp_topic_count_hidden":0,"_bbp_reply_count_hidden":0,"_bbp_forum_subforum_count":0,"footnotes":""},"class_list":["post-2313","page","type-page","status-publish","hentry"],"post_mailing_queue_ids":[],"_links":{"self":[{"href":"https:\/\/agora.xtec.cat\/iesesteveterradas\/wp-json\/wp\/v2\/pages\/2313","targetHints":{"allow":["GET"]}}],"collection":[{"href":"https:\/\/agora.xtec.cat\/iesesteveterradas\/wp-json\/wp\/v2\/pages"}],"about":[{"href":"https:\/\/agora.xtec.cat\/iesesteveterradas\/wp-json\/wp\/v2\/types\/page"}],"author":[{"embeddable":true,"href":"https:\/\/agora.xtec.cat\/iesesteveterradas\/wp-json\/wp\/v2\/users\/1"}],"replies":[{"embeddable":true,"href":"https:\/\/agora.xtec.cat\/iesesteveterradas\/wp-json\/wp\/v2\/comments?post=2313"}],"version-history":[{"count":4,"href":"https:\/\/agora.xtec.cat\/iesesteveterradas\/wp-json\/wp\/v2\/pages\/2313\/revisions"}],"predecessor-version":[{"id":16293,"href":"https:\/\/agora.xtec.cat\/iesesteveterradas\/wp-json\/wp\/v2\/pages\/2313\/revisions\/16293"}],"up":[{"embeddable":true,"href":"https:\/\/agora.xtec.cat\/iesesteveterradas\/wp-json\/wp\/v2\/pages\/992"}],"wp:attachment":[{"href":"https:\/\/agora.xtec.cat\/iesesteveterradas\/wp-json\/wp\/v2\/media?parent=2313"}],"curies":[{"name":"wp","href":"https:\/\/api.w.org\/{rel}","templated":true}]}}