{"id":18259,"date":"2025-09-22T08:58:08","date_gmt":"2025-09-22T06:58:08","guid":{"rendered":"https:\/\/agora.xtec.cat\/iesesteveterradas\/?page_id=18259"},"modified":"2026-01-14T13:09:53","modified_gmt":"2026-01-14T12:09:53","slug":"complecio-destudis","status":"publish","type":"page","link":"https:\/\/agora.xtec.cat\/iesesteveterradas\/departaments\/departaments-fp\/informatica\/complecio-destudis\/","title":{"rendered":"Compleci\u00f3 d&#8217;estudis"},"content":{"rendered":"<p>Trobareu les programacions als enlla\u00e7os seg\u00fcents:<\/p>\n<ul>\n<li><a href=\"https:\/\/drive.google.com\/drive\/folders\/1_F24EYrZ8cqh5_v3W-6FX-V_L2osTxWf?usp=sharing\">DAM\/ DAW<\/a><\/li>\n<li><a href=\"https:\/\/drive.google.com\/drive\/folders\/1exBQgpmRcwJkV2UfInPmMqwmNpwLzP3w?usp=sharing\">SIS<\/a><\/li>\n<li><a href=\"https:\/\/drive.google.com\/drive\/folders\/1tq_W-oTM7IfvQ0mssLWwrwYg62GLtIO_?usp=sharing\">SMX<\/a><\/li>\n<\/ul>\n<p>Per a m\u00e9s informaci\u00f3, contacta amb el cap del departament: <a href=\"mailto:averges@iesesteveterradas.cat\">averges@iesesteveterradas.cat<\/a><\/p>\n<p>Per a m\u00e9s informaci\u00f3 relativa a cicles de grau superior, pots contactar amb el tutor corresponent:<\/p>\n<ul>\n<li style=\"list-style-type: none;\">\n<ul>\n<li>ASIX: <a href=\"mailto:slozan12@iesesteveterradas.cat\">slozan12@iesesteveterradas.cat\u00a0<\/a><\/li>\n<li>DAM:<a href=\"mailto:jpala4@iesesteveterradas.cat\"> jpala4@iesesteveterradas.cat\u00a0<\/a><\/li>\n<li>DAW:<a href=\"mailto:lzabala@iesesteveterradas.cat\"> lzabala@iesesteveterradas.cat\u00a0<\/a><\/li>\n<\/ul>\n<\/li>\n<\/ul>\n<p>Per a m\u00e9s informaci\u00f3 relativa a cicles de grau mitj\u00e0, pots accedir al curs mitjan\u00e7ant el seg\u00fcent enlla\u00e7 de <a href=\"https:\/\/moodle.ieti.site\/enrol\/index.php?id=555\"><strong>moodle<\/strong>.<\/a> A dintre, pots consultar el curs i contactar amb els professors responsables de cada m\u00f2dul.<\/p>\n","protected":false},"excerpt":{"rendered":"<p>Trobareu les programacions als enlla\u00e7os seg\u00fcents:<\/p>\n<ul>\n<li><a href=\"https:\/\/drive.google.com\/drive\/folders\/1_F24EYrZ8cqh5_v3W-6FX-V_L2osTxWf?usp=sharing\">DAM\/ DAW<\/a><\/li>\n<li><a href=\"https:\/\/drive.google.com\/drive\/folders\/1exBQgpmRcwJkV2UfInPmMqwmNpwLzP3w?usp=sharing\">SIS<\/a><\/li>\n<li><a href=\"https:\/\/drive.google.com\/drive\/folders\/1tq_W-oTM7IfvQ0mssLWwrwYg62GLtIO_?usp=sharing\">SMX<\/a><\/li>\n<\/ul>\n<p>Per a m\u00e9s informaci\u00f3, contacta amb el cap del departament: <a href=\"mailto:averges@iesesteveterradas.cat\">averges@iesesteveterradas.cat<\/a><br \/>\nPer a m\u00e9s informaci\u00f3 relativa a cicles de grau superior, pots contactar amb el tutor corresponent:<\/p>\n<ul>\n<li style=\"list-style-type: none;\">\n<ul>\n<li>ASIX: <a href=\"mailto:slozan12@iesesteveterradas.cat\">slozan12@iesesteveterradas.cat\u00a0<\/a><\/li>\n<li>DAM:<a href=\"mailto:jpala4@iesesteveterradas.cat\"> jpala4@iesesteveterradas.cat\u00a0<\/a><\/li>\n<li>DAW:<a href=\"mailto:lzabala@iesesteveterradas.cat\"> lzabala@iesesteveterradas.cat\u00a0<\/a><\/li>\n<\/ul>\n<\/li>\n<\/ul>\n<p>Per a&hellip;  <a href=\"https:\/\/agora.xtec.cat\/iesesteveterradas\/departaments\/departaments-fp\/informatica\/complecio-destudis\/\" title=\"Read Compleci\u00f3 d&#8217;estudis\">Llegeix m\u00e9s\u00bb<\/a><\/p>\n","protected":false},"author":45,"featured_media":0,"parent":931,"menu_order":0,"comment_status":"closed","ping_status":"closed","template":"page-templates\/side-menu.php","meta":{"_bbp_topic_count":0,"_bbp_reply_count":0,"_bbp_total_topic_count":0,"_bbp_total_reply_count":0,"_bbp_voice_count":0,"_bbp_anonymous_reply_count":0,"_bbp_topic_count_hidden":0,"_bbp_reply_count_hidden":0,"_bbp_forum_subforum_count":0,"footnotes":""},"class_list":["post-18259","page","type-page","status-publish","hentry"],"post_mailing_queue_ids":[],"_links":{"self":[{"href":"https:\/\/agora.xtec.cat\/iesesteveterradas\/wp-json\/wp\/v2\/pages\/18259","targetHints":{"allow":["GET"]}}],"collection":[{"href":"https:\/\/agora.xtec.cat\/iesesteveterradas\/wp-json\/wp\/v2\/pages"}],"about":[{"href":"https:\/\/agora.xtec.cat\/iesesteveterradas\/wp-json\/wp\/v2\/types\/page"}],"author":[{"embeddable":true,"href":"https:\/\/agora.xtec.cat\/iesesteveterradas\/wp-json\/wp\/v2\/users\/45"}],"replies":[{"embeddable":true,"href":"https:\/\/agora.xtec.cat\/iesesteveterradas\/wp-json\/wp\/v2\/comments?post=18259"}],"version-history":[{"count":6,"href":"https:\/\/agora.xtec.cat\/iesesteveterradas\/wp-json\/wp\/v2\/pages\/18259\/revisions"}],"predecessor-version":[{"id":18959,"href":"https:\/\/agora.xtec.cat\/iesesteveterradas\/wp-json\/wp\/v2\/pages\/18259\/revisions\/18959"}],"up":[{"embeddable":true,"href":"https:\/\/agora.xtec.cat\/iesesteveterradas\/wp-json\/wp\/v2\/pages\/931"}],"wp:attachment":[{"href":"https:\/\/agora.xtec.cat\/iesesteveterradas\/wp-json\/wp\/v2\/media?parent=18259"}],"curies":[{"name":"wp","href":"https:\/\/api.w.org\/{rel}","templated":true}]}}

Compleció d&#8217;estudis

<p>Trobareu les programacions als enllaços següents:</p>
<ul>
<li><a href="https://drive.google.com/drive/folders/1_F24EYrZ8cqh5_v3W-6FX-V_L2osTxWf?usp=sharing">DAM/ DAW</a></li>
<li><a href="https://drive.google.com/drive/folders/1exBQgpmRcwJkV2UfInPmMqwmNpwLzP3w?usp=sharing">SIS</a></li>
<li><a href="https://drive.google.com/drive/folders/1tq_W-oTM7IfvQ0mssLWwrwYg62GLtIO_?usp=sharing">SMX</a></li>
</ul>
<p>Per a més informació, contacta amb el cap del departament: <a href="mailto:averges@iesesteveterradas.cat">averges@iesesteveterradas.cat</a></p>
<p>Per a més informació relativa a cicles de grau superior, pots contactar amb el tutor corresponent:</p>
<ul>
<li style="list-style-type: none;">
<ul>
<li>ASIX: <a href="mailto:slozan12@iesesteveterradas.cat">slozan12@iesesteveterradas.cat </a></li>
<li>DAM:<a href="mailto:jpala4@iesesteveterradas.cat"> jpala4@iesesteveterradas.cat </a></li>
<li>DAW:<a href="mailto:lzabala@iesesteveterradas.cat"> lzabala@iesesteveterradas.cat </a></li>
</ul>
</li>
</ul>
<p>Per a més informació relativa a cicles de grau mitjà, pots accedir al curs mitjançant el següent enllaç de <a href="https://moodle.ieti.site/enrol/index.php?id=555"><strong>moodle</strong>.</a> A dintre, pots consultar el curs i contactar amb els professors responsables de cada mòdul.</p>

<p>Trobareu les programacions als enllaços següents:</p>
<ul>
<li><a href="https://drive.google.com/drive/folders/1_F24EYrZ8cqh5_v3W-6FX-V_L2osTxWf?usp=sharing">DAM/ DAW</a></li>
<li><a href="https://drive.google.com/drive/folders/1exBQgpmRcwJkV2UfInPmMqwmNpwLzP3w?usp=sharing">SIS</a></li>
<li><a href="https://drive.google.com/drive/folders/1tq_W-oTM7IfvQ0mssLWwrwYg62GLtIO_?usp=sharing">SMX</a></li>
</ul>
<p>Per a més informació, contacta amb el cap del departament: <a href="mailto:averges@iesesteveterradas.cat">averges@iesesteveterradas.cat</a><br />
Per a més informació relativa a cicles de grau superior, pots contactar amb el tutor corresponent:</p>
<ul>
<li style="list-style-type: none;">
<ul>
<li>ASIX: <a href="mailto:slozan12@iesesteveterradas.cat">slozan12@iesesteveterradas.cat </a></li>
<li>DAM:<a href="mailto:jpala4@iesesteveterradas.cat"> jpala4@iesesteveterradas.cat </a></li>
<li>DAW:<a href="mailto:lzabala@iesesteveterradas.cat"> lzabala@iesesteveterradas.cat </a></li>
</ul>
</li>
</ul>
<p>Per a&hellip;  <a href="https://agora.xtec.cat/iesesteveterradas/departaments/departaments-fp/informatica/complecio-destudis/" title="Read Compleció d&#8217;estudis">Llegeix més»</a></p>
