{"id":14067,"date":"2023-09-28T10:49:59","date_gmt":"2023-09-28T08:49:59","guid":{"rendered":"https:\/\/agora.xtec.cat\/iesesteveterradas\/?page_id=14067"},"modified":"2025-10-13T09:42:15","modified_gmt":"2025-10-13T07:42:15","slug":"mediacio","status":"publish","type":"page","link":"https:\/\/agora.xtec.cat\/iesesteveterradas\/serveis-2\/mediacio\/","title":{"rendered":"Mediaci\u00f3"},"content":{"rendered":"<p><span style=\"font-weight: 400;\">La Mediaci\u00f3 \u00e9s un m\u00e9tode de gesti\u00f3 de conflictes en el que les <\/span><span style=\"font-weight: 400;\">persones enfrontades es reuneixen en pres\u00e8ncia del mediador o mediadora i, mitjan\u00e7ant el di\u00e0leg, busquen sortides al problema conjuntament.<\/span><\/p>\n<p><span style=\"font-weight: 400;\">La mediaci\u00f3, com veurem m\u00e9s endavant, t\u00e9 les seg\u00fcents caracter\u00edstiques:<\/span><\/p>\n<ul>\n<li><i><span style=\"font-weight: 400;\">\u00c9s volunt\u00e0ria.<\/span><\/i><\/li>\n<li><i><span style=\"font-weight: 400;\"> \u00c9s confidencial.<\/span><\/i><\/li>\n<li><i><span style=\"font-weight: 400;\"> Els acords i les decisions les prenen lliurement i responsablement les persones en conflicte.<\/span><\/i><\/li>\n<\/ul>\n<p>&nbsp;<\/p>\n<p style=\"text-align: center;\">L&#8217;Esteve Terradas disposa d\u2019un equip de 8 alumnes mediadors\/es que treballa sota la coordinaci\u00f3 i supervisi\u00f3 d\u2019una persona especialista en la mat\u00e8ria.<\/p>\n<p>&nbsp;<\/p>\n<p><strong>Qui la pot demanar una mediaci\u00f3?<\/strong><\/p>\n<ul>\n<li>Alumnat (de l&#8217;ESO, Batxillerat o Cicles).<\/li>\n<li>Mestres, fam\u00edlies\u00a0 i qualsevol membre de la comunitat educativa.<\/li>\n<\/ul>\n<p><strong>Quan?<\/strong><\/p>\n<ul>\n<li>Quan tingueu un conflicte amb qualsevol persona de la comunitat escolar.<\/li>\n<li>Com a estrat\u00e8gia preventiva en la gesti\u00f3 de conflictes entre membres de la comunitat escolar.<\/li>\n<li>Com a estrat\u00e8gia de reparaci\u00f3 o de reconciliaci\u00f3, un cop aplicada una mesura correctora o una sanci\u00f3, per tal de restablir la confian\u00e7a entre les persones i proporcionar nous elements de resposta en situacions semblants que es puguin produir.<\/li>\n<li>Durant la tramitaci\u00f3 d\u2019un procediment sancionador.<\/li>\n<\/ul>\n<p><strong>Com?<\/strong><\/p>\n<ul>\n<li>Enviant un mail amb les teves dades a l\u2019adre\u00e7a: ambvosaltres@iesesteveterradas.cat, indicant Nom i cognoms de les persones implicades i descripci\u00f3 del conflicte a resoldre.<\/li>\n<\/ul>\n","protected":false},"excerpt":{"rendered":"<p>La Mediaci\u00f3 \u00e9s un m\u00e9tode de gesti\u00f3 de conflictes en el que les persones enfrontades es reuneixen en pres\u00e8ncia del mediador o mediadora i, mitjan\u00e7ant el di\u00e0leg, busquen sortides al problema conjuntament.<br \/>\nLa mediaci\u00f3, com veurem m\u00e9s endavant, t\u00e9 les seg\u00fcents caracter\u00edstiques:<\/p>\n<ul>\n<li>\u00c9s volunt\u00e0ria.<\/li>\n<li> \u00c9s confidencial.<\/li>\n<li> Els&hellip;  <a href=\"https:\/\/agora.xtec.cat\/iesesteveterradas\/serveis-2\/mediacio\/\" title=\"Read Mediaci\u00f3\">Llegeix m\u00e9s\u00bb<\/a><br \/>\n","protected":false},"author":45,"featured_media":0,"parent":8658,"menu_order":0,"comment_status":"closed","ping_status":"closed","template":"page-templates\/side-menu.php","meta":{"_bbp_topic_count":0,"_bbp_reply_count":0,"_bbp_total_topic_count":0,"_bbp_total_reply_count":0,"_bbp_voice_count":0,"_bbp_anonymous_reply_count":0,"_bbp_topic_count_hidden":0,"_bbp_reply_count_hidden":0,"_bbp_forum_subforum_count":0,"footnotes":""},"class_list":["post-14067","page","type-page","status-publish","hentry"],"post_mailing_queue_ids":[],"_links":{"self":[{"href":"https:\/\/agora.xtec.cat\/iesesteveterradas\/wp-json\/wp\/v2\/pages\/14067","targetHints":{"allow":["GET"]}}],"collection":[{"href":"https:\/\/agora.xtec.cat\/iesesteveterradas\/wp-json\/wp\/v2\/pages"}],"about":[{"href":"https:\/\/agora.xtec.cat\/iesesteveterradas\/wp-json\/wp\/v2\/types\/page"}],"author":[{"embeddable":true,"href":"https:\/\/agora.xtec.cat\/iesesteveterradas\/wp-json\/wp\/v2\/users\/45"}],"replies":[{"embeddable":true,"href":"https:\/\/agora.xtec.cat\/iesesteveterradas\/wp-json\/wp\/v2\/comments?post=14067"}],"version-history":[{"count":6,"href":"https:\/\/agora.xtec.cat\/iesesteveterradas\/wp-json\/wp\/v2\/pages\/14067\/revisions"}],"predecessor-version":[{"id":14107,"href":"https:\/\/agora.xtec.cat\/iesesteveterradas\/wp-json\/wp\/v2\/pages\/14067\/revisions\/14107"}],"up":[{"embeddable":true,"href":"https:\/\/agora.xtec.cat\/iesesteveterradas\/wp-json\/wp\/v2\/pages\/8658"}],"wp:attachment":[{"href":"https:\/\/agora.xtec.cat\/iesesteveterradas\/wp-json\/wp\/v2\/media?parent=14067"}],"curies":[{"name":"wp","href":"https:\/\/api.w.org\/{rel}","templated":true}]}}