{"id":12714,"date":"2022-11-28T10:47:53","date_gmt":"2022-11-28T09:47:53","guid":{"rendered":"https:\/\/agora.xtec.cat\/iesesteveterradas\/?page_id=12714"},"modified":"2022-11-28T10:47:53","modified_gmt":"2022-11-28T09:47:53","slug":"qui-era-m-carmen-brito","status":"publish","type":"page","link":"https:\/\/agora.xtec.cat\/iesesteveterradas\/serveis-2\/biblioteca-m-carmen-brito\/qui-era-m-carmen-brito\/","title":{"rendered":"Qui era M. Carmen Brito?"},"content":{"rendered":"<p>La biblioteca de l\u2019Institut Esteve Terradas i Illa de Cornell\u00e0 porta aquest nom en mem\u00f2ria de la professora <strong>M. Carmen Brito Ruiz<\/strong> (1970-2018). <img loading=\"lazy\" decoding=\"async\" class=\"size-full wp-image-12715 alignright\" src=\"https:\/\/agora.xtec.cat\/iesesteveterradas\/wp-content\/uploads\/usu855\/m.-carmen-brito.png\" alt=\"\" width=\"326\" height=\"464\" srcset=\"https:\/\/agora.xtec.cat\/iesesteveterradas\/wp-content\/uploads\/usu855\/m.-carmen-brito.png 326w, https:\/\/agora.xtec.cat\/iesesteveterradas\/wp-content\/uploads\/usu855\/m.-carmen-brito-211x300.png 211w\" sizes=\"auto, (max-width: 326px) 100vw, 326px\" \/><\/p>\n<p>Llicenciada en inform\u00e0tica per la Universitat Polit\u00e8cnica de Catalunya, va iniciar la seva tasca docent a l\u2019Institut Esteve Terradas el curs 1998-1999 com a cap del departament d\u2019inform\u00e0tica. \u00a0 A partir del curs 2005-2006, i fins al 2018, va ocupar diferents c\u00e0rrecs dintre de l\u2019equip directiu, entre els quals el de subdirectora de Formaci\u00f3 Professional.<\/p>\n<p>Va impulsar la Formaci\u00f3 Professional DUAL des dels seus inicis el curs 2013-2014, arribant a ser una de les persones clau en el creixement d\u2019aquesta modalitat de pr\u00e0ctiques arreu de Catalunya.<\/p>\n<p>D\u2019arrels andaluses, va ser una persona entusiasta, oberta, amable, amiga dels seus amics, extravertida, alegre, amb molt car\u00e0cter per\u00f2 sempre disposada a donar un cop de m\u00e0 a tothom que ho necessitava.<\/p>\n<p>Fortament arrelada a la ciutat de Cornell\u00e0, va participar activament en el Consell Escolar Municipal, el Consell de Seguretat i en \u201cCornell\u00e0 Valors\u201d, entitat ciutadana que li va donar el seu nom al concurs de microrelats M. Carmen Brito.<\/p>\n<p>L\u2019any 2020 la Generalitat de Catalunya va recon\u00e8ixer p\u00f2stumament la seva carrera professional amb una menci\u00f3 especial a les bones pr\u00e0ctiques a la traject\u00f2ria individual en els Premis #FPCAT.<\/p>\n<p>M. Carmen Brito va deixar una empremta molt profunda a l\u2019Institut Esteve Terradas i a la ciutat de Cornell\u00e0.<\/p>\n","protected":false},"excerpt":{"rendered":"<p>La biblioteca de l\u2019Institut Esteve Terradas i Illa de Cornell\u00e0 porta aquest nom en mem\u00f2ria de la professora M. Carmen Brito Ruiz (1970-2018).<br \/>\nLlicenciada en inform\u00e0tica per la Universitat Polit\u00e8cnica de Catalunya, va iniciar la seva tasca docent a l\u2019Institut Esteve Terradas el curs 1998-1999&hellip;  <a href=\"https:\/\/agora.xtec.cat\/iesesteveterradas\/serveis-2\/biblioteca-m-carmen-brito\/qui-era-m-carmen-brito\/\" title=\"Read Qui era M. Carmen Brito?\">Llegeix m\u00e9s\u00bb<\/a><\/p>\n","protected":false},"author":45,"featured_media":0,"parent":12660,"menu_order":0,"comment_status":"closed","ping_status":"closed","template":"","meta":{"_bbp_topic_count":0,"_bbp_reply_count":0,"_bbp_total_topic_count":0,"_bbp_total_reply_count":0,"_bbp_voice_count":0,"_bbp_anonymous_reply_count":0,"_bbp_topic_count_hidden":0,"_bbp_reply_count_hidden":0,"_bbp_forum_subforum_count":0,"footnotes":""},"class_list":["post-12714","page","type-page","status-publish","hentry"],"post_mailing_queue_ids":[],"_links":{"self":[{"href":"https:\/\/agora.xtec.cat\/iesesteveterradas\/wp-json\/wp\/v2\/pages\/12714","targetHints":{"allow":["GET"]}}],"collection":[{"href":"https:\/\/agora.xtec.cat\/iesesteveterradas\/wp-json\/wp\/v2\/pages"}],"about":[{"href":"https:\/\/agora.xtec.cat\/iesesteveterradas\/wp-json\/wp\/v2\/types\/page"}],"author":[{"embeddable":true,"href":"https:\/\/agora.xtec.cat\/iesesteveterradas\/wp-json\/wp\/v2\/users\/45"}],"replies":[{"embeddable":true,"href":"https:\/\/agora.xtec.cat\/iesesteveterradas\/wp-json\/wp\/v2\/comments?post=12714"}],"version-history":[{"count":3,"href":"https:\/\/agora.xtec.cat\/iesesteveterradas\/wp-json\/wp\/v2\/pages\/12714\/revisions"}],"predecessor-version":[{"id":12719,"href":"https:\/\/agora.xtec.cat\/iesesteveterradas\/wp-json\/wp\/v2\/pages\/12714\/revisions\/12719"}],"up":[{"embeddable":true,"href":"https:\/\/agora.xtec.cat\/iesesteveterradas\/wp-json\/wp\/v2\/pages\/12660"}],"wp:attachment":[{"href":"https:\/\/agora.xtec.cat\/iesesteveterradas\/wp-json\/wp\/v2\/media?parent=12714"}],"curies":[{"name":"wp","href":"https:\/\/api.w.org\/{rel}","templated":true}]}}