{"id":12673,"date":"2022-11-15T11:43:59","date_gmt":"2022-11-15T10:43:59","guid":{"rendered":"https:\/\/agora.xtec.cat\/iesesteveterradas\/?page_id=12673"},"modified":"2022-11-21T20:56:23","modified_gmt":"2022-11-21T19:56:23","slug":"aula-ateca","status":"publish","type":"page","link":"https:\/\/agora.xtec.cat\/iesesteveterradas\/serveis-2\/biblioteca-m-carmen-brito\/aula-ateca\/","title":{"rendered":"Aula ATECA"},"content":{"rendered":"<p>L&#8217;aula Ateca \u00e9s l&#8217;espai d&#8217;innovaci\u00f3 tecnol\u00f2gica del centre. La seva seu central es troba a la sala de la biblioteca utilitzada per a reunions off i on-line i Club de Realitat Virtual.<\/p>\n<p>L&#8217;altre espai Ateca est\u00e0 al departament de fabricaci\u00f3 mec\u00e0nica a l&#8217;aula CNC amb les diferents tipologies d&#8217;impressi\u00f3 3D, soldadura Virtual i sistema d&#8217;aprenentatge de realitat virtual mixta amb ulleres HoloLens de Microsoft.<\/p>\n<p style=\"text-align: center;\"><a href=\"https:\/\/agora.xtec.cat\/iesesteveterradas\/wp-content\/uploads\/usu855\/ateca.jpg\"><img loading=\"lazy\" decoding=\"async\" class=\"size-full wp-image-12707 aligncenter\" src=\"https:\/\/agora.xtec.cat\/iesesteveterradas\/wp-content\/uploads\/usu855\/ateca.jpg\" alt=\"\" width=\"640\" height=\"480\" srcset=\"https:\/\/agora.xtec.cat\/iesesteveterradas\/wp-content\/uploads\/usu855\/ateca.jpg 640w, https:\/\/agora.xtec.cat\/iesesteveterradas\/wp-content\/uploads\/usu855\/ateca-300x225.jpg 300w, https:\/\/agora.xtec.cat\/iesesteveterradas\/wp-content\/uploads\/usu855\/ateca-200x150.jpg 200w\" sizes=\"auto, (max-width: 640px) 100vw, 640px\" \/><\/a><\/p>\n","protected":false},"excerpt":{"rendered":"<p>L&#8217;aula Ateca \u00e9s l&#8217;espai d&#8217;innovaci\u00f3 tecnol\u00f2gica del centre. La seva seu central es troba a la sala de la biblioteca utilitzada per a reunions off i on-line i Club de Realitat Virtual.<br \/>\nL&#8217;altre espai Ateca est\u00e0 al departament de fabricaci\u00f3 mec\u00e0nica a l&#8217;aula CNC amb les&hellip;  <a href=\"https:\/\/agora.xtec.cat\/iesesteveterradas\/serveis-2\/biblioteca-m-carmen-brito\/aula-ateca\/\" title=\"Read Aula ATECA\">Llegeix m\u00e9s\u00bb<\/a><\/p>\n","protected":false},"author":45,"featured_media":0,"parent":12660,"menu_order":0,"comment_status":"closed","ping_status":"closed","template":"page-templates\/side-menu.php","meta":{"_bbp_topic_count":0,"_bbp_reply_count":0,"_bbp_total_topic_count":0,"_bbp_total_reply_count":0,"_bbp_voice_count":0,"_bbp_anonymous_reply_count":0,"_bbp_topic_count_hidden":0,"_bbp_reply_count_hidden":0,"_bbp_forum_subforum_count":0,"footnotes":""},"class_list":["post-12673","page","type-page","status-publish","hentry"],"post_mailing_queue_ids":[],"_links":{"self":[{"href":"https:\/\/agora.xtec.cat\/iesesteveterradas\/wp-json\/wp\/v2\/pages\/12673","targetHints":{"allow":["GET"]}}],"collection":[{"href":"https:\/\/agora.xtec.cat\/iesesteveterradas\/wp-json\/wp\/v2\/pages"}],"about":[{"href":"https:\/\/agora.xtec.cat\/iesesteveterradas\/wp-json\/wp\/v2\/types\/page"}],"author":[{"embeddable":true,"href":"https:\/\/agora.xtec.cat\/iesesteveterradas\/wp-json\/wp\/v2\/users\/45"}],"replies":[{"embeddable":true,"href":"https:\/\/agora.xtec.cat\/iesesteveterradas\/wp-json\/wp\/v2\/comments?post=12673"}],"version-history":[{"count":3,"href":"https:\/\/agora.xtec.cat\/iesesteveterradas\/wp-json\/wp\/v2\/pages\/12673\/revisions"}],"predecessor-version":[{"id":12708,"href":"https:\/\/agora.xtec.cat\/iesesteveterradas\/wp-json\/wp\/v2\/pages\/12673\/revisions\/12708"}],"up":[{"embeddable":true,"href":"https:\/\/agora.xtec.cat\/iesesteveterradas\/wp-json\/wp\/v2\/pages\/12660"}],"wp:attachment":[{"href":"https:\/\/agora.xtec.cat\/iesesteveterradas\/wp-json\/wp\/v2\/media?parent=12673"}],"curies":[{"name":"wp","href":"https:\/\/api.w.org\/{rel}","templated":true}]}}

<p>L&#8217;aula Ateca és l&#8217;espai d&#8217;innovació tecnològica del centre. La seva seu central es troba a la sala de la biblioteca utilitzada per a reunions off i on-line i Club de Realitat Virtual.</p>
<p>L&#8217;altre espai Ateca està al departament de fabricació mecànica a l&#8217;aula CNC amb les diferents tipologies d&#8217;impressió 3D, soldadura Virtual i sistema d&#8217;aprenentatge de realitat virtual mixta amb ulleres HoloLens de Microsoft.</p>
<p style="text-align: center;"><a href="https://agora.xtec.cat/iesesteveterradas/wp-content/uploads/usu855/ateca.jpg"><img loading="lazy" decoding="async" class="size-full wp-image-12707 aligncenter" src="https://agora.xtec.cat/iesesteveterradas/wp-content/uploads/usu855/ateca.jpg" alt="" width="640" height="480" srcset="https://agora.xtec.cat/iesesteveterradas/wp-content/uploads/usu855/ateca.jpg 640w, https://agora.xtec.cat/iesesteveterradas/wp-content/uploads/usu855/ateca-300x225.jpg 300w, https://agora.xtec.cat/iesesteveterradas/wp-content/uploads/usu855/ateca-200x150.jpg 200w" sizes="auto, (max-width: 640px) 100vw, 640px" /></a></p>

<p>L&#8217;aula Ateca és l&#8217;espai d&#8217;innovació tecnològica del centre. La seva seu central es troba a la sala de la biblioteca utilitzada per a reunions off i on-line i Club de Realitat Virtual.<br />
L&#8217;altre espai Ateca està al departament de fabricació mecànica a l&#8217;aula CNC amb les&hellip;  <a href="https://agora.xtec.cat/iesesteveterradas/serveis-2/biblioteca-m-carmen-brito/aula-ateca/" title="Read Aula ATECA">Llegeix més»</a></p>
