{"id":1202,"date":"2018-11-09T18:27:46","date_gmt":"2018-11-09T17:27:46","guid":{"rendered":"http:\/\/agora.xtec.cat\/iesesteveterradas\/?page_id=1202"},"modified":"2025-10-23T11:48:58","modified_gmt":"2025-10-23T09:48:58","slug":"tecnologia","status":"publish","type":"page","link":"https:\/\/agora.xtec.cat\/iesesteveterradas\/departaments\/departaments-eso-batxillerat\/tecnologia\/","title":{"rendered":"Tecnologia"},"content":{"rendered":"<p style=\"width: 400px; padding: 0; margin: 5px 20px 10px 3px; float: right;\"><img decoding=\"async\" style=\"width: 400px; height: 384px;\" src=\"https:\/\/agora.xtec.cat\/iesesteveterradas\/wp-content\/uploads\/usu855\/tecnologia.jpg.png\" alt=\"\" \/><\/p>\n<p>En primer lloc, donar-vos la benvinguda a les &#8220;tecnologies del Esteve Terradas&#8221;, on pretenem acompanyar i familiaritzar als adolescents en les tecnologies m\u00e9s importants.<\/p>\n<p>Tecnologia \u00e9s una paraula d&#8217;origen grec formada per t\u00e9chn\u0113 (art, t\u00e8cnica o ofici) i log\u00eda (estudi d&#8217;alguna cosa).<\/p>\n<p>Per tant, Tecnologia \u00e9s el conjunt de coneixements t\u00e8cnics, cient\u00edficament ordenats, que permeten dissenyar i crear b\u00e9ns, serveis, que faciliten l&#8217;adaptaci\u00f3 al medi ambient i la satisfacci\u00f3 de les necessitats essencials i els desitjos de les persones.<\/p>\n<p>L&#8217;educaci\u00f3 tecnol\u00f2gica \u00e9s un pilar fonamental en un sistema educatiu modern ja que \u00e9s una mat\u00e8ria integradora, que treballa de una forma especial les compet\u00e8ncies b\u00e0siques ajudant d&#8217;aquesta manera en el desenvolupament integral de les persones.<\/p>\n<p>Garantitza la preparaci\u00f3 t\u00e8cnica necess\u00e0ria per a la ciutadania del segle XXI i orienta cap a estudis cient\u00edfic-tecnol\u00f2gics superiors, assegurant la demanda de professionals t\u00e8cnics i investigadors qualificats.<\/p>\n","protected":false},"excerpt":{"rendered":"<p>En primer lloc, donar-vos la benvinguda a les &#8220;tecnologies del Esteve Terradas&#8221;, on pretenem acompanyar i familiaritzar als adolescents en les tecnologies m\u00e9s importants.<br \/>\nTecnologia \u00e9s una paraula d&#8217;origen grec formada per t\u00e9chn\u0113 (art, t\u00e8cnica o ofici) i log\u00eda (estudi d&#8217;alguna cosa).<br \/>\nPer tant, Tecnologia \u00e9s el&hellip;  <a href=\"https:\/\/agora.xtec.cat\/iesesteveterradas\/departaments\/departaments-eso-batxillerat\/tecnologia\/\" title=\"Read Tecnologia\">Llegeix m\u00e9s\u00bb<\/a><\/p>\n","protected":false},"author":1,"featured_media":0,"parent":18650,"menu_order":0,"comment_status":"closed","ping_status":"closed","template":"page-templates\/side-menu.php","meta":{"_bbp_topic_count":0,"_bbp_reply_count":0,"_bbp_total_topic_count":0,"_bbp_total_reply_count":0,"_bbp_voice_count":0,"_bbp_anonymous_reply_count":0,"_bbp_topic_count_hidden":0,"_bbp_reply_count_hidden":0,"_bbp_forum_subforum_count":0,"footnotes":""},"class_list":["post-1202","page","type-page","status-publish","hentry"],"post_mailing_queue_ids":[],"_links":{"self":[{"href":"https:\/\/agora.xtec.cat\/iesesteveterradas\/wp-json\/wp\/v2\/pages\/1202","targetHints":{"allow":["GET"]}}],"collection":[{"href":"https:\/\/agora.xtec.cat\/iesesteveterradas\/wp-json\/wp\/v2\/pages"}],"about":[{"href":"https:\/\/agora.xtec.cat\/iesesteveterradas\/wp-json\/wp\/v2\/types\/page"}],"author":[{"embeddable":true,"href":"https:\/\/agora.xtec.cat\/iesesteveterradas\/wp-json\/wp\/v2\/users\/1"}],"replies":[{"embeddable":true,"href":"https:\/\/agora.xtec.cat\/iesesteveterradas\/wp-json\/wp\/v2\/comments?post=1202"}],"version-history":[{"count":2,"href":"https:\/\/agora.xtec.cat\/iesesteveterradas\/wp-json\/wp\/v2\/pages\/1202\/revisions"}],"predecessor-version":[{"id":2156,"href":"https:\/\/agora.xtec.cat\/iesesteveterradas\/wp-json\/wp\/v2\/pages\/1202\/revisions\/2156"}],"up":[{"embeddable":true,"href":"https:\/\/agora.xtec.cat\/iesesteveterradas\/wp-json\/wp\/v2\/pages\/18650"}],"wp:attachment":[{"href":"https:\/\/agora.xtec.cat\/iesesteveterradas\/wp-json\/wp\/v2\/media?parent=1202"}],"curies":[{"name":"wp","href":"https:\/\/api.w.org\/{rel}","templated":true}]}}

<p style="width: 400px; padding: 0; margin: 5px 20px 10px 3px; float: right;"><img decoding="async" style="width: 400px; height: 384px;" src="https://agora.xtec.cat/iesesteveterradas/wp-content/uploads/usu855/tecnologia.jpg.png" alt="" /></p>
<p>En primer lloc, donar-vos la benvinguda a les &#8220;tecnologies del Esteve Terradas&#8221;, on pretenem acompanyar i familiaritzar als adolescents en les tecnologies més importants.</p>
<p>Tecnologia és una paraula d&#8217;origen grec formada per téchnē (art, tècnica o ofici) i logía (estudi d&#8217;alguna cosa).</p>
<p>Per tant, Tecnologia és el conjunt de coneixements tècnics, científicament ordenats, que permeten dissenyar i crear béns, serveis, que faciliten l&#8217;adaptació al medi ambient i la satisfacció de les necessitats essencials i els desitjos de les persones.</p>
<p>L&#8217;educació tecnològica és un pilar fonamental en un sistema educatiu modern ja que és una matèria integradora, que treballa de una forma especial les competències bàsiques ajudant d&#8217;aquesta manera en el desenvolupament integral de les persones.</p>
<p>Garantitza la preparació tècnica necessària per a la ciutadania del segle XXI i orienta cap a estudis científic-tecnològics superiors, assegurant la demanda de professionals tècnics i investigadors qualificats.</p>

<p>En primer lloc, donar-vos la benvinguda a les &#8220;tecnologies del Esteve Terradas&#8221;, on pretenem acompanyar i familiaritzar als adolescents en les tecnologies més importants.<br />
Tecnologia és una paraula d&#8217;origen grec formada per téchnē (art, tècnica o ofici) i logía (estudi d&#8217;alguna cosa).<br />
Per tant, Tecnologia és el&hellip;  <a href="https://agora.xtec.cat/iesesteveterradas/departaments/departaments-eso-batxillerat/tecnologia/" title="Read Tecnologia">Llegeix més»</a></p>
