{"id":1199,"date":"2018-11-09T18:27:46","date_gmt":"2018-11-09T17:27:46","guid":{"rendered":"http:\/\/agora.xtec.cat\/iesesteveterradas\/?page_id=1199"},"modified":"2025-10-23T11:43:00","modified_gmt":"2025-10-23T09:43:00","slug":"castella","status":"publish","type":"page","link":"https:\/\/agora.xtec.cat\/iesesteveterradas\/departaments\/departaments-eso-batxillerat\/castella\/","title":{"rendered":"Castell\u00e0"},"content":{"rendered":"<p><img decoding=\"async\" style=\"margin: 10px; float: left; width: 233px; height: 697px;\" src=\"https:\/\/agora.xtec.cat\/iesesteveterradas\/wp-content\/uploads\/usu855\/departamentCastella_small.jpg\" alt=\"castellano\" \/>El departamento de lengua castellana y literatura propone para fomentar en el alumnado el buen uso de la lengua, tanto escrita como oral, un trabajo sistem\u00e1tico en el que se potencie no s\u00f3lo el uso habitual de la lengua, sino\u00a0 otros registros m\u00e1s cultos del idioma.<\/p>\n<p>Pretende, adem\u00e1s, que el trabajo de los alumnos y alumnas sea ameno, divertido y visual, y que con \u00e9l aprendan, al mismo tiempo, a incorporar en sus tareas escolares el dominio de nuevas t\u00e9cnicas de la comunicaci\u00f3n audiovisual con el fin de alcanzar una mayor autonom\u00eda en su metodolog\u00eda de trabajo. El profesorado pone especial atenci\u00f3n\u00a0 en\u00a0 la presentaci\u00f3n de trabajos donde se combinen procedimientos tradicionales con nuevas formas de tratamiento de textos e im\u00e1genes.<\/p>\n<p>La finalidad prioritaria es trabajar\u00a0 competencias como:<\/p>\n<p>&#8211; La comprensi\u00f3n a trav\u00e9s de la lectura y la entonaci\u00f3n adecuada al tipo de texto.<br \/>\n&#8211; La t\u00e9cnica de la estructuraci\u00f3n y del resumen de los textos.<br \/>\n&#8211; La composici\u00f3n creativa y la interpretaci\u00f3n del lenguaje literario o simb\u00f3lico.<br \/>\n&#8211; La descripci\u00f3n de im\u00e1genes o situaciones y los guiones cinematogr\u00e1ficos.<br \/>\n&#8211; La consulta de libros o de Internet para ampliar informaci\u00f3n.<br \/>\n&#8211; La ortograf\u00eda y el buen estilo idiom\u00e1tico.<\/p>\n<p>Los materiales que el departamento ofrece son:<\/p>\n<p>&#8211; Recopilaciones de cuentos tradicionales y actuales de distintas \u00e9pocas y autores con<br \/>\nim\u00e1genes.<br \/>\n&#8211; Exposici\u00f3n de murales con trabajos del alumnado.<br \/>\n&#8211; Rodaje de \u201cspots\u201d publicitarios.<br \/>\n&#8211; Resoluci\u00f3n de cuestionarios sobre un tema en concreto.<br \/>\n&#8211; Exposiciones orales del alumnado sobre un tema propuesto por el departamento.<\/p>\n","protected":false},"excerpt":{"rendered":"<p>El departamento de lengua castellana y literatura propone para fomentar en el alumnado el buen uso de la lengua, tanto escrita como oral, un trabajo sistem\u00e1tico en el que se potencie no s\u00f3lo el uso habitual de la lengua, sino\u00a0 otros registros m\u00e1s cultos del&hellip;  <a href=\"https:\/\/agora.xtec.cat\/iesesteveterradas\/departaments\/departaments-eso-batxillerat\/castella\/\" title=\"Read Castell\u00e0\">Llegeix m\u00e9s\u00bb<\/a><\/p>\n","protected":false},"author":1,"featured_media":0,"parent":18650,"menu_order":0,"comment_status":"closed","ping_status":"closed","template":"page-templates\/side-menu.php","meta":{"_bbp_topic_count":0,"_bbp_reply_count":0,"_bbp_total_topic_count":0,"_bbp_total_reply_count":0,"_bbp_voice_count":0,"_bbp_anonymous_reply_count":0,"_bbp_topic_count_hidden":0,"_bbp_reply_count_hidden":0,"_bbp_forum_subforum_count":0,"footnotes":""},"class_list":["post-1199","page","type-page","status-publish","hentry"],"post_mailing_queue_ids":[],"_links":{"self":[{"href":"https:\/\/agora.xtec.cat\/iesesteveterradas\/wp-json\/wp\/v2\/pages\/1199","targetHints":{"allow":["GET"]}}],"collection":[{"href":"https:\/\/agora.xtec.cat\/iesesteveterradas\/wp-json\/wp\/v2\/pages"}],"about":[{"href":"https:\/\/agora.xtec.cat\/iesesteveterradas\/wp-json\/wp\/v2\/types\/page"}],"author":[{"embeddable":true,"href":"https:\/\/agora.xtec.cat\/iesesteveterradas\/wp-json\/wp\/v2\/users\/1"}],"replies":[{"embeddable":true,"href":"https:\/\/agora.xtec.cat\/iesesteveterradas\/wp-json\/wp\/v2\/comments?post=1199"}],"version-history":[{"count":3,"href":"https:\/\/agora.xtec.cat\/iesesteveterradas\/wp-json\/wp\/v2\/pages\/1199\/revisions"}],"predecessor-version":[{"id":2149,"href":"https:\/\/agora.xtec.cat\/iesesteveterradas\/wp-json\/wp\/v2\/pages\/1199\/revisions\/2149"}],"up":[{"embeddable":true,"href":"https:\/\/agora.xtec.cat\/iesesteveterradas\/wp-json\/wp\/v2\/pages\/18650"}],"wp:attachment":[{"href":"https:\/\/agora.xtec.cat\/iesesteveterradas\/wp-json\/wp\/v2\/media?parent=1199"}],"curies":[{"name":"wp","href":"https:\/\/api.w.org\/{rel}","templated":true}]}}