{"id":1198,"date":"2018-11-09T18:27:46","date_gmt":"2018-11-09T17:27:46","guid":{"rendered":"http:\/\/agora.xtec.cat\/iesesteveterradas\/?page_id=1198"},"modified":"2025-10-23T11:54:06","modified_gmt":"2025-10-23T09:54:06","slug":"orientacio-educativa","status":"publish","type":"page","link":"https:\/\/agora.xtec.cat\/iesesteveterradas\/departaments\/orientacio-educativa\/","title":{"rendered":"Departament d&#8217;orientaci\u00f3 educativa"},"content":{"rendered":"<h3><u><img loading=\"lazy\" decoding=\"async\" class=\"alignnone wp-image-14607\" src=\"https:\/\/agora.xtec.cat\/iesesteveterradas\/wp-content\/uploads\/usu855\/orientacio-ed.jpg\" alt=\"\" width=\"616\" height=\"411\" srcset=\"https:\/\/agora.xtec.cat\/iesesteveterradas\/wp-content\/uploads\/usu855\/orientacio-ed.jpg 940w, https:\/\/agora.xtec.cat\/iesesteveterradas\/wp-content\/uploads\/usu855\/orientacio-ed-300x200.jpg 300w, https:\/\/agora.xtec.cat\/iesesteveterradas\/wp-content\/uploads\/usu855\/orientacio-ed-768x512.jpg 768w\" sizes=\"auto, (max-width: 616px) 100vw, 616px\" \/><\/u><\/h3>\n<h3><u>QUI SOM?<\/u><\/h3>\n<p>El departament est\u00e0 format per 9 orientadors\/es, 2 educadors\/es, 1 t\u00e8cnica en integraci\u00f3 social, 1 docent de religi\u00f3 i 1 vetlladora.<\/p>\n<p><u style=\"font-size: 1.6875em; font-weight: bold;\">QU\u00c8 FEM?<\/u><\/p>\n<p>El departament d\u2019orientaci\u00f3 del centre promou, conjuntament amb els equips docents, la planificaci\u00f3, la coordinaci\u00f3 i la dinamitzaci\u00f3 de les tasques d&#8217;acompanyament, seguiment i avaluaci\u00f3 dels alumnes.<\/p>\n<p>Treballem des de la responsabilitat amb les fam\u00edlies de l\u2019alumnat per desenvolupar el potencial de l\u2019alumnat a tots els \u00e0mbits (d\u2019aprenentatge, personal i social).<\/p>\n<p>Les nostres actuacions van adre\u00e7ades a:<br \/>\n\u25cf Alumnat del centre.<br \/>\n\u25cf Comunitat educativa.<br \/>\n\u25cf Coordinaci\u00f3 amb l&#8217;EAP i els Serveis Externs.<\/p>\n<ul style=\"list-style-type: square;\">\n<li>Suport dins de l&#8217;aula: Aquest suport dins de l&#8217;aula \u00e9s fruit d&#8217;un treball coordinat i acordat entre l&#8217;orientador o orientadora, els departaments did\u00e0ctics i els equips docents. L&#8217;objectiu \u00e9s afavorir l&#8217;intercanvi d&#8217;estrat\u00e8gies i ajudes dins de l&#8217;aula entre el professor\/a responsable de la mat\u00e8ria i l&#8217;orientador\/a.<\/li>\n<li>Realitzaci\u00f3 de tallers a les tutories sobre aspectes competencials com: la compet\u00e8ncia d&#8217;aprendre a aprendre, la compet\u00e8ncia social i la compet\u00e8ncia comunicativa.<\/li>\n<li>Realitzaci\u00f3 de tallers d&#8217;orientaci\u00f3 acad\u00e8mica i professional per ajudar a l\u2019alumnat a la presa de decisions de cara al seu futur.<\/li>\n<li>Atendre les demandes d&#8217;avaluaci\u00f3 psicopedag\u00f2gica que arriben al departament per part dels tutors\/es del centre. A partir d&#8217;aquesta demanda es fa una valoraci\u00f3 psicopedag\u00f2gica per veure les necessitats que presenta l&#8217;alumne\/a o grup d&#8217;alumnes. Aquest proc\u00e9s acaba sempre en una proposta d&#8217;orientacions<br \/>\nper millorar les necessitats educatives de l&#8217;alumne\/a.<\/li>\n<li>Atenci\u00f3 individualitzada.<\/li>\n<li>Seguiment dels alumnes amb necessitats educatives especials.<\/li>\n<li>Doc\u00e8ncia en Formaci\u00f3 i Orientaci\u00f3 Personal i Professional.<\/li>\n<li>Servei de mediaci\u00f3: la mediaci\u00f3 \u00e9s un m\u00e8tode de gesti\u00f3 de conflictes en el que les persones enfrontades es reuneixen en pres\u00e8ncia del mediador o mediadora i, mitjan\u00e7ant el di\u00e0leg, busquen sortides al problema conjuntament.<\/li>\n<li>PDC<\/li>\n<li>SIEI (suport intensiu escolaritzaci\u00f3 inclusiva): el recurs SIEI es contempla com la mesura extraordin\u00e0ria d&#8217;atenci\u00f3 a l&#8217;alumnat ,de primer a quart d&#8217;ESO, que t\u00e9 per finalitat facilitar l&#8217;atenci\u00f3 educativa i promoure la participaci\u00f3 en entorns escolars dels alumnes amb discapacitat intel\u00b7lectual i\/o del desenvolupament, un cop s&#8217;han exhaurit les mesures generals i mesures espec\u00edfiques d&#8217;atenci\u00f3 de tots els alumnes en el centre. Aquestes unitats han d&#8217;atendre un m\u00e0xim de 10 alumnes. Oferim tallers de: arts, hort i cuina.<\/li>\n<li>Participaci\u00f3 en la Comissi\u00f3 d\u2019atenci\u00f3 educativa inclusiva.<\/li>\n<\/ul>\n<p><img loading=\"lazy\" decoding=\"async\" class=\"alignnone size-full wp-image-16106\" src=\"https:\/\/agora.xtec.cat\/iesesteveterradas\/wp-content\/uploads\/usu855\/logo-orientacio.png\" alt=\"\" width=\"1012\" height=\"140\" srcset=\"https:\/\/agora.xtec.cat\/iesesteveterradas\/wp-content\/uploads\/usu855\/logo-orientacio.png 1012w, https:\/\/agora.xtec.cat\/iesesteveterradas\/wp-content\/uploads\/usu855\/logo-orientacio-300x42.png 300w, https:\/\/agora.xtec.cat\/iesesteveterradas\/wp-content\/uploads\/usu855\/logo-orientacio-768x106.png 768w\" sizes=\"auto, (max-width: 1012px) 100vw, 1012px\" \/><\/p>\n","protected":false},"excerpt":{"rendered":"<p>QUI SOM?<br \/>\nEl departament est\u00e0 format per 9 orientadors\/es, 2 educadors\/es, 1 t\u00e8cnica en integraci\u00f3 social, 1 docent de religi\u00f3 i 1 vetlladora.<br \/>\nQU\u00c8 FEM?<br \/>\nEl departament d\u2019orientaci\u00f3 del centre promou, conjuntament amb els equips docents, la planificaci\u00f3, la coordinaci\u00f3 i la dinamitzaci\u00f3 de les tasques d&#8217;acompanyament, seguiment&hellip;  <a href=\"https:\/\/agora.xtec.cat\/iesesteveterradas\/departaments\/orientacio-educativa\/\" title=\"Read Departament d&#8217;orientaci\u00f3 educativa\">Llegeix m\u00e9s\u00bb<\/a><\/p>\n","protected":false},"author":1,"featured_media":0,"parent":8727,"menu_order":10,"comment_status":"closed","ping_status":"closed","template":"page-templates\/side-menu.php","meta":{"_bbp_topic_count":0,"_bbp_reply_count":0,"_bbp_total_topic_count":0,"_bbp_total_reply_count":0,"_bbp_voice_count":0,"_bbp_anonymous_reply_count":0,"_bbp_topic_count_hidden":0,"_bbp_reply_count_hidden":0,"_bbp_forum_subforum_count":0,"footnotes":""},"class_list":["post-1198","page","type-page","status-publish","hentry"],"post_mailing_queue_ids":[],"_links":{"self":[{"href":"https:\/\/agora.xtec.cat\/iesesteveterradas\/wp-json\/wp\/v2\/pages\/1198","targetHints":{"allow":["GET"]}}],"collection":[{"href":"https:\/\/agora.xtec.cat\/iesesteveterradas\/wp-json\/wp\/v2\/pages"}],"about":[{"href":"https:\/\/agora.xtec.cat\/iesesteveterradas\/wp-json\/wp\/v2\/types\/page"}],"author":[{"embeddable":true,"href":"https:\/\/agora.xtec.cat\/iesesteveterradas\/wp-json\/wp\/v2\/users\/1"}],"replies":[{"embeddable":true,"href":"https:\/\/agora.xtec.cat\/iesesteveterradas\/wp-json\/wp\/v2\/comments?post=1198"}],"version-history":[{"count":7,"href":"https:\/\/agora.xtec.cat\/iesesteveterradas\/wp-json\/wp\/v2\/pages\/1198\/revisions"}],"predecessor-version":[{"id":18662,"href":"https:\/\/agora.xtec.cat\/iesesteveterradas\/wp-json\/wp\/v2\/pages\/1198\/revisions\/18662"}],"up":[{"embeddable":true,"href":"https:\/\/agora.xtec.cat\/iesesteveterradas\/wp-json\/wp\/v2\/pages\/8727"}],"wp:attachment":[{"href":"https:\/\/agora.xtec.cat\/iesesteveterradas\/wp-json\/wp\/v2\/media?parent=1198"}],"curies":[{"name":"wp","href":"https:\/\/api.w.org\/{rel}","templated":true}]}}