{"id":1195,"date":"2018-11-09T18:27:46","date_gmt":"2018-11-09T17:27:46","guid":{"rendered":"http:\/\/agora.xtec.cat\/iesesteveterradas\/?page_id=1195"},"modified":"2025-10-23T11:40:22","modified_gmt":"2025-10-23T09:40:22","slug":"aula-dacollida","status":"publish","type":"page","link":"https:\/\/agora.xtec.cat\/iesesteveterradas\/departaments\/departaments-eso-batxillerat\/aula-dacollida\/","title":{"rendered":"Aula d&#8217;Acollida"},"content":{"rendered":"<p>Benvinguts a l&#8217;aula d&#8217;acollida.<\/p>\n<p>L&#8217;aula d&#8217;acollida rep aquells alumnes que s&#8217;acaben d&#8217;incorporar al nostre sistema educatiu. Actualment tenim nois i noies procedents de Marroc, Senegal, Mali, Camerun, Equador, Col\u00f2mbia, etc.<\/p>\n<p>Disposem d&#8217;una aula especialitzada i de diferents recursos per dur a terme les diferents activitats, com per exemple: llibres, CD, ordinadors&#8230;<\/p>\n<p>Tamb\u00e9 fem sortides fora del centre com a Santa Ll\u00facia o per con\u00e8ixer la ciutat de Cornell\u00e0 de Llobregat.<\/p>\n<p style=\"text-align: center;\"><img decoding=\"async\" style=\"width: 369px; height: 380px;\" src=\"https:\/\/agora.xtec.cat\/iesesteveterradas\/wp-content\/uploads\/usu855\/aula_acollida.jpg\" alt=\"\" \/><\/p>\n","protected":false},"excerpt":{"rendered":"<p>Benvinguts a l&#8217;aula d&#8217;acollida.<br \/>\nL&#8217;aula d&#8217;acollida rep aquells alumnes que s&#8217;acaben d&#8217;incorporar al nostre sistema educatiu. Actualment tenim nois i noies procedents de Marroc, Senegal, Mali, Camerun, Equador, Col\u00f2mbia, etc.<br \/>\nDisposem d&#8217;una aula especialitzada i de diferents recursos per dur a terme les diferents activitats, com per&hellip;  <a href=\"https:\/\/agora.xtec.cat\/iesesteveterradas\/departaments\/departaments-eso-batxillerat\/aula-dacollida\/\" title=\"Read Aula d&#8217;Acollida\">Llegeix m\u00e9s\u00bb<\/a><\/p>\n","protected":false},"author":1,"featured_media":0,"parent":18650,"menu_order":0,"comment_status":"closed","ping_status":"closed","template":"page-templates\/side-menu.php","meta":{"_bbp_topic_count":0,"_bbp_reply_count":0,"_bbp_total_topic_count":0,"_bbp_total_reply_count":0,"_bbp_voice_count":0,"_bbp_anonymous_reply_count":0,"_bbp_topic_count_hidden":0,"_bbp_reply_count_hidden":0,"_bbp_forum_subforum_count":0,"footnotes":""},"class_list":["post-1195","page","type-page","status-publish","hentry"],"post_mailing_queue_ids":[],"_links":{"self":[{"href":"https:\/\/agora.xtec.cat\/iesesteveterradas\/wp-json\/wp\/v2\/pages\/1195","targetHints":{"allow":["GET"]}}],"collection":[{"href":"https:\/\/agora.xtec.cat\/iesesteveterradas\/wp-json\/wp\/v2\/pages"}],"about":[{"href":"https:\/\/agora.xtec.cat\/iesesteveterradas\/wp-json\/wp\/v2\/types\/page"}],"author":[{"embeddable":true,"href":"https:\/\/agora.xtec.cat\/iesesteveterradas\/wp-json\/wp\/v2\/users\/1"}],"replies":[{"embeddable":true,"href":"https:\/\/agora.xtec.cat\/iesesteveterradas\/wp-json\/wp\/v2\/comments?post=1195"}],"version-history":[{"count":2,"href":"https:\/\/agora.xtec.cat\/iesesteveterradas\/wp-json\/wp\/v2\/pages\/1195\/revisions"}],"predecessor-version":[{"id":2084,"href":"https:\/\/agora.xtec.cat\/iesesteveterradas\/wp-json\/wp\/v2\/pages\/1195\/revisions\/2084"}],"up":[{"embeddable":true,"href":"https:\/\/agora.xtec.cat\/iesesteveterradas\/wp-json\/wp\/v2\/pages\/18650"}],"wp:attachment":[{"href":"https:\/\/agora.xtec.cat\/iesesteveterradas\/wp-json\/wp\/v2\/media?parent=1195"}],"curies":[{"name":"wp","href":"https:\/\/api.w.org\/{rel}","templated":true}]}}