{"id":1192,"date":"2018-11-09T18:27:45","date_gmt":"2018-11-09T17:27:45","guid":{"rendered":"http:\/\/agora.xtec.cat\/iesesteveterradas\/?page_id=1192"},"modified":"2025-10-23T11:47:09","modified_gmt":"2025-10-23T09:47:09","slug":"llengues-extrangeres-2","status":"publish","type":"page","link":"https:\/\/agora.xtec.cat\/iesesteveterradas\/departaments\/departaments-eso-batxillerat\/llengues-extrangeres-2\/","title":{"rendered":"Lleng\u00fces Extrangeres: Angl\u00e8s"},"content":{"rendered":"<p>&nbsp;<\/p>\n<p style=\"width: 350px; padding: 0; margin: 5px 0px 0px 3px; float: left;\"><img decoding=\"async\" style=\"width: 310px; height: 310px; border-width: 0px; border-style: solid;\" src=\"https:\/\/agora.xtec.cat\/iesesteveterradas\/wp-content\/uploads\/usu855\/llengues_angles_ingles.jpg.png\" alt=\"\" \/><\/p>\n<p>&nbsp;<\/p>\n<p>Benvinguts a la p\u00e0gina web del seminari d&#8217;angl\u00e8s de l&#8217;Institut Esteve Terradas. L&#8217;aprenentatge de les lleng\u00fces en el centre es realitza d&#8217;acord amb les indicacions dels curr\u00edculums i lleis vigents per afavorir l&#8217;aprenentatge de lleng\u00fces estrangeres de manera significativa, no com a assignatura curricular sin\u00f3 com a eina per un desenvolupament adaptat a la globalitat del m\u00f3n en que vivim.<\/p>\n<p>A m\u00e9s de l&#8217;angl\u00e8s com a primera llengua estrangera, s&#8217;ofereix la possibilitat d&#8217;aprendre Franc\u00e8s com a Segona Llengua Estrangera (veure web de Franc\u00e8s) i Alemany com a mat\u00e8ria optativa (veure web d&#8217;Alemany).<\/p>\n<p>El professorat de lleng\u00fces estrangeres posa \u00e8mfasi en les noves tecnologies , en diversos m\u00e8tode d&#8217;aprenentatge individual i cooperatiu per fomentar les habilitats comunicatives dels nostres alumnes. Com a metodologia did\u00e0ctica, seguim el M\u00e8tode 1&#215;1 a l&#8217;ESO i, en aquest nivell educatiu i a altres, fem servir la plataforma Google Classroom entre altres.\u00a0 Alguns dels recursos materials i did\u00e0ctics que oferim s\u00f3n:<\/p>\n<ul>\n<li>Laboratori d&#8217;idiomes<\/li>\n<li>Pissarres digitals a totes les aules de l&#8217;ESO i de Batxillerat<\/li>\n<li>Grups desdoblats a l&#8217;ESO i a Batxillerat per afavorir la interacci\u00f3 oral<\/li>\n<li>Auxiliars de conversa nadius assignats pel MECD i el Departament d&#8217;Educaci\u00f3 de la Generalitat de Catalunya (segons el curs escolar)<\/li>\n<li>Participaci\u00f3 en projectes per motivar els nostres alumnes, millorar els seus resultats i facilitar-los l&#8217;obtenci\u00f3 d&#8217;un certificat oficial. Alguns dels projectes en qu\u00e8 participem s\u00f3n:\n<ul>\n<li><strong>Preparaci\u00f3 per als certificats de nivell B1 i de nivell B2 d&#8217;alumnat de secund\u00e0ria a l&#8217;EOI de Cornell\u00e0 de Llobregat<\/strong>.<\/li>\n<li><strong>Sharing to Learn<\/strong> (&#8220;Compartir per Aprendre&#8221;). Alumnes de secund\u00e0ria del centre han col.laborat com a Language Assistants (&#8220;Assistents Ling\u00fc\u00edstics&#8221;) en escoles de prim\u00e0ria de Cornell\u00e0.<\/li>\n<li><strong>Programes d&#8217;intercanvi ERASMUS <\/strong>(segons el curs escolar).<\/li>\n<\/ul>\n<\/li>\n<\/ul>\n","protected":false},"excerpt":{"rendered":"<p>&nbsp;<\/p>\n<p>&nbsp;<br \/>\nBenvinguts a la p\u00e0gina web del seminari d&#8217;angl\u00e8s de l&#8217;Institut Esteve Terradas. L&#8217;aprenentatge de les lleng\u00fces en el centre es realitza d&#8217;acord amb les indicacions dels curr\u00edculums i lleis vigents per afavorir l&#8217;aprenentatge de lleng\u00fces estrangeres de manera significativa, no com a assignatura curricular sin\u00f3&hellip;  <a href=\"https:\/\/agora.xtec.cat\/iesesteveterradas\/departaments\/departaments-eso-batxillerat\/llengues-extrangeres-2\/\" title=\"Read Lleng\u00fces Extrangeres: Angl\u00e8s\">Llegeix m\u00e9s\u00bb<\/a><\/p>\n","protected":false},"author":1,"featured_media":0,"parent":18650,"menu_order":0,"comment_status":"closed","ping_status":"closed","template":"page-templates\/side-menu.php","meta":{"_bbp_topic_count":0,"_bbp_reply_count":0,"_bbp_total_topic_count":0,"_bbp_total_reply_count":0,"_bbp_voice_count":0,"_bbp_anonymous_reply_count":0,"_bbp_topic_count_hidden":0,"_bbp_reply_count_hidden":0,"_bbp_forum_subforum_count":0,"footnotes":""},"class_list":["post-1192","page","type-page","status-publish","hentry"],"post_mailing_queue_ids":[],"_links":{"self":[{"href":"https:\/\/agora.xtec.cat\/iesesteveterradas\/wp-json\/wp\/v2\/pages\/1192","targetHints":{"allow":["GET"]}}],"collection":[{"href":"https:\/\/agora.xtec.cat\/iesesteveterradas\/wp-json\/wp\/v2\/pages"}],"about":[{"href":"https:\/\/agora.xtec.cat\/iesesteveterradas\/wp-json\/wp\/v2\/types\/page"}],"author":[{"embeddable":true,"href":"https:\/\/agora.xtec.cat\/iesesteveterradas\/wp-json\/wp\/v2\/users\/1"}],"replies":[{"embeddable":true,"href":"https:\/\/agora.xtec.cat\/iesesteveterradas\/wp-json\/wp\/v2\/comments?post=1192"}],"version-history":[{"count":6,"href":"https:\/\/agora.xtec.cat\/iesesteveterradas\/wp-json\/wp\/v2\/pages\/1192\/revisions"}],"predecessor-version":[{"id":15914,"href":"https:\/\/agora.xtec.cat\/iesesteveterradas\/wp-json\/wp\/v2\/pages\/1192\/revisions\/15914"}],"up":[{"embeddable":true,"href":"https:\/\/agora.xtec.cat\/iesesteveterradas\/wp-json\/wp\/v2\/pages\/18650"}],"wp:attachment":[{"href":"https:\/\/agora.xtec.cat\/iesesteveterradas\/wp-json\/wp\/v2\/media?parent=1192"}],"curies":[{"name":"wp","href":"https:\/\/api.w.org\/{rel}","templated":true}]}}