{"id":1191,"date":"2018-11-09T18:27:45","date_gmt":"2018-11-09T17:27:45","guid":{"rendered":"http:\/\/agora.xtec.cat\/iesesteveterradas\/?page_id=1191"},"modified":"2025-10-23T11:43:29","modified_gmt":"2025-10-23T09:43:29","slug":"ciencies-socials","status":"publish","type":"page","link":"https:\/\/agora.xtec.cat\/iesesteveterradas\/departaments\/departaments-eso-batxillerat\/ciencies-socials\/","title":{"rendered":"Ci\u00e8ncies Socials"},"content":{"rendered":"<p>Benvingut\/da al Departament de Ci\u00e8ncies Socials. En aquesta p\u00e0gina podr\u00e0s obtenir tota la informaci\u00f3 relacionada amb el nostre departament; un departament multidisciplinari, ja que imparteix mat\u00e8ries de contingut ampli i divers en el qual el centre d&#8217;atenci\u00f3 \u00e9s l&#8217;\u00e9sser hum\u00e0 al llarg de la hist\u00f2ria i la seva relaci\u00f3 amb la societat que l&#8217;envolta.<img decoding=\"async\" class=\"alignright\" style=\"width: 550px; height: 439px;\" src=\"https:\/\/agora.xtec.cat\/iesesteveterradas\/wp-content\/uploads\/usu855\/ESO_ciencies_socials_IniciCienciesSocials.jpg\" alt=\"\" \/><\/p>\n<p>El Departament de Ci\u00e8ncies Socials d\u00f3na servei als\/les alumnes de tota l&#8217;ESO i batxillerat, en les mat\u00e8ries comunes i de modalitat d&#8217;humanitats i ci\u00e8ncies socials.<\/p>\n<ul>\n<li style=\"list-style-type: none;\">\n<ul>\n<li>A l&#8217;ESO, dins l&#8217;\u00e0mbit social, s&#8217;imparteixen les mat\u00e8ries de ci\u00e8ncies socials, geografia i hist\u00f2ria, emprenedoria i economia.<\/li>\n<\/ul>\n<\/li>\n<\/ul>\n<ul>\n<li style=\"list-style-type: none;\">\n<ul>\n<li>A l&#8217;ESO, dins l&#8217;\u00e0mbit de cultura i valors, s&#8217;imparteixen les mat\u00e8ries de cultura i valors \u00e8tics, filosofia i religi\u00f3.<\/li>\n<\/ul>\n<\/li>\n<\/ul>\n<ul>\n<li style=\"list-style-type: none;\">\n<ul>\n<li>A batxillerat, dins les mat\u00e8ries comunes, s&#8217;imparteixen les mat\u00e8ries de filosofia, hist\u00f2ria, i hist\u00f2ria de la filosofia.<\/li>\n<\/ul>\n<\/li>\n<\/ul>\n<p>&nbsp;<\/p>\n<ul>\n<li>A batxillerat, dins les mat\u00e8ries de modalitat i espec\u00edfiques, s&#8217;imparteixen les mat\u00e8ries d&#8217;economia, economia de l&#8217;empresa, geografia, hist\u00f2ria de l&#8217;art, hist\u00f2ria del m\u00f3n contemporani, hist\u00f2ria de Catalunya i religi\u00f3.<\/li>\n<\/ul>\n<p>Disposem d&#8217;una aula espec\u00edfica (laboratori de Ci\u00e8ncies Socials) per a dur a terme les diferents activitats did\u00e0ctiques.<\/p>\n<p style=\"text-align: center;\"><img decoding=\"async\" style=\"width: 550px; height: 413px;\" src=\"https:\/\/agora.xtec.cat\/iesesteveterradas\/wp-content\/uploads\/usu855\/ESO_ciencies_socials_fotolab.jpg\" alt=\"\" \/><\/p>\n<p>Participem en activitats relacionades en les diferents mat\u00e8ries, tant dins com fora de l&#8217;institut.<\/p>\n<table style=\"border-collapse: collapse; width: 100%;\">\n<tbody>\n<tr>\n<td style=\"width: 50%;\"><img loading=\"lazy\" decoding=\"async\" class=\"wp-image-3315 aligncenter\" src=\"https:\/\/agora.xtec.cat\/iesesteveterradas\/wp-content\/uploads\/usu855\/PA260385-1-982x1024.jpg\" alt=\"\" width=\"453\" height=\"472\" srcset=\"https:\/\/agora.xtec.cat\/iesesteveterradas\/wp-content\/uploads\/usu855\/PA260385-1-982x1024.jpg 982w, https:\/\/agora.xtec.cat\/iesesteveterradas\/wp-content\/uploads\/usu855\/PA260385-1-288x300.jpg 288w, https:\/\/agora.xtec.cat\/iesesteveterradas\/wp-content\/uploads\/usu855\/PA260385-1-768x801.jpg 768w\" sizes=\"auto, (max-width: 453px) 100vw, 453px\" \/><\/td>\n<td style=\"width: 50%;\"><img loading=\"lazy\" decoding=\"async\" class=\"wp-image-3316 aligncenter\" src=\"https:\/\/agora.xtec.cat\/iesesteveterradas\/wp-content\/uploads\/usu855\/socials-766x1024.jpg\" alt=\"\" width=\"451\" height=\"603\" srcset=\"https:\/\/agora.xtec.cat\/iesesteveterradas\/wp-content\/uploads\/usu855\/socials-766x1024.jpg 766w, https:\/\/agora.xtec.cat\/iesesteveterradas\/wp-content\/uploads\/usu855\/socials-224x300.jpg 224w, https:\/\/agora.xtec.cat\/iesesteveterradas\/wp-content\/uploads\/usu855\/socials-768x1027.jpg 768w, https:\/\/agora.xtec.cat\/iesesteveterradas\/wp-content\/uploads\/usu855\/socials.jpg 1496w\" sizes=\"auto, (max-width: 451px) 100vw, 451px\" \/><\/td>\n<\/tr>\n<\/tbody>\n<\/table>\n<p>&nbsp;<\/p>\n","protected":false},"excerpt":{"rendered":"<p>Benvingut\/da al Departament de Ci\u00e8ncies Socials. En aquesta p\u00e0gina podr\u00e0s obtenir tota la informaci\u00f3 relacionada amb el nostre departament; un departament multidisciplinari, ja que imparteix mat\u00e8ries de contingut ampli i divers en el qual el centre d&#8217;atenci\u00f3 \u00e9s l&#8217;\u00e9sser hum\u00e0 al llarg de la hist\u00f2ria&hellip;  <a href=\"https:\/\/agora.xtec.cat\/iesesteveterradas\/departaments\/departaments-eso-batxillerat\/ciencies-socials\/\" title=\"Read Ci\u00e8ncies Socials\">Llegeix m\u00e9s\u00bb<\/a><\/p>\n","protected":false},"author":1,"featured_media":0,"parent":18650,"menu_order":0,"comment_status":"closed","ping_status":"closed","template":"page-templates\/side-menu.php","meta":{"_bbp_topic_count":0,"_bbp_reply_count":0,"_bbp_total_topic_count":0,"_bbp_total_reply_count":0,"_bbp_voice_count":0,"_bbp_anonymous_reply_count":0,"_bbp_topic_count_hidden":0,"_bbp_reply_count_hidden":0,"_bbp_forum_subforum_count":0,"footnotes":""},"class_list":["post-1191","page","type-page","status-publish","hentry"],"post_mailing_queue_ids":[],"_links":{"self":[{"href":"https:\/\/agora.xtec.cat\/iesesteveterradas\/wp-json\/wp\/v2\/pages\/1191","targetHints":{"allow":["GET"]}}],"collection":[{"href":"https:\/\/agora.xtec.cat\/iesesteveterradas\/wp-json\/wp\/v2\/pages"}],"about":[{"href":"https:\/\/agora.xtec.cat\/iesesteveterradas\/wp-json\/wp\/v2\/types\/page"}],"author":[{"embeddable":true,"href":"https:\/\/agora.xtec.cat\/iesesteveterradas\/wp-json\/wp\/v2\/users\/1"}],"replies":[{"embeddable":true,"href":"https:\/\/agora.xtec.cat\/iesesteveterradas\/wp-json\/wp\/v2\/comments?post=1191"}],"version-history":[{"count":5,"href":"https:\/\/agora.xtec.cat\/iesesteveterradas\/wp-json\/wp\/v2\/pages\/1191\/revisions"}],"predecessor-version":[{"id":14894,"href":"https:\/\/agora.xtec.cat\/iesesteveterradas\/wp-json\/wp\/v2\/pages\/1191\/revisions\/14894"}],"up":[{"embeddable":true,"href":"https:\/\/agora.xtec.cat\/iesesteveterradas\/wp-json\/wp\/v2\/pages\/18650"}],"wp:attachment":[{"href":"https:\/\/agora.xtec.cat\/iesesteveterradas\/wp-json\/wp\/v2\/media?parent=1191"}],"curies":[{"name":"wp","href":"https:\/\/api.w.org\/{rel}","templated":true}]}}