{"id":11224,"date":"2022-01-31T22:52:50","date_gmt":"2022-01-31T21:52:50","guid":{"rendered":"https:\/\/agora.xtec.cat\/iesesteveterradas\/?page_id=11224"},"modified":"2025-02-07T11:57:43","modified_gmt":"2025-02-07T10:57:43","slug":"proves-geso","status":"publish","type":"page","link":"https:\/\/agora.xtec.cat\/iesesteveterradas\/secretaria\/proves-geso\/","title":{"rendered":"Proves GESO"},"content":{"rendered":"<h3 id=\"pageTitle\" class=\"ms-core-pageTitle\"><span style=\"color: #000000;\"><strong><span id=\"DeltaPlaceHolderPageTitleInTitleArea\">CONVOCAT\u00d2RIA<\/span><span id=\"DeltaPlaceHolderPageTitleInTitleArea\"> DE LES PROVES PER OBTENIR EL GRADUAT EN ESO<\/span><\/strong><\/span><\/h3>\n<ul style=\"list-style-type: disc;\">\n<li><a href=\"https:\/\/agora.xtec.cat\/iesesteveterradas\/wp-content\/uploads\/usu855\/SOL.LICITUD-PROVES-GESO.pdf\"><strong><em>Sol\u00b7licitud d&#8217;inscripci\u00f3<\/em><\/strong><\/a><\/li>\n<\/ul>\n<p style=\"text-align: justify;\"><span style=\"font-weight: 400; color: #000000;\">\u200b\u200b\u200b\u200b\u200b\u200b\u200b\u200b\u200b\u200b\u200b\u200b\u200b\u200b\u200b\u200b\u200b\u200b\u200b\u200b\u200b\u200b\u200b\u200b\u200b\u200b\u200b\u200b\u200b\u200b\u200b\u200b\u200b\u200b\u200b\u200b\u200b\u200b\u200b\u200b<\/span><span style=\"font-weight: 400;\">L\u2019alumnat que no obt\u00e9 el t\u00edtol de graduat en educaci\u00f3 secund\u00e0ria obligat\u00f2ria (ESO) en finalitzar l&#8217;etapa es pot presentar a les proves que el mes de mar\u00e7 de cada any organitzen els centres educatius; a cada centre es constitueix una junta d&#8217;avaluaci\u00f3 formada per professors de quart d&#8217;ESO i presidida pel cap d&#8217;estudis.<\/span><\/p>\n<h5><span style=\"text-decoration: underline;\"><span style=\"color: #000000;\"><b>Alumnat que pot presentar-s&#8217;hi<\/b><\/span><\/span><\/h5>\n<p><span style=\"font-weight: 400;\">Els tres requisits que ha de reunir l\u2019alumnat per poder presentar-se a aquestes proves l\u2019any 2025 s\u00f3n:<br \/>\n<\/span><\/p>\n<ul>\n<li><b>Haver finalitzat l&#8217;ESO l\u2019any 2023 o 2024 <\/b>sense haver obtingut el t\u00edtol o haver finalitzat l\u2019equivalent del quart curs de l\u2019educaci\u00f3 secund\u00e0ria obligat\u00f2ria en un sistema educatiu estranger amb mat\u00e8ries amb avaluaci\u00f3 negativa en cursos anteriors.\u00a0<span style=\"font-weight: 400;\"><br \/>\n<\/span><\/li>\n<li>De manera excepcional, tamb\u00e9 s&#8217;hi poden acollir alumnes amb informe de reconeixement de necessitats educatives especials, em\u00e8s per l&#8217;equip d&#8217;assessorament psicopedag\u00f2gic (EAP), per als quals es va elaborar un pla de suport individualitzat durant el per\u00edode compr\u00e8s entre els cursos 2017-2018 i 2022-2023.<\/li>\n<li><b>Tenir almenys 18 anys o complir-los dins de l&#8217;any 2025<\/b><span style=\"font-weight: 400;\">. Excepcionalment s&#8217;hi poden presentar alumnes que tinguin 17 anys, o 16 anys en el moment de realitzaci\u00f3 de la prova per\u00f2 que compleixin els 17 durant l&#8217;any natural de la seva realitzaci\u00f3, sempre que l&#8217;alumne o alumna compleixi alguna de les condicions seg\u00fcents:<\/span>\n<ul>\n<li style=\"list-style-type: none;\">\n<ul>\n<li style=\"list-style-type: none;\">\n<ul>\n<li style=\"font-weight: 400;\" aria-level=\"1\"><span style=\"font-weight: 400;\">Tenir un contracte laboral que l\u2019impedeixi assistir al centre en r\u00e8gim ordinari.<\/span><\/li>\n<li style=\"font-weight: 400;\" aria-level=\"1\"><span style=\"font-weight: 400;\">Trobar-se en proc\u00e9s d&#8217;obtenci\u00f3 d&#8217;un perm\u00eds de treball (alumnat estranger).<\/span><\/li>\n<li style=\"font-weight: 400;\" aria-level=\"1\"><span style=\"font-weight: 400;\">Ser esportista d&#8217;alt rendiment.<\/span><span style=\"font-weight: 400;\"><br \/>\n<\/span><\/li>\n<li aria-level=\"1\">Tenir un expedient d&#8217;homologaci\u00f3 obert d&#8217;estudis estrangers al t\u00edtol de GESO.<\/li>\n<\/ul>\n<\/li>\n<\/ul>\n<\/li>\n<\/ul>\n<\/li>\n<\/ul>\n<p style=\"text-align: justify;\"><span style=\"font-weight: 400;\">En aplicaci\u00f3 d\u2019aquests requisits, queden exclosos de la prova l\u2019alumnat inscrit per repetir quart d\u2019ESO en el present curs 2024-2025. Per contra, hi pot conc\u00f3rrer l\u2019alumnat que est\u00e0 matriculat en ensenyaments d&#8217;adults o a l&#8217;Institut Obert de Catalunya, sempre que compleixi els requisits abans esmentats.<\/span><\/p>\n<h5><span style=\"text-decoration: underline;\"><span style=\"color: #000000;\"><b>Calendari del procediment<\/b><\/span><\/span><\/h5>\n<p>El dia de la prova, els alumnes han de portar l&#8217;original del DNI, targeta de resid\u00e8ncia, passaport o qualsevol altre document identificatiu oficial en vigor. El temps m\u00ednim per fer-la \u00e9s de 60 minuts per a cada mat\u00e8ria. Es poden portar diccionaris i\/o calculadora.<\/p>\n<table style=\"width: 100%; height: 165px;\" width=\"100%\">\n<tbody>\n<tr style=\"height: 33px;\">\n<td style=\"width: 70.4133%; height: 33px;\"><strong>\u200bTasque\u200bs<\/strong><\/td>\n<td style=\"width: 29.0065%; height: 33px;\"><strong>\u200bDates<\/strong><\/td>\n<\/tr>\n<tr style=\"height: 33px;\">\n<td style=\"width: 70.4133%; height: 33px;\">Termini de presentaci\u00f3 de sol\u00b7licituds d&#8217;inscripci\u00f3<\/td>\n<td style=\"width: 29.0065%; height: 33px;\">Del 3 al 14 de febrer<\/td>\n<\/tr>\n<tr style=\"height: 33px;\">\n<td style=\"width: 70.4133%; height: 33px;\">Publicaci\u00f3 al tauler d\u2019anuncis del centre del calendari de les proves i de les llistes d&#8217;admesos i exclosos<\/td>\n<td style=\"width: 29.0065%; height: 33px;\">Fins el 3 de<\/td>\n<\/tr>\n<tr style=\"height: 33px;\">\n<td style=\"width: 70.4133%; height: 33px;\">Termini de presentaci\u00f3 de reclamacions a les llistes d&#8217;admesos i exclosos<\/td>\n<td style=\"width: 29.0065%; height: 33px;\">Del 4 al 6 de mar\u00e7<\/td>\n<\/tr>\n<tr style=\"height: 33px;\">\n<td style=\"width: 70.4133%; height: 33px;\">\u200bRealitzaci\u00f3 de les proves<\/td>\n<td style=\"width: 29.0065%; height: 33px;\">Del 10 al 14 de mar\u00e7<\/td>\n<\/tr>\n<\/tbody>\n<\/table>\n<h5><span style=\"text-decoration: underline;\"><span style=\"color: #000000;\"><b>Obtenci\u00f3 del t\u00edtol de graduat o graduada en educaci\u00f3 secund\u00e0ria obligat\u00f2ria<br \/>\n<\/b><\/span><\/span><\/h5>\n<p>L&#8217;alumne o alumna que assoleixi les compet\u00e8ncies de totes les mat\u00e8ries que tenia amb avaluaci\u00f3 negativa obt\u00e9 el t\u00edtol de graduat o graduada en educaci\u00f3 secund\u00e0ria obligat\u00f2ria, a excepci\u00f3 dels alumnes que estan en proc\u00e9s d&#8217;homologaci\u00f3 del t\u00edtol de GESO.<br \/>\nPer als alumnes amb pla de suport individualitzat, per a l&#8217;obtenci\u00f3 del t\u00edtol es prenen com a referents les compet\u00e8ncies i els criteris d&#8217;avaluaci\u00f3 establerts en el seu pla.<\/p>\n<h5><span style=\"text-decoration: underline; color: #000000;\"><b>Reclamacions<\/b><\/span><\/h5>\n<p style=\"text-align: justify;\"><span style=\"color: #000000;\"><span style=\"font-weight: 400;\">L\u2019alumnat, els seu pare, mare o tutor o tutora legal poden reclamar contra les qualificacions obtingudes en una o m\u00e9s mat\u00e8ries i contra les decisions que, com a resultat del proc\u00e9s d&#8217;avaluaci\u00f3, s&#8217;hagin adoptat. <\/span><span style=\"font-weight: 400;\">La reclamaci\u00f3 es pot cursar durant els tres dies h\u00e0bils seg\u00fcents a la data d&#8217;informaci\u00f3 dels resultats obtinguts, davant la direcci\u00f3 del centre.<\/span><\/span><\/p>\n<h5 style=\"text-align: justify;\"><span style=\"text-decoration: underline;\"><span style=\"color: #000000;\"><b>Normativa<\/b><\/span><\/span><\/h5>\n<p style=\"text-align: justify;\"><i><a href=\"https:\/\/agora.xtec.cat\/iesesteveterradas\/wp-content\/uploads\/usu855\/Resolucio_EDU_2730_2024_GESO.pdf\">Resoluci\u00f3 EDU\/2730\/2024<\/a><\/i><span style=\"font-weight: 400;\">, de 16 de juliol, per la qual es regula la convocat\u00f2ria anual de la prova per a l\u2019obtenci\u00f3 del t\u00edtol de graduat o graduada en educaci\u00f3 secund\u00e0ria obligat\u00f2ria per a l\u2019alumnat que no l\u2019hagi obtingut en finalitzar l\u2019etapa esmentada.<\/span><\/p>\n<p style=\"text-align: justify;\"><span style=\"font-weight: 400; color: #000000;\"><a href=\"https:\/\/agora.xtec.cat\/iesesteveterradas\/wp-content\/uploads\/usu855\/DECRET_175_2022_OrdenacioEnsenyamentsEducacioBasica.pdf\"><i>Decret 175\/2022<\/i><\/a><span style=\"font-weight: 400;\">, de 27 de setembre, d&#8217;ordenaci\u00f3 dels ensenyaments de l&#8217;educaci\u00f3 b\u00e0sica.<\/span><\/span><\/p>\n","protected":false},"excerpt":{"rendered":"<p>CONVOCAT\u00d2RIA DE LES PROVES PER OBTENIR EL GRADUAT EN ESO<\/p>\n<ul style=\"list-style-type: disc;\">\n<li><a href=\"https:\/\/agora.xtec.cat\/iesesteveterradas\/wp-content\/uploads\/usu855\/SOL.LICITUD-PROVES-GESO.pdf\">Sol\u00b7licitud d&#8217;inscripci\u00f3<\/a><\/li>\n<\/ul>\n<p>\u200b\u200b\u200b\u200b\u200b\u200b\u200b\u200b\u200b\u200b\u200b\u200b\u200b\u200b\u200b\u200b\u200b\u200b\u200b\u200b\u200b\u200b\u200b\u200b\u200b\u200b\u200b\u200b\u200b\u200b\u200b\u200b\u200b\u200b\u200b\u200b\u200b\u200b\u200b\u200bL\u2019alumnat que no obt\u00e9 el t\u00edtol de graduat en educaci\u00f3 secund\u00e0ria obligat\u00f2ria (ESO) en finalitzar l&#8217;etapa es pot presentar a les proves que el mes de mar\u00e7 de cada any organitzen els&hellip;  <a href=\"https:\/\/agora.xtec.cat\/iesesteveterradas\/secretaria\/proves-geso\/\" title=\"Read Proves GESO\">Llegeix m\u00e9s\u00bb<\/a><\/p>\n","protected":false},"author":43,"featured_media":0,"parent":81,"menu_order":460,"comment_status":"closed","ping_status":"closed","template":"page-templates\/side-menu.php","meta":{"_bbp_topic_count":0,"_bbp_reply_count":0,"_bbp_total_topic_count":0,"_bbp_total_reply_count":0,"_bbp_voice_count":0,"_bbp_anonymous_reply_count":0,"_bbp_topic_count_hidden":0,"_bbp_reply_count_hidden":0,"_bbp_forum_subforum_count":0,"footnotes":""},"class_list":["post-11224","page","type-page","status-publish","hentry"],"post_mailing_queue_ids":[],"_links":{"self":[{"href":"https:\/\/agora.xtec.cat\/iesesteveterradas\/wp-json\/wp\/v2\/pages\/11224","targetHints":{"allow":["GET"]}}],"collection":[{"href":"https:\/\/agora.xtec.cat\/iesesteveterradas\/wp-json\/wp\/v2\/pages"}],"about":[{"href":"https:\/\/agora.xtec.cat\/iesesteveterradas\/wp-json\/wp\/v2\/types\/page"}],"author":[{"embeddable":true,"href":"https:\/\/agora.xtec.cat\/iesesteveterradas\/wp-json\/wp\/v2\/users\/43"}],"replies":[{"embeddable":true,"href":"https:\/\/agora.xtec.cat\/iesesteveterradas\/wp-json\/wp\/v2\/comments?post=11224"}],"version-history":[{"count":6,"href":"https:\/\/agora.xtec.cat\/iesesteveterradas\/wp-json\/wp\/v2\/pages\/11224\/revisions"}],"predecessor-version":[{"id":16793,"href":"https:\/\/agora.xtec.cat\/iesesteveterradas\/wp-json\/wp\/v2\/pages\/11224\/revisions\/16793"}],"up":[{"embeddable":true,"href":"https:\/\/agora.xtec.cat\/iesesteveterradas\/wp-json\/wp\/v2\/pages\/81"}],"wp:attachment":[{"href":"https:\/\/agora.xtec.cat\/iesesteveterradas\/wp-json\/wp\/v2\/media?parent=11224"}],"curies":[{"name":"wp","href":"https:\/\/api.w.org\/{rel}","templated":true}]}}