{"id":10901,"date":"2021-11-26T12:13:30","date_gmt":"2021-11-26T11:13:30","guid":{"rendered":"https:\/\/agora.xtec.cat\/iesesteveterradas\/?page_id=10901"},"modified":"2021-11-30T11:19:05","modified_gmt":"2021-11-30T10:19:05","slug":"raco-del-cotac","status":"publish","type":"page","link":"https:\/\/agora.xtec.cat\/iesesteveterradas\/alumnat-ieti\/alumnat-eso-batx\/raco-del-cotac\/","title":{"rendered":"Rac\u00f3 del COTAC"},"content":{"rendered":"<p><strong>Benvingut al rac\u00f3 del CoTaC (coordinador TAC del centre).\u00a0<\/strong><\/p>\n<p><img decoding=\"async\" class=\"alignright\" src=\"https:\/\/encrypted-tbn0.gstatic.com\/images?q=tbn:ANd9GcTSF7OPyAWYNVDZE4MFR6KAD946Vm1KO8wxm112glgS4UgbPhTFb_DdkNC8auD6cnhOn-8&amp;usqp=CAU\" alt=\"Dibuix de Un ordinador port\u00e0til pintat per Usuari no registrat el dia 15 de  Agost del 2019\" \/><\/p>\n<p>En aquest apartat podeu trobar els formularis de contacte i coses que us poden ajudar a participar de la cultura digital del centre.<\/p>\n<p>Si sou pare, mare o tutor\/a legal i necessiteu ajuda, heu de clicar <a href=\"https:\/\/agora.xtec.cat\/iesesteveterradas\/alumnat-eso-batx\/raco-del-cotac\/raco-del-cotac-families\/\">aqu\u00ed. Aqu\u00ed.<\/a><\/p>\n<p><span style=\"font-family: inherit; font-size: 1em;\">Si sou un alumne o una alumna i necessiteu ajuda, heu de clicar <a href=\"https:\/\/agora.xtec.cat\/iesesteveterradas\/alumnat-eso-batx\/raco-del-cotac\/raco-del-cotac-alumnes\/\">aqu\u00ed. Aqu\u00ed.<\/a> Si en un temps prudencial, posa tres dies no us he respost, contacteu amb el vostre tutor o tutora i us dir\u00e0 com contactar amb mi m\u00e9s f\u00e0cilment.<\/span><\/p>\n","protected":false},"excerpt":{"rendered":"<p>Benvingut al rac\u00f3 del CoTaC (coordinador TAC del centre).\u00a0<\/p>\n<p>En aquest apartat podeu trobar els formularis de contacte i coses que us poden ajudar a participar de la cultura digital del centre.<br \/>\nSi sou pare, mare o tutor\/a legal i necessiteu ajuda, heu de clicar <a href=\"https:\/\/agora.xtec.cat\/iesesteveterradas\/alumnat-eso-batx\/raco-del-cotac\/raco-del-cotac-families\/\">aqu\u00ed.&hellip;  <a href=\"https:\/\/agora.xtec.cat\/iesesteveterradas\/alumnat-ieti\/alumnat-eso-batx\/raco-del-cotac\/\" title=\"Read Rac\u00f3 del COTAC\">Llegeix m\u00e9s\u00bb<\/a><\/p>\n","protected":false},"author":44,"featured_media":0,"parent":9036,"menu_order":0,"comment_status":"closed","ping_status":"closed","template":"page-templates\/side-menu.php","meta":{"_bbp_topic_count":0,"_bbp_reply_count":0,"_bbp_total_topic_count":0,"_bbp_total_reply_count":0,"_bbp_voice_count":0,"_bbp_anonymous_reply_count":0,"_bbp_topic_count_hidden":0,"_bbp_reply_count_hidden":0,"_bbp_forum_subforum_count":0,"footnotes":""},"class_list":["post-10901","page","type-page","status-publish","hentry"],"post_mailing_queue_ids":[],"_links":{"self":[{"href":"https:\/\/agora.xtec.cat\/iesesteveterradas\/wp-json\/wp\/v2\/pages\/10901","targetHints":{"allow":["GET"]}}],"collection":[{"href":"https:\/\/agora.xtec.cat\/iesesteveterradas\/wp-json\/wp\/v2\/pages"}],"about":[{"href":"https:\/\/agora.xtec.cat\/iesesteveterradas\/wp-json\/wp\/v2\/types\/page"}],"author":[{"embeddable":true,"href":"https:\/\/agora.xtec.cat\/iesesteveterradas\/wp-json\/wp\/v2\/users\/44"}],"replies":[{"embeddable":true,"href":"https:\/\/agora.xtec.cat\/iesesteveterradas\/wp-json\/wp\/v2\/comments?post=10901"}],"version-history":[{"count":3,"href":"https:\/\/agora.xtec.cat\/iesesteveterradas\/wp-json\/wp\/v2\/pages\/10901\/revisions"}],"predecessor-version":[{"id":10954,"href":"https:\/\/agora.xtec.cat\/iesesteveterradas\/wp-json\/wp\/v2\/pages\/10901\/revisions\/10954"}],"up":[{"embeddable":true,"href":"https:\/\/agora.xtec.cat\/iesesteveterradas\/wp-json\/wp\/v2\/pages\/9036"}],"wp:attachment":[{"href":"https:\/\/agora.xtec.cat\/iesesteveterradas\/wp-json\/wp\/v2\/media?parent=10901"}],"curies":[{"name":"wp","href":"https:\/\/api.w.org\/{rel}","templated":true}]}}