{"id":4719,"date":"2026-03-23T12:01:46","date_gmt":"2026-03-23T11:01:46","guid":{"rendered":"https:\/\/agora.xtec.cat\/iesestany\/?page_id=4719"},"modified":"2026-03-23T12:15:37","modified_gmt":"2026-03-23T11:15:37","slug":"ods-6-aigua-neta-i-sanejament","status":"publish","type":"page","link":"https:\/\/agora.xtec.cat\/iesestany\/articles-ods\/ods-6-aigua-neta-i-sanejament\/","title":{"rendered":"ODS 6 &#8211; Aigua neta i sanejament"},"content":{"rendered":"\n<figure class=\"wp-block-image size-full\"><a href=\"https:\/\/agora.xtec.cat\/iesestany\/wp-content\/uploads\/usu1853\/2026\/03\/imatge-5.png\"><img loading=\"lazy\" decoding=\"async\" width=\"768\" height=\"180\" src=\"https:\/\/agora.xtec.cat\/iesestany\/wp-content\/uploads\/usu1853\/2026\/03\/imatge-5.png\" alt=\"\" class=\"wp-image-4720\" srcset=\"https:\/\/agora.xtec.cat\/iesestany\/wp-content\/uploads\/usu1853\/2026\/03\/imatge-5.png 768w, https:\/\/agora.xtec.cat\/iesestany\/wp-content\/uploads\/usu1853\/2026\/03\/imatge-5-300x70.png 300w\" sizes=\"auto, (max-width: 768px) 100vw, 768px\" \/><\/a><\/figure>\n\n\n\n<p>L\u2019ODS 6 busca assegurar que tothom tingui acc\u00e9s a aigua i a una gesti\u00f3 sostenible del sanejament. Aix\u00f2 significa que cada persona al m\u00f3n hauria de poder gaudir d\u2019aigua potable, segura i assequible, aix\u00ed com de serveis de sanejament adequats, com el clavegueram, el tractament d\u2019aig\u00fces residuals i la higiene b\u00e0sica.&nbsp;<\/p>\n\n\n\n<p>Aquest ODS ja tenia un precedent a l\u2019Agenda 2015, on es van fer aven\u00e7os significatius. No obstant aix\u00f2, el r\u00e0pid creixement de la poblaci\u00f3, la urbanitzaci\u00f3 i les creixents necessitats d\u2019aigua estan generant una demanda constant. Per aix\u00f2, l\u2019ODS 6 tamb\u00e9 fomenta la cooperaci\u00f3 internacional i ofereix suport t\u00e8cnic i financer als pa\u00efsos en vies de desenvolupament per aconseguir aquests objectius.<\/p>\n\n\n\n<p>L\u2019aigua \u00e9s considerada un dret hum\u00e0 fonamental, per\u00f2, actualment, d\u2019aquesta necessitat humana no disposen dos mil milions de persones, el que significaria que un quart de la poblaci\u00f3 mundial encara no t\u00e9 garantit aquest acc\u00e9s. Malgrat aix\u00f2, disposem de les tecnologies necess\u00e0ries per potabilitzar i gestionar l\u2019aigua de manera segura i eficient.<\/p>\n\n\n\n<p>Aquest objectiu reconeix que l\u2019aigua \u00e9s essencial per a l\u2019agricultura, la ind\u00fastria i la vida dels ecosistemes. A m\u00e9s, posa l\u2019accent no nom\u00e9s en la quantitat d\u2019aigua disponible, sin\u00f3 tamb\u00e9 en la seva qualitat (evitant la contaminaci\u00f3), en la gesti\u00f3 sostenible (\u00fas eficient i reutilitzaci\u00f3) i en la protecci\u00f3 dels ecosistemes aqu\u00e0tics, com rius, llacs i aiguamolls.<\/p>\n\n\n\n<p>La falta d\u2019aigua i de sistemes de sanejament pot provocar malalties greus, com el c\u00f2lera o la diarrea, la contaminaci\u00f3 dels aliments, la degradaci\u00f3 dels ecosistemes, un impacte social o fins i tot conflictes entre pa\u00efsos.<\/p>\n\n\n\n<p><strong>Andrea Marcu<\/strong><\/p>\n","protected":false},"excerpt":{"rendered":"<p>L\u2019ODS 6 busca assegurar que tothom tingui acc\u00e9s a aigua i a una gesti\u00f3 sostenible del sanejament. Aix\u00f2 significa que cada persona al m\u00f3n hauria de poder gaudir d\u2019aigua potable, segura i assequible, aix\u00ed com de serveis de sanejament adequats, com el clavegueram, el tractament d\u2019aig\u00fces residuals i la higiene b\u00e0sica.&nbsp; Aquest ODS ja tenia [&hellip;]<\/p>\n","protected":false},"author":1,"featured_media":0,"parent":4652,"menu_order":6,"comment_status":"closed","ping_status":"closed","template":"","meta":{"_bbp_topic_count":0,"_bbp_reply_count":0,"_bbp_total_topic_count":0,"_bbp_total_reply_count":0,"_bbp_voice_count":0,"_bbp_anonymous_reply_count":0,"_bbp_topic_count_hidden":0,"_bbp_reply_count_hidden":0,"_bbp_forum_subforum_count":0,"site-sidebar-layout":"default","site-content-layout":"","ast-site-content-layout":"default","site-content-style":"default","site-sidebar-style":"default","ast-global-header-display":"","ast-banner-title-visibility":"","ast-main-header-display":"","ast-hfb-above-header-display":"","ast-hfb-below-header-display":"","ast-hfb-mobile-header-display":"","site-post-title":"","ast-breadcrumbs-content":"","ast-featured-img":"","footer-sml-layout":"","theme-transparent-header-meta":"","adv-header-id-meta":"","stick-header-meta":"","header-above-stick-meta":"","header-main-stick-meta":"","header-below-stick-meta":"","astra-migrate-meta-layouts":"set","ast-page-background-enabled":"default","ast-page-background-meta":{"desktop":{"background-color":"var(--ast-global-color-4)","background-image":"","background-repeat":"repeat","background-position":"center center","background-size":"auto","background-attachment":"scroll","background-type":"","background-media":"","overlay-type":"","overlay-color":"","overlay-opacity":"","overlay-gradient":""},"tablet":{"background-color":"","background-image":"","background-repeat":"repeat","background-position":"center center","background-size":"auto","background-attachment":"scroll","background-type":"","background-media":"","overlay-type":"","overlay-color":"","overlay-opacity":"","overlay-gradient":""},"mobile":{"background-color":"","background-image":"","background-repeat":"repeat","background-position":"center center","background-size":"auto","background-attachment":"scroll","background-type":"","background-media":"","overlay-type":"","overlay-color":"","overlay-opacity":"","overlay-gradient":""}},"ast-content-background-meta":{"desktop":{"background-color":"var(--ast-global-color-5)","background-image":"","background-repeat":"repeat","background-position":"center center","background-size":"auto","background-attachment":"scroll","background-type":"","background-media":"","overlay-type":"","overlay-color":"","overlay-opacity":"","overlay-gradient":""},"tablet":{"background-color":"var(--ast-global-color-5)","background-image":"","background-repeat":"repeat","background-position":"center center","background-size":"auto","background-attachment":"scroll","background-type":"","background-media":"","overlay-type":"","overlay-color":"","overlay-opacity":"","overlay-gradient":""},"mobile":{"background-color":"var(--ast-global-color-5)","background-image":"","background-repeat":"repeat","background-position":"center center","background-size":"auto","background-attachment":"scroll","background-type":"","background-media":"","overlay-type":"","overlay-color":"","overlay-opacity":"","overlay-gradient":""}},"footnotes":""},"class_list":["post-4719","page","type-page","status-publish","hentry"],"post_mailing_queue_ids":[],"_links":{"self":[{"href":"https:\/\/agora.xtec.cat\/iesestany\/wp-json\/wp\/v2\/pages\/4719","targetHints":{"allow":["GET"]}}],"collection":[{"href":"https:\/\/agora.xtec.cat\/iesestany\/wp-json\/wp\/v2\/pages"}],"about":[{"href":"https:\/\/agora.xtec.cat\/iesestany\/wp-json\/wp\/v2\/types\/page"}],"author":[{"embeddable":true,"href":"https:\/\/agora.xtec.cat\/iesestany\/wp-json\/wp\/v2\/users\/1"}],"replies":[{"embeddable":true,"href":"https:\/\/agora.xtec.cat\/iesestany\/wp-json\/wp\/v2\/comments?post=4719"}],"version-history":[{"count":1,"href":"https:\/\/agora.xtec.cat\/iesestany\/wp-json\/wp\/v2\/pages\/4719\/revisions"}],"predecessor-version":[{"id":4722,"href":"https:\/\/agora.xtec.cat\/iesestany\/wp-json\/wp\/v2\/pages\/4719\/revisions\/4722"}],"up":[{"embeddable":true,"href":"https:\/\/agora.xtec.cat\/iesestany\/wp-json\/wp\/v2\/pages\/4652"}],"wp:attachment":[{"href":"https:\/\/agora.xtec.cat\/iesestany\/wp-json\/wp\/v2\/media?parent=4719"}],"curies":[{"name":"wp","href":"https:\/\/api.w.org\/{rel}","templated":true}]}}