{"id":4689,"date":"2026-03-12T14:09:31","date_gmt":"2026-03-12T13:09:31","guid":{"rendered":"https:\/\/agora.xtec.cat\/iesestany\/?page_id=4689"},"modified":"2026-04-09T20:44:57","modified_gmt":"2026-04-09T18:44:57","slug":"ods-17-revitalitzar-lalianca-mundial-per-al-desenvolupament-sostenible","status":"publish","type":"page","link":"https:\/\/agora.xtec.cat\/iesestany\/articles-ods\/ods-17-revitalitzar-lalianca-mundial-per-al-desenvolupament-sostenible\/","title":{"rendered":"ODS 17 &#8211; Revitalitzar l&#8217;Alian\u00e7a Mundial"},"content":{"rendered":"\n<figure class=\"wp-block-image size-full\"><a href=\"https:\/\/agora.xtec.cat\/iesestany\/wp-content\/uploads\/usu1853\/2026\/03\/imatge-16.png\"><img loading=\"lazy\" decoding=\"async\" width=\"768\" height=\"180\" src=\"https:\/\/agora.xtec.cat\/iesestany\/wp-content\/uploads\/usu1853\/2026\/03\/imatge-16.png\" alt=\"\" class=\"wp-image-4743\" srcset=\"https:\/\/agora.xtec.cat\/iesestany\/wp-content\/uploads\/usu1853\/2026\/03\/imatge-16.png 768w, https:\/\/agora.xtec.cat\/iesestany\/wp-content\/uploads\/usu1853\/2026\/03\/imatge-16-300x70.png 300w\" sizes=\"auto, (max-width: 768px) 100vw, 768px\" \/><\/a><\/figure>\n\n\n\n<p>En el meu cas treballar\u00e9 l\u2019ODS 17 (aliances per assolir els objectius), ja que considero molt important la col\u00b7laboraci\u00f3 i el treball conjunt entre pa\u00efsos per aconseguir un m\u00f3n m\u00e9s just i sostenible. Aquest objectiu t\u00e9 com a finalitat refor\u00e7ar els mitjans d\u2019execuci\u00f3 i revitalitzar l\u2019Alian\u00e7a Mundial per al Desenvolupament Sostenible. L\u2019objectiu 17 dels ODS \u00e9s dels m\u00e9s importants perqu\u00e8 sense aliances i cooperaci\u00f3 no seria possible assolir la resta dels objectius.&nbsp;<\/p>\n\n\n\n<p>Per poder portar-lo a terme cal la col\u00b7laboraci\u00f3 entre els governs, la societat civil i el sector privat. Les metes que proposen per aquest ODS han de veure amb les fiances, tecnologia, creaci\u00f3 de capacitat, comer\u00e7 i q\u00fcestions sistem\u00e0tiques.<\/p>\n\n\n\n<p>Una de les fortaleses m\u00e9s rellevant \u00e9s que impulsen la cooperaci\u00f3 internacional perqu\u00e8 cap pa\u00eds es quedi enrere, tenint en compte que cada pa\u00eds t\u00e9 unes situacions i un nivell de desenvolupament molt diferents entre si.&nbsp;<\/p>\n\n\n\n<p>La principal debilitat que podem notar \u00e9s la manca de coordinaci\u00f3 entre les diferents persones que han de dur a terme aquest objectiu, aix\u00f2 provoca que els objectius tinguin menys efic\u00e0cia. Tamb\u00e9 podem trobar moltes desigualtats en la participaci\u00f3 i la influ\u00e8ncia.&nbsp;&nbsp;<\/p>\n\n\n\n<p>L\u2019ODS 17 presenta oportunitats molt importants per a l\u2019actualitat, incrementa la cooperaci\u00f3 i l\u2019\u00fas de les tecnologies. Ens facilita el contacte entre els diferents pa\u00efsos que intervenen i poder intercanviar informaci\u00f3 amb m\u00e9s facilitat.&nbsp;<\/p>\n\n\n\n<p><strong>Alexia Casinos<\/strong><\/p>\n\n\n\n<div class=\"wp-block-getwid-accordion has-icon-left\" data-active-element=\"none\">\n<div class=\"wp-block-getwid-accordion__header-wrapper\"><span class=\"wp-block-getwid-accordion__header\"><a href=\"#\"><span class=\"wp-block-getwid-accordion__header-title\">La crisi dels aliats. Casinos Alexia (Regional) <\/span><span class=\"wp-block-getwid-accordion__icon is-active\"><i class=\"fas fa-plus\"><\/i><\/span><span class=\"wp-block-getwid-accordion__icon is-passive\"><i class=\"fas fa-minus\"><\/i><\/span><\/a><\/span><\/div><div class=\"wp-block-getwid-accordion__content-wrapper\"><div class=\"wp-block-getwid-accordion__content\">\n<div data-wp-interactive=\"core\/file\" class=\"wp-block-file\"><object data-wp-bind--hidden=\"!state.hasPdfPreview\" hidden class=\"wp-block-file__embed\" data=\"https:\/\/agora.xtec.cat\/iesestany\/wp-content\/uploads\/usu1853\/2026\/04\/La-crisi-dels-aliats.-Casinos-Alexia-Regional-.pdf\" type=\"application\/pdf\" style=\"width:100%;height:600px\" aria-label=\"Incrustaci\u00f3 del fitxer La crisi dels aliats. Casinos Alexia (Regional).\"><\/object><a id=\"wp-block-file--media-bbe9fd9c-cb7f-4597-9654-ef28c767e9dd\" href=\"https:\/\/agora.xtec.cat\/iesestany\/wp-content\/uploads\/usu1853\/2026\/04\/La-crisi-dels-aliats.-Casinos-Alexia-Regional-.pdf\">La crisi dels aliats. Casinos Alexia (Regional)<\/a><a href=\"https:\/\/agora.xtec.cat\/iesestany\/wp-content\/uploads\/usu1853\/2026\/04\/La-crisi-dels-aliats.-Casinos-Alexia-Regional-.pdf\" class=\"wp-block-file__button wp-element-button\" download aria-describedby=\"wp-block-file--media-bbe9fd9c-cb7f-4597-9654-ef28c767e9dd\">Baixa<\/a><\/div>\n\n\n\n<p><\/p>\n<\/div><\/div>\n\n\n\n<div class=\"wp-block-getwid-accordion__header-wrapper\"><span class=\"wp-block-getwid-accordion__header\"><a href=\"#\"><span class=\"wp-block-getwid-accordion__header-title\">La crisi de les institucions internacionals. Lucin, Saray (Regional)<\/span><span class=\"wp-block-getwid-accordion__icon is-active\"><i class=\"fas fa-plus\"><\/i><\/span><span class=\"wp-block-getwid-accordion__icon is-passive\"><i class=\"fas fa-minus\"><\/i><\/span><\/a><\/span><\/div><div class=\"wp-block-getwid-accordion__content-wrapper\"><div class=\"wp-block-getwid-accordion__content\">\n<div data-wp-interactive=\"core\/file\" class=\"wp-block-file\"><object data-wp-bind--hidden=\"!state.hasPdfPreview\" hidden class=\"wp-block-file__embed\" data=\"https:\/\/agora.xtec.cat\/iesestany\/wp-content\/uploads\/usu1853\/2026\/04\/La-crisi-de-les-institucions-internacionals.-Lucin-Saray-Regional.pdf\" type=\"application\/pdf\" style=\"width:100%;height:600px\" aria-label=\"Incrustaci\u00f3 del fitxer La crisi de les institucions internacionals. Lucin, Saray (Regional).\"><\/object><a id=\"wp-block-file--media-6dbec22f-29e2-489e-8e53-adf643bb8692\" href=\"https:\/\/agora.xtec.cat\/iesestany\/wp-content\/uploads\/usu1853\/2026\/04\/La-crisi-de-les-institucions-internacionals.-Lucin-Saray-Regional.pdf\">La crisi de les institucions internacionals. Lucin, Saray (Regional)<\/a><a href=\"https:\/\/agora.xtec.cat\/iesestany\/wp-content\/uploads\/usu1853\/2026\/04\/La-crisi-de-les-institucions-internacionals.-Lucin-Saray-Regional.pdf\" class=\"wp-block-file__button wp-element-button\" download aria-describedby=\"wp-block-file--media-6dbec22f-29e2-489e-8e53-adf643bb8692\">Baixa<\/a><\/div>\n\n\n\n<p><\/p>\n<\/div><\/div>\n\n\n\n<div class=\"wp-block-getwid-accordion__header-wrapper\"><span class=\"wp-block-getwid-accordion__header\"><a href=\"#\"><span class=\"wp-block-getwid-accordion__header-title\">Les COP. Casinos, Alexia (Global)<\/span><span class=\"wp-block-getwid-accordion__icon is-active\"><i class=\"fas fa-plus\"><\/i><\/span><span class=\"wp-block-getwid-accordion__icon is-passive\"><i class=\"fas fa-minus\"><\/i><\/span><\/a><\/span><\/div><div class=\"wp-block-getwid-accordion__content-wrapper\"><div class=\"wp-block-getwid-accordion__content\">\n<div data-wp-interactive=\"core\/file\" class=\"wp-block-file\"><object data-wp-bind--hidden=\"!state.hasPdfPreview\" hidden class=\"wp-block-file__embed\" data=\"https:\/\/agora.xtec.cat\/iesestany\/wp-content\/uploads\/usu1853\/2026\/04\/Les-COP.-Casinos-Alexia-Global.pdf\" type=\"application\/pdf\" style=\"width:100%;height:600px\" aria-label=\"Incrustaci\u00f3 del fitxer Les COP. Casinos, Alexia (Global).\"><\/object><a id=\"wp-block-file--media-54cfd051-233d-4413-8bd1-a803164e2fc5\" href=\"https:\/\/agora.xtec.cat\/iesestany\/wp-content\/uploads\/usu1853\/2026\/04\/Les-COP.-Casinos-Alexia-Global.pdf\">Les COP. Casinos, Alexia (Global)<\/a><a href=\"https:\/\/agora.xtec.cat\/iesestany\/wp-content\/uploads\/usu1853\/2026\/04\/Les-COP.-Casinos-Alexia-Global.pdf\" class=\"wp-block-file__button wp-element-button\" download aria-describedby=\"wp-block-file--media-54cfd051-233d-4413-8bd1-a803164e2fc5\">Baixa<\/a><\/div>\n\n\n\n<p><\/p>\n<\/div><\/div>\n<\/div>\n\n\n\n<p><\/p>\n","protected":false},"excerpt":{"rendered":"<p>En el meu cas treballar\u00e9 l\u2019ODS 17 (aliances per assolir els objectius), ja que considero molt important la col\u00b7laboraci\u00f3 i el treball conjunt entre pa\u00efsos per aconseguir un m\u00f3n m\u00e9s just i sostenible. Aquest objectiu t\u00e9 com a finalitat refor\u00e7ar els mitjans d\u2019execuci\u00f3 i revitalitzar l\u2019Alian\u00e7a Mundial per al Desenvolupament Sostenible. L\u2019objectiu 17 dels ODS [&hellip;]<\/p>\n","protected":false},"author":1,"featured_media":0,"parent":4652,"menu_order":17,"comment_status":"closed","ping_status":"closed","template":"","meta":{"_bbp_topic_count":0,"_bbp_reply_count":0,"_bbp_total_topic_count":0,"_bbp_total_reply_count":0,"_bbp_voice_count":0,"_bbp_anonymous_reply_count":0,"_bbp_topic_count_hidden":0,"_bbp_reply_count_hidden":0,"_bbp_forum_subforum_count":0,"site-sidebar-layout":"default","site-content-layout":"","ast-site-content-layout":"default","site-content-style":"default","site-sidebar-style":"default","ast-global-header-display":"","ast-banner-title-visibility":"","ast-main-header-display":"","ast-hfb-above-header-display":"","ast-hfb-below-header-display":"","ast-hfb-mobile-header-display":"","site-post-title":"","ast-breadcrumbs-content":"","ast-featured-img":"","footer-sml-layout":"","theme-transparent-header-meta":"","adv-header-id-meta":"","stick-header-meta":"","header-above-stick-meta":"","header-main-stick-meta":"","header-below-stick-meta":"","astra-migrate-meta-layouts":"set","ast-page-background-enabled":"default","ast-page-background-meta":{"desktop":{"background-color":"var(--ast-global-color-4)","background-image":"","background-repeat":"repeat","background-position":"center center","background-size":"auto","background-attachment":"scroll","background-type":"","background-media":"","overlay-type":"","overlay-color":"","overlay-opacity":"","overlay-gradient":""},"tablet":{"background-color":"","background-image":"","background-repeat":"repeat","background-position":"center center","background-size":"auto","background-attachment":"scroll","background-type":"","background-media":"","overlay-type":"","overlay-color":"","overlay-opacity":"","overlay-gradient":""},"mobile":{"background-color":"","background-image":"","background-repeat":"repeat","background-position":"center center","background-size":"auto","background-attachment":"scroll","background-type":"","background-media":"","overlay-type":"","overlay-color":"","overlay-opacity":"","overlay-gradient":""}},"ast-content-background-meta":{"desktop":{"background-color":"var(--ast-global-color-5)","background-image":"","background-repeat":"repeat","background-position":"center center","background-size":"auto","background-attachment":"scroll","background-type":"","background-media":"","overlay-type":"","overlay-color":"","overlay-opacity":"","overlay-gradient":""},"tablet":{"background-color":"var(--ast-global-color-5)","background-image":"","background-repeat":"repeat","background-position":"center center","background-size":"auto","background-attachment":"scroll","background-type":"","background-media":"","overlay-type":"","overlay-color":"","overlay-opacity":"","overlay-gradient":""},"mobile":{"background-color":"var(--ast-global-color-5)","background-image":"","background-repeat":"repeat","background-position":"center center","background-size":"auto","background-attachment":"scroll","background-type":"","background-media":"","overlay-type":"","overlay-color":"","overlay-opacity":"","overlay-gradient":""}},"footnotes":""},"class_list":["post-4689","page","type-page","status-publish","hentry"],"post_mailing_queue_ids":[],"_links":{"self":[{"href":"https:\/\/agora.xtec.cat\/iesestany\/wp-json\/wp\/v2\/pages\/4689","targetHints":{"allow":["GET"]}}],"collection":[{"href":"https:\/\/agora.xtec.cat\/iesestany\/wp-json\/wp\/v2\/pages"}],"about":[{"href":"https:\/\/agora.xtec.cat\/iesestany\/wp-json\/wp\/v2\/types\/page"}],"author":[{"embeddable":true,"href":"https:\/\/agora.xtec.cat\/iesestany\/wp-json\/wp\/v2\/users\/1"}],"replies":[{"embeddable":true,"href":"https:\/\/agora.xtec.cat\/iesestany\/wp-json\/wp\/v2\/comments?post=4689"}],"version-history":[{"count":4,"href":"https:\/\/agora.xtec.cat\/iesestany\/wp-json\/wp\/v2\/pages\/4689\/revisions"}],"predecessor-version":[{"id":4860,"href":"https:\/\/agora.xtec.cat\/iesestany\/wp-json\/wp\/v2\/pages\/4689\/revisions\/4860"}],"up":[{"embeddable":true,"href":"https:\/\/agora.xtec.cat\/iesestany\/wp-json\/wp\/v2\/pages\/4652"}],"wp:attachment":[{"href":"https:\/\/agora.xtec.cat\/iesestany\/wp-json\/wp\/v2\/media?parent=4689"}],"curies":[{"name":"wp","href":"https:\/\/api.w.org\/{rel}","templated":true}]}}

ODS 17 &#8211; Revitalitzar l&#8217;Aliança Mundial

<figure class="wp-block-image size-full"><a href="https://agora.xtec.cat/iesestany/wp-content/uploads/usu1853/2026/03/imatge-16.png"><img loading="lazy" decoding="async" width="768" height="180" src="https://agora.xtec.cat/iesestany/wp-content/uploads/usu1853/2026/03/imatge-16.png" alt="" class="wp-image-4743" srcset="https://agora.xtec.cat/iesestany/wp-content/uploads/usu1853/2026/03/imatge-16.png 768w, https://agora.xtec.cat/iesestany/wp-content/uploads/usu1853/2026/03/imatge-16-300x70.png 300w" sizes="auto, (max-width: 768px) 100vw, 768px" /></a></figure>



<p>En el meu cas treballaré l’ODS 17 (aliances per assolir els objectius), ja que considero molt important la col·laboració i el treball conjunt entre països per aconseguir un món més just i sostenible. Aquest objectiu té com a finalitat reforçar els mitjans d’execució i revitalitzar l’Aliança Mundial per al Desenvolupament Sostenible. L’objectiu 17 dels ODS és dels més importants perquè sense aliances i cooperació no seria possible assolir la resta dels objectius.&nbsp;</p>



<p>Per poder portar-lo a terme cal la col·laboració entre els governs, la societat civil i el sector privat. Les metes que proposen per aquest ODS han de veure amb les fiances, tecnologia, creació de capacitat, comerç i qüestions sistemàtiques.</p>



<p>Una de les fortaleses més rellevant és que impulsen la cooperació internacional perquè cap país es quedi enrere, tenint en compte que cada país té unes situacions i un nivell de desenvolupament molt diferents entre si.&nbsp;</p>



<p>La principal debilitat que podem notar és la manca de coordinació entre les diferents persones que han de dur a terme aquest objectiu, això provoca que els objectius tinguin menys eficàcia. També podem trobar moltes desigualtats en la participació i la influència.&nbsp;&nbsp;</p>



<p>L’ODS 17 presenta oportunitats molt importants per a l’actualitat, incrementa la cooperació i l’ús de les tecnologies. Ens facilita el contacte entre els diferents països que intervenen i poder intercanviar informació amb més facilitat.&nbsp;</p>



<p><strong>Alexia Casinos</strong></p>



<div class="wp-block-getwid-accordion has-icon-left" data-active-element="none">
<div class="wp-block-getwid-accordion__header-wrapper"><span class="wp-block-getwid-accordion__header"><a href="#"><span class="wp-block-getwid-accordion__header-title">La crisi dels aliats. Casinos Alexia (Regional) </span><span class="wp-block-getwid-accordion__icon is-active"><i class="fas fa-plus"></i></span><span class="wp-block-getwid-accordion__icon is-passive"><i class="fas fa-minus"></i></span></a></span></div><div class="wp-block-getwid-accordion__content-wrapper"><div class="wp-block-getwid-accordion__content">
<div data-wp-interactive="core/file" class="wp-block-file"><object data-wp-bind--hidden="!state.hasPdfPreview" hidden class="wp-block-file__embed" data="https://agora.xtec.cat/iesestany/wp-content/uploads/usu1853/2026/04/La-crisi-dels-aliats.-Casinos-Alexia-Regional-.pdf" type="application/pdf" style="width:100%;height:600px" aria-label="Incrustació del fitxer La crisi dels aliats. Casinos Alexia (Regional)."></object><a id="wp-block-file--media-bbe9fd9c-cb7f-4597-9654-ef28c767e9dd" href="https://agora.xtec.cat/iesestany/wp-content/uploads/usu1853/2026/04/La-crisi-dels-aliats.-Casinos-Alexia-Regional-.pdf">La crisi dels aliats. Casinos Alexia (Regional)</a><a href="https://agora.xtec.cat/iesestany/wp-content/uploads/usu1853/2026/04/La-crisi-dels-aliats.-Casinos-Alexia-Regional-.pdf" class="wp-block-file__button wp-element-button" download aria-describedby="wp-block-file--media-bbe9fd9c-cb7f-4597-9654-ef28c767e9dd">Baixa</a></div>



<p></p>
</div></div>



<div class="wp-block-getwid-accordion__header-wrapper"><span class="wp-block-getwid-accordion__header"><a href="#"><span class="wp-block-getwid-accordion__header-title">La crisi de les institucions internacionals. Lucin, Saray (Regional)</span><span class="wp-block-getwid-accordion__icon is-active"><i class="fas fa-plus"></i></span><span class="wp-block-getwid-accordion__icon is-passive"><i class="fas fa-minus"></i></span></a></span></div><div class="wp-block-getwid-accordion__content-wrapper"><div class="wp-block-getwid-accordion__content">
<div data-wp-interactive="core/file" class="wp-block-file"><object data-wp-bind--hidden="!state.hasPdfPreview" hidden class="wp-block-file__embed" data="https://agora.xtec.cat/iesestany/wp-content/uploads/usu1853/2026/04/La-crisi-de-les-institucions-internacionals.-Lucin-Saray-Regional.pdf" type="application/pdf" style="width:100%;height:600px" aria-label="Incrustació del fitxer La crisi de les institucions internacionals. Lucin, Saray (Regional)."></object><a id="wp-block-file--media-6dbec22f-29e2-489e-8e53-adf643bb8692" href="https://agora.xtec.cat/iesestany/wp-content/uploads/usu1853/2026/04/La-crisi-de-les-institucions-internacionals.-Lucin-Saray-Regional.pdf">La crisi de les institucions internacionals. Lucin, Saray (Regional)</a><a href="https://agora.xtec.cat/iesestany/wp-content/uploads/usu1853/2026/04/La-crisi-de-les-institucions-internacionals.-Lucin-Saray-Regional.pdf" class="wp-block-file__button wp-element-button" download aria-describedby="wp-block-file--media-6dbec22f-29e2-489e-8e53-adf643bb8692">Baixa</a></div>



<p></p>
</div></div>



<div class="wp-block-getwid-accordion__header-wrapper"><span class="wp-block-getwid-accordion__header"><a href="#"><span class="wp-block-getwid-accordion__header-title">Les COP. Casinos, Alexia (Global)</span><span class="wp-block-getwid-accordion__icon is-active"><i class="fas fa-plus"></i></span><span class="wp-block-getwid-accordion__icon is-passive"><i class="fas fa-minus"></i></span></a></span></div><div class="wp-block-getwid-accordion__content-wrapper"><div class="wp-block-getwid-accordion__content">
<div data-wp-interactive="core/file" class="wp-block-file"><object data-wp-bind--hidden="!state.hasPdfPreview" hidden class="wp-block-file__embed" data="https://agora.xtec.cat/iesestany/wp-content/uploads/usu1853/2026/04/Les-COP.-Casinos-Alexia-Global.pdf" type="application/pdf" style="width:100%;height:600px" aria-label="Incrustació del fitxer Les COP. Casinos, Alexia (Global)."></object><a id="wp-block-file--media-54cfd051-233d-4413-8bd1-a803164e2fc5" href="https://agora.xtec.cat/iesestany/wp-content/uploads/usu1853/2026/04/Les-COP.-Casinos-Alexia-Global.pdf">Les COP. Casinos, Alexia (Global)</a><a href="https://agora.xtec.cat/iesestany/wp-content/uploads/usu1853/2026/04/Les-COP.-Casinos-Alexia-Global.pdf" class="wp-block-file__button wp-element-button" download aria-describedby="wp-block-file--media-54cfd051-233d-4413-8bd1-a803164e2fc5">Baixa</a></div>



<p></p>
</div></div>
</div>



<p></p>

<p>En el meu cas treballaré l’ODS 17 (aliances per assolir els objectius), ja que considero molt important la col·laboració i el treball conjunt entre països per aconseguir un món més just i sostenible. Aquest objectiu té com a finalitat reforçar els mitjans d’execució i revitalitzar l’Aliança Mundial per al Desenvolupament Sostenible. L’objectiu 17 dels ODS [&hellip;]</p>
