{"id":4683,"date":"2026-03-12T14:07:41","date_gmt":"2026-03-12T13:07:41","guid":{"rendered":"https:\/\/agora.xtec.cat\/iesestany\/?page_id=4683"},"modified":"2026-04-09T20:36:09","modified_gmt":"2026-04-09T18:36:09","slug":"ods-14-vida-submarina","status":"publish","type":"page","link":"https:\/\/agora.xtec.cat\/iesestany\/articles-ods\/ods-14-vida-submarina\/","title":{"rendered":"ODS 14 &#8211; Vida submarina"},"content":{"rendered":"\n<figure class=\"wp-block-image size-full\"><a href=\"https:\/\/agora.xtec.cat\/iesestany\/wp-content\/uploads\/usu1853\/2026\/03\/imatge-13.png\"><img loading=\"lazy\" decoding=\"async\" width=\"768\" height=\"180\" src=\"https:\/\/agora.xtec.cat\/iesestany\/wp-content\/uploads\/usu1853\/2026\/03\/imatge-13.png\" alt=\"\" class=\"wp-image-4737\" srcset=\"https:\/\/agora.xtec.cat\/iesestany\/wp-content\/uploads\/usu1853\/2026\/03\/imatge-13.png 768w, https:\/\/agora.xtec.cat\/iesestany\/wp-content\/uploads\/usu1853\/2026\/03\/imatge-13-300x70.png 300w\" sizes=\"auto, (max-width: 768px) 100vw, 768px\" \/><\/a><\/figure>\n\n\n\n<p>L\u2019Objectiu de Desenvolupament Sostenible 14 titulat \u201cVida Submarina\u201d va ser adoptat per tots els Pa\u00efsos membres de les Nacions Unides el 25 de setembre de 2015 com a part de l\u2019agenda 2030. Aquest objectiu busca conservar i utilitzar de manera sostenible els oceans i mars, reconeixent la import\u00e0ncia vital per la vida al planeta, ja que cobreixen tres quartes parts del nostre planeta i la contaminaci\u00f3 mar\u00edtima est\u00e0 arribant a uns nivells extrems.<\/p>\n\n\n\n<p>La idea de fer aquest ODS \u00e9s perqu\u00e8 ha crescut la preocupaci\u00f3 per la degradaci\u00f3 dels ecosistemes marins causats per accions humanes, com la sobrepesca, la contaminaci\u00f3 per pl\u00e0stics i per tirar una s\u00e8rie d\u2019\u00e0cids als oceans. Aquestes causes no nom\u00e9s afecten&nbsp; la biodiversitat marina, sin\u00f3 que tamb\u00e9 ens afecta a nosaltres, a trav\u00e9s de l\u2019alimentaci\u00f3, el clima i les economies locals, especialment als Estats en desenvolupament i als pa\u00efsos menys avan\u00e7ats. (undp, n.d.)<\/p>\n\n\n\n<p>A trav\u00e9s de 10 metes, l\u2019ODS 14 estableix accions concretes per combatre la contaminaci\u00f3 marina, protegint les zones costaneres i marines, reduint la sobrepesca i la pesca il\u00b7legal i promovent la investigaci\u00f3 cient\u00edfica en tecnologia marina. Aquestes accions s\u2019han d\u2019implantar tant a escala global, nacional com local, amb ajudes dels governs, empreses i les societats civils. (Nacions Unides, n.d.)<\/p>\n\n\n\n<p>La urg\u00e8ncia d\u2019aquest objectiu fa que hagin de revertir tend\u00e8ncies destructives i garantir la salut dels oceans per les generacions actuals i per a les futures. Que tingui \u00e8xit dep\u00e8n d\u2019un comprom\u00eds col\u00b7lectiu i de pol\u00edtiques p\u00fabliques efectives que integrin la sostenibilitat marina a tots els sectors de les societats.<\/p>\n\n\n\n<p><strong>Laia Nielfa<\/strong><\/p>\n\n\n\n<div class=\"wp-block-getwid-accordion has-icon-left\" data-active-element=\"none\">\n<div class=\"wp-block-getwid-accordion__header-wrapper\"><span class=\"wp-block-getwid-accordion__header\"><a href=\"#\"><span class=\"wp-block-getwid-accordion__header-title\">Investigaci\u00f3 a l&#8217;\u00e0mbit de la Qu\u00edmica Sostenible. G\u00f3mez,Isaac (Global)<\/span><span class=\"wp-block-getwid-accordion__icon is-active\"><i class=\"fas fa-plus\"><\/i><\/span><span class=\"wp-block-getwid-accordion__icon is-passive\"><i class=\"fas fa-minus\"><\/i><\/span><\/a><\/span><\/div><div class=\"wp-block-getwid-accordion__content-wrapper\"><div class=\"wp-block-getwid-accordion__content\">\n<div data-wp-interactive=\"core\/file\" class=\"wp-block-file\"><object data-wp-bind--hidden=\"!state.hasPdfPreview\" hidden class=\"wp-block-file__embed\" data=\"https:\/\/agora.xtec.cat\/iesestany\/wp-content\/uploads\/usu1853\/2026\/04\/Investigacio-a-lambit-de-la-Quimica-Sostenible.-GomezIsaac-Global.pdf\" type=\"application\/pdf\" style=\"width:100%;height:600px\" aria-label=\"Incrustaci\u00f3 del fitxer Investigaci\u00f3 a l&#039;\u00e0mbit de la Qu\u00edmica Sostenible. G\u00f3mez,Isaac (Global).\"><\/object><a id=\"wp-block-file--media-0f5d62e1-27cd-4dea-b5fb-a75f50861304\" href=\"https:\/\/agora.xtec.cat\/iesestany\/wp-content\/uploads\/usu1853\/2026\/04\/Investigacio-a-lambit-de-la-Quimica-Sostenible.-GomezIsaac-Global.pdf\">Investigaci\u00f3 a l&#8217;\u00e0mbit de la Qu\u00edmica Sostenible. G\u00f3mez,Isaac (Global)<\/a><a href=\"https:\/\/agora.xtec.cat\/iesestany\/wp-content\/uploads\/usu1853\/2026\/04\/Investigacio-a-lambit-de-la-Quimica-Sostenible.-GomezIsaac-Global.pdf\" class=\"wp-block-file__button wp-element-button\" download aria-describedby=\"wp-block-file--media-0f5d62e1-27cd-4dea-b5fb-a75f50861304\">Baixa<\/a><\/div>\n\n\n\n<p><\/p>\n<\/div><\/div>\n\n\n\n<div class=\"wp-block-getwid-accordion__header-wrapper\"><span class=\"wp-block-getwid-accordion__header\"><a href=\"#\"><span class=\"wp-block-getwid-accordion__header-title\">L\u2019impacte mediambiental dels creuers a la Mediterr\u00e0nia. Laia Nielfa (Regional)<\/span><span class=\"wp-block-getwid-accordion__icon is-active\"><i class=\"fas fa-plus\"><\/i><\/span><span class=\"wp-block-getwid-accordion__icon is-passive\"><i class=\"fas fa-minus\"><\/i><\/span><\/a><\/span><\/div><div class=\"wp-block-getwid-accordion__content-wrapper\"><div class=\"wp-block-getwid-accordion__content\">\n<div data-wp-interactive=\"core\/file\" class=\"wp-block-file\"><object data-wp-bind--hidden=\"!state.hasPdfPreview\" hidden class=\"wp-block-file__embed\" data=\"https:\/\/agora.xtec.cat\/iesestany\/wp-content\/uploads\/usu1853\/2026\/04\/Limpacte-mediambiental-dels-creuers-a-la-Mediterrania.-Laia-Nielfa-Regional.pdf\" type=\"application\/pdf\" style=\"width:100%;height:600px\" aria-label=\"Incrustaci\u00f3 del fitxer L\u2019impacte mediambiental dels creuers a la Mediterr\u00e0nia. Laia Nielfa (Regional).\"><\/object><a id=\"wp-block-file--media-83c01285-07a0-4a11-9219-c119fa1eb94d\" href=\"https:\/\/agora.xtec.cat\/iesestany\/wp-content\/uploads\/usu1853\/2026\/04\/Limpacte-mediambiental-dels-creuers-a-la-Mediterrania.-Laia-Nielfa-Regional.pdf\">L\u2019impacte mediambiental dels creuers a la Mediterr\u00e0nia. Laia Nielfa (Regional)<\/a><a href=\"https:\/\/agora.xtec.cat\/iesestany\/wp-content\/uploads\/usu1853\/2026\/04\/Limpacte-mediambiental-dels-creuers-a-la-Mediterrania.-Laia-Nielfa-Regional.pdf\" class=\"wp-block-file__button wp-element-button\" download aria-describedby=\"wp-block-file--media-83c01285-07a0-4a11-9219-c119fa1eb94d\">Baixa<\/a><\/div>\n\n\n\n<p><\/p>\n<\/div><\/div>\n\n\n\n<div class=\"wp-block-getwid-accordion__header-wrapper\"><span class=\"wp-block-getwid-accordion__header\"><a href=\"#\"><span class=\"wp-block-getwid-accordion__header-title\">La pesca d\u2019arrossegament del fons mar\u00ed i la sobreexplotaci\u00f3 G\u00f3mez-Isaac (Regional)<\/span><span class=\"wp-block-getwid-accordion__icon is-active\"><i class=\"fas fa-plus\"><\/i><\/span><span class=\"wp-block-getwid-accordion__icon is-passive\"><i class=\"fas fa-minus\"><\/i><\/span><\/a><\/span><\/div><div class=\"wp-block-getwid-accordion__content-wrapper\"><div class=\"wp-block-getwid-accordion__content\">\n<div data-wp-interactive=\"core\/file\" class=\"wp-block-file\"><object data-wp-bind--hidden=\"!state.hasPdfPreview\" hidden class=\"wp-block-file__embed\" data=\"https:\/\/agora.xtec.cat\/iesestany\/wp-content\/uploads\/usu1853\/2026\/04\/ODS-14.-La-pesca-darrossegament-del-fons-mari-i-la-sobreexplotacio-Gomez-Isaac-Regional.pdf\" type=\"application\/pdf\" style=\"width:100%;height:600px\" aria-label=\"Incrustaci\u00f3 del fitxer ODS 14. La pesca d\u2019arrossegament del fons mar\u00ed i la sobreexplotaci\u00f3 G\u00f3mez-Isaac (Regional).\"><\/object><a id=\"wp-block-file--media-8ebe7c18-9cd9-4227-9ec4-e7480aabf639\" href=\"https:\/\/agora.xtec.cat\/iesestany\/wp-content\/uploads\/usu1853\/2026\/04\/ODS-14.-La-pesca-darrossegament-del-fons-mari-i-la-sobreexplotacio-Gomez-Isaac-Regional.pdf\">ODS 14. La pesca d\u2019arrossegament del fons mar\u00ed i la sobreexplotaci\u00f3 G\u00f3mez-Isaac (Regional)<\/a><a href=\"https:\/\/agora.xtec.cat\/iesestany\/wp-content\/uploads\/usu1853\/2026\/04\/ODS-14.-La-pesca-darrossegament-del-fons-mari-i-la-sobreexplotacio-Gomez-Isaac-Regional.pdf\" class=\"wp-block-file__button wp-element-button\" download aria-describedby=\"wp-block-file--media-8ebe7c18-9cd9-4227-9ec4-e7480aabf639\">Baixa<\/a><\/div>\n\n\n\n<p><\/p>\n<\/div><\/div>\n\n\n\n<div class=\"wp-block-getwid-accordion__header-wrapper\"><span class=\"wp-block-getwid-accordion__header\"><a href=\"#\"><span class=\"wp-block-getwid-accordion__header-title\">\u00das de combustibles amb zero emissions de CO\u2082 G\u00f3mez-Isaac (Global).pdf<\/span><span class=\"wp-block-getwid-accordion__icon is-active\"><i class=\"fas fa-plus\"><\/i><\/span><span class=\"wp-block-getwid-accordion__icon is-passive\"><i class=\"fas fa-minus\"><\/i><\/span><\/a><\/span><\/div><div class=\"wp-block-getwid-accordion__content-wrapper\"><div class=\"wp-block-getwid-accordion__content\">\n<div data-wp-interactive=\"core\/file\" class=\"wp-block-file\"><object data-wp-bind--hidden=\"!state.hasPdfPreview\" hidden class=\"wp-block-file__embed\" data=\"https:\/\/agora.xtec.cat\/iesestany\/wp-content\/uploads\/usu1853\/2026\/04\/Us-de-combustibles-amb-zero-emissions-de-CO\u2082-Gomez-Isaac-Global.pdf\" type=\"application\/pdf\" style=\"width:100%;height:600px\" aria-label=\"Incrustaci\u00f3 del fitxer \u00das de combustibles amb zero emissions de CO\u2082 G\u00f3mez-Isaac (Global).\"><\/object><a id=\"wp-block-file--media-08f1bf3b-ce1a-422d-83dd-17105735b028\" href=\"https:\/\/agora.xtec.cat\/iesestany\/wp-content\/uploads\/usu1853\/2026\/04\/Us-de-combustibles-amb-zero-emissions-de-CO\u2082-Gomez-Isaac-Global.pdf\">\u00das de combustibles amb zero emissions de CO\u2082 G\u00f3mez-Isaac (Global)<\/a><a href=\"https:\/\/agora.xtec.cat\/iesestany\/wp-content\/uploads\/usu1853\/2026\/04\/Us-de-combustibles-amb-zero-emissions-de-CO\u2082-Gomez-Isaac-Global.pdf\" class=\"wp-block-file__button wp-element-button\" download aria-describedby=\"wp-block-file--media-08f1bf3b-ce1a-422d-83dd-17105735b028\">Baixa<\/a><\/div>\n\n\n\n<p><\/p>\n<\/div><\/div>\n\n\n\n<div class=\"wp-block-getwid-accordion__header-wrapper\"><span class=\"wp-block-getwid-accordion__header\"><a href=\"#\"><span class=\"wp-block-getwid-accordion__header-title\">Els Micropl\u00e0stics. Laia Nielfa (global)<\/span><span class=\"wp-block-getwid-accordion__icon is-active\"><i class=\"fas fa-plus\"><\/i><\/span><span class=\"wp-block-getwid-accordion__icon is-passive\"><i class=\"fas fa-minus\"><\/i><\/span><\/a><\/span><\/div><div class=\"wp-block-getwid-accordion__content-wrapper\"><div class=\"wp-block-getwid-accordion__content\">\n<div data-wp-interactive=\"core\/file\" class=\"wp-block-file\"><object data-wp-bind--hidden=\"!state.hasPdfPreview\" hidden class=\"wp-block-file__embed\" data=\"https:\/\/agora.xtec.cat\/iesestany\/wp-content\/uploads\/usu1853\/2026\/04\/Els-Microplastics.-Laia-Nielfa-global.pdf\" type=\"application\/pdf\" style=\"width:100%;height:600px\" aria-label=\"Incrustaci\u00f3 del fitxer Els Micropl\u00e0stics. Laia Nielfa (global).\"><\/object><a id=\"wp-block-file--media-ca1052b4-592c-42a0-8879-982d141fe28f\" href=\"https:\/\/agora.xtec.cat\/iesestany\/wp-content\/uploads\/usu1853\/2026\/04\/Els-Microplastics.-Laia-Nielfa-global.pdf\">Els Micropl\u00e0stics. Laia Nielfa (global)<\/a><a href=\"https:\/\/agora.xtec.cat\/iesestany\/wp-content\/uploads\/usu1853\/2026\/04\/Els-Microplastics.-Laia-Nielfa-global.pdf\" class=\"wp-block-file__button wp-element-button\" download aria-describedby=\"wp-block-file--media-ca1052b4-592c-42a0-8879-982d141fe28f\">Baixa<\/a><\/div>\n\n\n\n<p><\/p>\n<\/div><\/div>\n\n\n\n<div class=\"wp-block-getwid-accordion__header-wrapper\"><span class=\"wp-block-getwid-accordion__header\"><a href=\"#\"><span class=\"wp-block-getwid-accordion__header-title\">Contaminaci\u00f3 per micropl\u00e0stics al Delta de l&#8217;Ebre. G\u00f3mez, Isaac (Regional)<\/span><span class=\"wp-block-getwid-accordion__icon is-active\"><i class=\"fas fa-plus\"><\/i><\/span><span class=\"wp-block-getwid-accordion__icon is-passive\"><i class=\"fas fa-minus\"><\/i><\/span><\/a><\/span><\/div><div class=\"wp-block-getwid-accordion__content-wrapper\"><div class=\"wp-block-getwid-accordion__content\">\n<div data-wp-interactive=\"core\/file\" class=\"wp-block-file\"><object data-wp-bind--hidden=\"!state.hasPdfPreview\" hidden class=\"wp-block-file__embed\" data=\"https:\/\/agora.xtec.cat\/iesestany\/wp-content\/uploads\/usu1853\/2026\/04\/Contaminacio-per-microplastics-al-Delta-de-lEbre.-Gomez-Isaac-Regional.pdf\" type=\"application\/pdf\" style=\"width:100%;height:600px\" aria-label=\"Incrustaci\u00f3 del fitxer Contaminaci\u00f3 per micropl\u00e0stics al Delta de l&#039;Ebre. G\u00f3mez, Isaac (Regional).\"><\/object><a id=\"wp-block-file--media-d0507570-2bb4-4ec1-b94c-96f9ea6394c7\" href=\"https:\/\/agora.xtec.cat\/iesestany\/wp-content\/uploads\/usu1853\/2026\/04\/Contaminacio-per-microplastics-al-Delta-de-lEbre.-Gomez-Isaac-Regional.pdf\">Contaminaci\u00f3 per micropl\u00e0stics al Delta de l&#8217;Ebre. G\u00f3mez, Isaac (Regional)<\/a><a href=\"https:\/\/agora.xtec.cat\/iesestany\/wp-content\/uploads\/usu1853\/2026\/04\/Contaminacio-per-microplastics-al-Delta-de-lEbre.-Gomez-Isaac-Regional.pdf\" class=\"wp-block-file__button wp-element-button\" download aria-describedby=\"wp-block-file--media-d0507570-2bb4-4ec1-b94c-96f9ea6394c7\">Baixa<\/a><\/div>\n\n\n\n<p><\/p>\n<\/div><\/div>\n<\/div>\n\n\n\n<p><\/p>\n","protected":false},"excerpt":{"rendered":"<p>L\u2019Objectiu de Desenvolupament Sostenible 14 titulat \u201cVida Submarina\u201d va ser adoptat per tots els Pa\u00efsos membres de les Nacions Unides el 25 de setembre de 2015 com a part de l\u2019agenda 2030. Aquest objectiu busca conservar i utilitzar de manera sostenible els oceans i mars, reconeixent la import\u00e0ncia vital per la vida al planeta, ja [&hellip;]<\/p>\n","protected":false},"author":1,"featured_media":0,"parent":4652,"menu_order":14,"comment_status":"closed","ping_status":"closed","template":"","meta":{"_bbp_topic_count":0,"_bbp_reply_count":0,"_bbp_total_topic_count":0,"_bbp_total_reply_count":0,"_bbp_voice_count":0,"_bbp_anonymous_reply_count":0,"_bbp_topic_count_hidden":0,"_bbp_reply_count_hidden":0,"_bbp_forum_subforum_count":0,"site-sidebar-layout":"default","site-content-layout":"","ast-site-content-layout":"default","site-content-style":"default","site-sidebar-style":"default","ast-global-header-display":"","ast-banner-title-visibility":"","ast-main-header-display":"","ast-hfb-above-header-display":"","ast-hfb-below-header-display":"","ast-hfb-mobile-header-display":"","site-post-title":"","ast-breadcrumbs-content":"","ast-featured-img":"","footer-sml-layout":"","theme-transparent-header-meta":"","adv-header-id-meta":"","stick-header-meta":"","header-above-stick-meta":"","header-main-stick-meta":"","header-below-stick-meta":"","astra-migrate-meta-layouts":"set","ast-page-background-enabled":"default","ast-page-background-meta":{"desktop":{"background-color":"var(--ast-global-color-4)","background-image":"","background-repeat":"repeat","background-position":"center center","background-size":"auto","background-attachment":"scroll","background-type":"","background-media":"","overlay-type":"","overlay-color":"","overlay-opacity":"","overlay-gradient":""},"tablet":{"background-color":"","background-image":"","background-repeat":"repeat","background-position":"center center","background-size":"auto","background-attachment":"scroll","background-type":"","background-media":"","overlay-type":"","overlay-color":"","overlay-opacity":"","overlay-gradient":""},"mobile":{"background-color":"","background-image":"","background-repeat":"repeat","background-position":"center center","background-size":"auto","background-attachment":"scroll","background-type":"","background-media":"","overlay-type":"","overlay-color":"","overlay-opacity":"","overlay-gradient":""}},"ast-content-background-meta":{"desktop":{"background-color":"var(--ast-global-color-5)","background-image":"","background-repeat":"repeat","background-position":"center center","background-size":"auto","background-attachment":"scroll","background-type":"","background-media":"","overlay-type":"","overlay-color":"","overlay-opacity":"","overlay-gradient":""},"tablet":{"background-color":"var(--ast-global-color-5)","background-image":"","background-repeat":"repeat","background-position":"center center","background-size":"auto","background-attachment":"scroll","background-type":"","background-media":"","overlay-type":"","overlay-color":"","overlay-opacity":"","overlay-gradient":""},"mobile":{"background-color":"var(--ast-global-color-5)","background-image":"","background-repeat":"repeat","background-position":"center center","background-size":"auto","background-attachment":"scroll","background-type":"","background-media":"","overlay-type":"","overlay-color":"","overlay-opacity":"","overlay-gradient":""}},"footnotes":""},"class_list":["post-4683","page","type-page","status-publish","hentry"],"post_mailing_queue_ids":[],"_links":{"self":[{"href":"https:\/\/agora.xtec.cat\/iesestany\/wp-json\/wp\/v2\/pages\/4683","targetHints":{"allow":["GET"]}}],"collection":[{"href":"https:\/\/agora.xtec.cat\/iesestany\/wp-json\/wp\/v2\/pages"}],"about":[{"href":"https:\/\/agora.xtec.cat\/iesestany\/wp-json\/wp\/v2\/types\/page"}],"author":[{"embeddable":true,"href":"https:\/\/agora.xtec.cat\/iesestany\/wp-json\/wp\/v2\/users\/1"}],"replies":[{"embeddable":true,"href":"https:\/\/agora.xtec.cat\/iesestany\/wp-json\/wp\/v2\/comments?post=4683"}],"version-history":[{"count":3,"href":"https:\/\/agora.xtec.cat\/iesestany\/wp-json\/wp\/v2\/pages\/4683\/revisions"}],"predecessor-version":[{"id":4841,"href":"https:\/\/agora.xtec.cat\/iesestany\/wp-json\/wp\/v2\/pages\/4683\/revisions\/4841"}],"up":[{"embeddable":true,"href":"https:\/\/agora.xtec.cat\/iesestany\/wp-json\/wp\/v2\/pages\/4652"}],"wp:attachment":[{"href":"https:\/\/agora.xtec.cat\/iesestany\/wp-json\/wp\/v2\/media?parent=4683"}],"curies":[{"name":"wp","href":"https:\/\/api.w.org\/{rel}","templated":true}]}}