{"id":4669,"date":"2026-03-12T14:02:38","date_gmt":"2026-03-12T13:02:38","guid":{"rendered":"https:\/\/agora.xtec.cat\/iesestany\/?page_id=4669"},"modified":"2026-03-23T12:15:41","modified_gmt":"2026-03-23T11:15:41","slug":"ods-7-energia-assequible-i-no-contaminant","status":"publish","type":"page","link":"https:\/\/agora.xtec.cat\/iesestany\/articles-ods\/ods-7-energia-assequible-i-no-contaminant\/","title":{"rendered":"ODS 7 &#8211; Energia assequible i no contaminant"},"content":{"rendered":"\n<figure class=\"wp-block-image size-full\"><a href=\"https:\/\/agora.xtec.cat\/iesestany\/wp-content\/uploads\/usu1853\/2026\/03\/imatge-6.png\"><img loading=\"lazy\" decoding=\"async\" width=\"768\" height=\"180\" src=\"https:\/\/agora.xtec.cat\/iesestany\/wp-content\/uploads\/usu1853\/2026\/03\/imatge-6.png\" alt=\"\" class=\"wp-image-4723\" srcset=\"https:\/\/agora.xtec.cat\/iesestany\/wp-content\/uploads\/usu1853\/2026\/03\/imatge-6.png 768w, https:\/\/agora.xtec.cat\/iesestany\/wp-content\/uploads\/usu1853\/2026\/03\/imatge-6-300x70.png 300w\" sizes=\"auto, (max-width: 768px) 100vw, 768px\" \/><\/a><\/figure>\n\n\n\n<p>Aquest ODS, com b\u00e9 diu el nom, busca garantir l&#8217;acc\u00e9s universal a una energia segura, sostenible i moderna. Entre els punts forts, destaca el gran aven\u00e7 de les energies renovables, com la solar, l\u2019e\u00f2lica o la hidr\u00e0ulica, que cada vegada s\u00f3n m\u00e9s eficients i assequibles. Tamb\u00e9 hi ha un augment de la consci\u00e8ncia social i pol\u00edtica sobre la import\u00e0ncia de reduir les emissions contaminants i fomentar un \u00fas m\u00e9s responsable de l\u2019energia. A m\u00e9s, la innovaci\u00f3 tecnol\u00f2gica ha perm\u00e8s aprofitar millor les fonts d\u2019energia neta, reduint la depend\u00e8ncia dels combustibles tradicionals.<\/p>\n\n\n\n<p>Malgrat aquests progressos, encara existeixen diversos punt febles. El cost inicial de la instal\u00b7laci\u00f3 de sistemes d\u2019energia renovable pot ser massa alt per a moltes fam\u00edlies o empreses, i en algunes regions encara falten infraestructures per generar o distribuir aquest tipus d\u2019energia.<\/p>\n\n\n\n<p>L\u2019ODS 7 obre la porta a nombrosos beneficis. El foment de les energies netes pot generar molts llocs de treball verds i impulsar l\u2019economia sostenible. A m\u00e9s, les inversions p\u00fabliques i privades en aquest \u00e0mbit poden ajudar a desenvolupar ciutats m\u00e9s modernes , sostenibles i respectuoses amb el medi ambient.<\/p>\n\n\n\n<p>En conclusi\u00f3, l\u2019ODS 7 \u00e9s essencial per avan\u00e7ar cap a un model energ\u00e8tic m\u00e9s net, sostenible i inclusiu. Tot i els reptes s\u2019han d\u2019afrontar, aconseguir una energia asequible i no contaminant, \u00e9s per a tothom una de les claus per garantir un futur equilibrat i respectu\u00f3s amb el planeta.&nbsp;<\/p>\n\n\n\n<p><strong>Pere Cardona<\/strong><\/p>\n","protected":false},"excerpt":{"rendered":"<p>Aquest ODS, com b\u00e9 diu el nom, busca garantir l&#8217;acc\u00e9s universal a una energia segura, sostenible i moderna. Entre els punts forts, destaca el gran aven\u00e7 de les energies renovables, com la solar, l\u2019e\u00f2lica o la hidr\u00e0ulica, que cada vegada s\u00f3n m\u00e9s eficients i assequibles. Tamb\u00e9 hi ha un augment de la consci\u00e8ncia social i [&hellip;]<\/p>\n","protected":false},"author":1,"featured_media":0,"parent":4652,"menu_order":7,"comment_status":"closed","ping_status":"closed","template":"","meta":{"_bbp_topic_count":0,"_bbp_reply_count":0,"_bbp_total_topic_count":0,"_bbp_total_reply_count":0,"_bbp_voice_count":0,"_bbp_anonymous_reply_count":0,"_bbp_topic_count_hidden":0,"_bbp_reply_count_hidden":0,"_bbp_forum_subforum_count":0,"site-sidebar-layout":"default","site-content-layout":"","ast-site-content-layout":"default","site-content-style":"default","site-sidebar-style":"default","ast-global-header-display":"","ast-banner-title-visibility":"","ast-main-header-display":"","ast-hfb-above-header-display":"","ast-hfb-below-header-display":"","ast-hfb-mobile-header-display":"","site-post-title":"","ast-breadcrumbs-content":"","ast-featured-img":"","footer-sml-layout":"","theme-transparent-header-meta":"","adv-header-id-meta":"","stick-header-meta":"","header-above-stick-meta":"","header-main-stick-meta":"","header-below-stick-meta":"","astra-migrate-meta-layouts":"set","ast-page-background-enabled":"default","ast-page-background-meta":{"desktop":{"background-color":"var(--ast-global-color-4)","background-image":"","background-repeat":"repeat","background-position":"center center","background-size":"auto","background-attachment":"scroll","background-type":"","background-media":"","overlay-type":"","overlay-color":"","overlay-opacity":"","overlay-gradient":""},"tablet":{"background-color":"","background-image":"","background-repeat":"repeat","background-position":"center center","background-size":"auto","background-attachment":"scroll","background-type":"","background-media":"","overlay-type":"","overlay-color":"","overlay-opacity":"","overlay-gradient":""},"mobile":{"background-color":"","background-image":"","background-repeat":"repeat","background-position":"center center","background-size":"auto","background-attachment":"scroll","background-type":"","background-media":"","overlay-type":"","overlay-color":"","overlay-opacity":"","overlay-gradient":""}},"ast-content-background-meta":{"desktop":{"background-color":"var(--ast-global-color-5)","background-image":"","background-repeat":"repeat","background-position":"center center","background-size":"auto","background-attachment":"scroll","background-type":"","background-media":"","overlay-type":"","overlay-color":"","overlay-opacity":"","overlay-gradient":""},"tablet":{"background-color":"var(--ast-global-color-5)","background-image":"","background-repeat":"repeat","background-position":"center center","background-size":"auto","background-attachment":"scroll","background-type":"","background-media":"","overlay-type":"","overlay-color":"","overlay-opacity":"","overlay-gradient":""},"mobile":{"background-color":"var(--ast-global-color-5)","background-image":"","background-repeat":"repeat","background-position":"center center","background-size":"auto","background-attachment":"scroll","background-type":"","background-media":"","overlay-type":"","overlay-color":"","overlay-opacity":"","overlay-gradient":""}},"footnotes":""},"class_list":["post-4669","page","type-page","status-publish","hentry"],"post_mailing_queue_ids":[],"_links":{"self":[{"href":"https:\/\/agora.xtec.cat\/iesestany\/wp-json\/wp\/v2\/pages\/4669","targetHints":{"allow":["GET"]}}],"collection":[{"href":"https:\/\/agora.xtec.cat\/iesestany\/wp-json\/wp\/v2\/pages"}],"about":[{"href":"https:\/\/agora.xtec.cat\/iesestany\/wp-json\/wp\/v2\/types\/page"}],"author":[{"embeddable":true,"href":"https:\/\/agora.xtec.cat\/iesestany\/wp-json\/wp\/v2\/users\/1"}],"replies":[{"embeddable":true,"href":"https:\/\/agora.xtec.cat\/iesestany\/wp-json\/wp\/v2\/comments?post=4669"}],"version-history":[{"count":2,"href":"https:\/\/agora.xtec.cat\/iesestany\/wp-json\/wp\/v2\/pages\/4669\/revisions"}],"predecessor-version":[{"id":4724,"href":"https:\/\/agora.xtec.cat\/iesestany\/wp-json\/wp\/v2\/pages\/4669\/revisions\/4724"}],"up":[{"embeddable":true,"href":"https:\/\/agora.xtec.cat\/iesestany\/wp-json\/wp\/v2\/pages\/4652"}],"wp:attachment":[{"href":"https:\/\/agora.xtec.cat\/iesestany\/wp-json\/wp\/v2\/media?parent=4669"}],"curies":[{"name":"wp","href":"https:\/\/api.w.org\/{rel}","templated":true}]}}