{"id":4637,"date":"2026-03-10T13:07:37","date_gmt":"2026-03-10T12:07:37","guid":{"rendered":"https:\/\/agora.xtec.cat\/iesestany\/?page_id=4637"},"modified":"2026-04-23T10:47:43","modified_gmt":"2026-04-23T08:47:43","slug":"preinscripcio-i-matricula","status":"publish","type":"page","link":"https:\/\/agora.xtec.cat\/iesestany\/preinscripcio-i-matricula\/","title":{"rendered":"Preinscripci\u00f3 i Matr\u00edcula"},"content":{"rendered":"\n<p>En aquesta p\u00e0gina trobareu tota la informaci\u00f3 sobre el proc\u00e9s de preinscripci\u00f3 i matr\u00edcula de l&#8217;ESO i el Batxillerat pel curs 2026-2027. A mesura que avanci el procediment, anirem actualitzant el contingut. Tamb\u00e9 podeu consultar tota la informaci\u00f3 referent a la preinscripci\u00f3 i matr\u00edcula a:<\/p>\n\n\n\n<p><a href=\"https:\/\/www.elprat.cat\/educacio\/estudiar-al-prat\/preinscripcio-escoles-i-instituts-curs-2026-2027\" data-type=\"link\" data-id=\"https:\/\/www.elprat.cat\/educacio\/estudiar-al-prat\/preinscripcio-escoles-i-instituts-curs-2026-2027\">&#8211; La p\u00e0gina web de l&#8217;Ajuntament del Prat.<br><\/a>&#8211; <a href=\"https:\/\/preinscripcio.gencat.cat\/ca\/estudis\/eso\/inici\/\" target=\"_blank\" rel=\"noreferrer noopener\">La p\u00e0gina web del Departament d&#8217;Educaci\u00f3.<\/a><\/p>\n\n\n\n<p><strong>23\/04\/26 Publicaci\u00f3 de la llista de sol\u00b7licituds que han demanat el centre i l&#8217;ensenyament en primera petici\u00f3 amb la puntuaci\u00f3 resoltes les reclamacions<\/strong><\/p>\n\n\n\n<div data-wp-interactive=\"core\/file\" class=\"wp-block-file\"><object data-wp-bind--hidden=\"!state.hasPdfPreview\" hidden class=\"wp-block-file__embed\" data=\"https:\/\/agora.xtec.cat\/iesestany\/wp-content\/uploads\/usu1853\/2026\/04\/INFORME_BAREM_RESOLTES_BAREM.pdf\" type=\"application\/pdf\" style=\"width:100%;height:600px\" aria-label=\"Incrustaci\u00f3 del fitxer INFORME_BAREM_RESOLTES_BAREM.\"><\/object><a id=\"wp-block-file--media-3e83b09a-f7d5-4b4d-ab54-5ad383b03682\" href=\"https:\/\/agora.xtec.cat\/iesestany\/wp-content\/uploads\/usu1853\/2026\/04\/INFORME_BAREM_RESOLTES_BAREM.pdf\">INFORME_BAREM_RESOLTES_BAREM<\/a><a href=\"https:\/\/agora.xtec.cat\/iesestany\/wp-content\/uploads\/usu1853\/2026\/04\/INFORME_BAREM_RESOLTES_BAREM.pdf\" class=\"wp-block-file__button wp-element-button\" download aria-describedby=\"wp-block-file--media-3e83b09a-f7d5-4b4d-ab54-5ad383b03682\">Baixa<\/a><\/div>\n\n\n\n<p><strong>15\/04\/26 &#8211; Publicaci\u00f3 la llista de sol\u00b7licituds amb puntuaci\u00f3 provisional de la ESO 2026\/2027 <\/strong><\/p>\n\n\n\n<div data-wp-interactive=\"core\/file\" class=\"wp-block-file\"><object data-wp-bind--hidden=\"!state.hasPdfPreview\" hidden class=\"wp-block-file__embed\" data=\"https:\/\/agora.xtec.cat\/iesestany\/wp-content\/uploads\/usu1853\/2026\/04\/INFORME_BAREM_PROVISIONAL_BAREM.pdf\" type=\"application\/pdf\" style=\"width:100%;height:600px\" aria-label=\"Incrustaci\u00f3 del fitxer INFORME_BAREM_PROVISIONAL_BAREM.\"><\/object><a id=\"wp-block-file--media-89da14ba-d2cb-4a9d-a62f-c4b867bcfece\" href=\"https:\/\/agora.xtec.cat\/iesestany\/wp-content\/uploads\/usu1853\/2026\/04\/INFORME_BAREM_PROVISIONAL_BAREM.pdf\">INFORME_BAREM_PROVISIONAL_BAREM<\/a><a href=\"https:\/\/agora.xtec.cat\/iesestany\/wp-content\/uploads\/usu1853\/2026\/04\/INFORME_BAREM_PROVISIONAL_BAREM.pdf\" class=\"wp-block-file__button wp-element-button\" download aria-describedby=\"wp-block-file--media-89da14ba-d2cb-4a9d-a62f-c4b867bcfece\">Baixa<\/a><\/div>\n\n\n\n<p><strong>08\/04\/26 &#8211; Publicaci\u00f3 de l&#8217;oferta inicial de places Batxillerat<\/strong><\/p>\n\n\n\n<p>A continuaci\u00f3 podeu consultar l&#8217;arxiu amb l&#8217;oferta inicial de places per a la preinscripci\u00f3 del Batxillerat (curs 2026-27).<\/p>\n\n\n\n<div data-wp-interactive=\"core\/file\" class=\"wp-block-file\"><object data-wp-bind--hidden=\"!state.hasPdfPreview\" hidden class=\"wp-block-file__embed\" data=\"https:\/\/agora.xtec.cat\/iesestany\/wp-content\/uploads\/usu1853\/2026\/04\/INFORME_OFERTA_OME_INFORME_OFERTA-2.pdf\" type=\"application\/pdf\" style=\"width:100%;height:600px\" aria-label=\"Incrustaci\u00f3 del fitxer INFORME_OFERTA_OME_INFORME_OFERTA (2).\"><\/object><a id=\"wp-block-file--media-691a6bc1-6bb2-4cff-856d-45f28bed4d13\" href=\"https:\/\/agora.xtec.cat\/iesestany\/wp-content\/uploads\/usu1853\/2026\/04\/INFORME_OFERTA_OME_INFORME_OFERTA-2.pdf\">INFORME_OFERTA_OME_INFORME_OFERTA (2)<\/a><a href=\"https:\/\/agora.xtec.cat\/iesestany\/wp-content\/uploads\/usu1853\/2026\/04\/INFORME_OFERTA_OME_INFORME_OFERTA-2.pdf\" class=\"wp-block-file__button wp-element-button\" download aria-describedby=\"wp-block-file--media-691a6bc1-6bb2-4cff-856d-45f28bed4d13\">Baixa<\/a><\/div>\n\n\n\n<p><strong>03\/03\/26 &#8211; Publicaci\u00f3 de l&#8217;oferta inicial de places ESO<\/strong><\/p>\n\n\n\n<p>A continuaci\u00f3 podeu consultar l&#8217;arxiu amb l&#8217;oferta inicial de places per a la preinscripci\u00f3 de l&#8217;ESO (curs 2026-27).<\/p>\n\n\n\n<p><\/p>\n\n\n\n<div data-wp-interactive=\"core\/file\" class=\"wp-block-file\"><object data-wp-bind--hidden=\"!state.hasPdfPreview\" hidden class=\"wp-block-file__embed\" data=\"https:\/\/agora.xtec.cat\/iesestany\/wp-content\/uploads\/usu1853\/2026\/03\/Oferta-inicial-curs-26-27.pdf\" type=\"application\/pdf\" style=\"width:100%;height:600px\" aria-label=\"Incrustaci\u00f3 del fitxer Oferta inicial curs 26-27.\"><\/object><a id=\"wp-block-file--media-1dea2bbb-9fcc-47ed-90e3-1128af8c9ded\" href=\"https:\/\/agora.xtec.cat\/iesestany\/wp-content\/uploads\/usu1853\/2026\/03\/Oferta-inicial-curs-26-27.pdf\">Oferta inicial curs 26-27<\/a><a href=\"https:\/\/agora.xtec.cat\/iesestany\/wp-content\/uploads\/usu1853\/2026\/03\/Oferta-inicial-curs-26-27.pdf\" class=\"wp-block-file__button wp-element-button\" download aria-describedby=\"wp-block-file--media-1dea2bbb-9fcc-47ed-90e3-1128af8c9ded\">Baixa<\/a><\/div>\n\n\n\n<p><\/p>\n","protected":false},"excerpt":{"rendered":"<p>En aquesta p\u00e0gina trobareu tota la informaci\u00f3 sobre el proc\u00e9s de preinscripci\u00f3 i matr\u00edcula de l&#8217;ESO i el Batxillerat pel curs 2026-2027. A mesura que avanci el procediment, anirem actualitzant el contingut. Tamb\u00e9 podeu consultar tota la informaci\u00f3 referent a la preinscripci\u00f3 i matr\u00edcula a: &#8211; La p\u00e0gina web de l&#8217;Ajuntament del Prat.&#8211; La p\u00e0gina [&hellip;]<\/p>\n","protected":false},"author":1,"featured_media":0,"parent":0,"menu_order":0,"comment_status":"closed","ping_status":"close","template":"","meta":{"_bbp_topic_count":0,"_bbp_reply_count":0,"_bbp_total_topic_count":0,"_bbp_total_reply_count":0,"_bbp_voice_count":0,"_bbp_anonymous_reply_count":0,"_bbp_topic_count_hidden":0,"_bbp_reply_count_hidden":0,"_bbp_forum_subforum_count":0,"site-sidebar-layout":"default","site-content-layout":"","ast-site-content-layout":"default","site-content-style":"default","site-sidebar-style":"default","ast-global-header-display":"","ast-banner-title-visibility":"","ast-main-header-display":"","ast-hfb-above-header-display":"","ast-hfb-below-header-display":"","ast-hfb-mobile-header-display":"","site-post-title":"","ast-breadcrumbs-content":"","ast-featured-img":"","footer-sml-layout":"","theme-transparent-header-meta":"","adv-header-id-meta":"","stick-header-meta":"","header-above-stick-meta":"","header-main-stick-meta":"","header-below-stick-meta":"","astra-migrate-meta-layouts":"set","ast-page-background-enabled":"default","ast-page-background-meta":{"desktop":{"background-color":"var(--ast-global-color-4)","background-image":"","background-repeat":"repeat","background-position":"center center","background-size":"auto","background-attachment":"scroll","background-type":"","background-media":"","overlay-type":"","overlay-color":"","overlay-opacity":"","overlay-gradient":""},"tablet":{"background-color":"","background-image":"","background-repeat":"repeat","background-position":"center center","background-size":"auto","background-attachment":"scroll","background-type":"","background-media":"","overlay-type":"","overlay-color":"","overlay-opacity":"","overlay-gradient":""},"mobile":{"background-color":"","background-image":"","background-repeat":"repeat","background-position":"center center","background-size":"auto","background-attachment":"scroll","background-type":"","background-media":"","overlay-type":"","overlay-color":"","overlay-opacity":"","overlay-gradient":""}},"ast-content-background-meta":{"desktop":{"background-color":"var(--ast-global-color-5)","background-image":"","background-repeat":"repeat","background-position":"center center","background-size":"auto","background-attachment":"scroll","background-type":"","background-media":"","overlay-type":"","overlay-color":"","overlay-opacity":"","overlay-gradient":""},"tablet":{"background-color":"var(--ast-global-color-5)","background-image":"","background-repeat":"repeat","background-position":"center center","background-size":"auto","background-attachment":"scroll","background-type":"","background-media":"","overlay-type":"","overlay-color":"","overlay-opacity":"","overlay-gradient":""},"mobile":{"background-color":"var(--ast-global-color-5)","background-image":"","background-repeat":"repeat","background-position":"center center","background-size":"auto","background-attachment":"scroll","background-type":"","background-media":"","overlay-type":"","overlay-color":"","overlay-opacity":"","overlay-gradient":""}},"footnotes":""},"class_list":["post-4637","page","type-page","status-publish","hentry"],"post_mailing_queue_ids":[],"_links":{"self":[{"href":"https:\/\/agora.xtec.cat\/iesestany\/wp-json\/wp\/v2\/pages\/4637","targetHints":{"allow":["GET"]}}],"collection":[{"href":"https:\/\/agora.xtec.cat\/iesestany\/wp-json\/wp\/v2\/pages"}],"about":[{"href":"https:\/\/agora.xtec.cat\/iesestany\/wp-json\/wp\/v2\/types\/page"}],"author":[{"embeddable":true,"href":"https:\/\/agora.xtec.cat\/iesestany\/wp-json\/wp\/v2\/users\/1"}],"replies":[{"embeddable":true,"href":"https:\/\/agora.xtec.cat\/iesestany\/wp-json\/wp\/v2\/comments?post=4637"}],"version-history":[{"count":6,"href":"https:\/\/agora.xtec.cat\/iesestany\/wp-json\/wp\/v2\/pages\/4637\/revisions"}],"predecessor-version":[{"id":4887,"href":"https:\/\/agora.xtec.cat\/iesestany\/wp-json\/wp\/v2\/pages\/4637\/revisions\/4887"}],"wp:attachment":[{"href":"https:\/\/agora.xtec.cat\/iesestany\/wp-json\/wp\/v2\/media?parent=4637"}],"curies":[{"name":"wp","href":"https:\/\/api.w.org\/{rel}","templated":true}]}}

Preinscripció i Matrícula

<p>En aquesta pàgina trobareu tota la informació sobre el procés de preinscripció i matrícula de l&#8217;ESO i el Batxillerat pel curs 2026-2027. A mesura que avanci el procediment, anirem actualitzant el contingut. També podeu consultar tota la informació referent a la preinscripció i matrícula a:</p>



<p><a href="https://www.elprat.cat/educacio/estudiar-al-prat/preinscripcio-escoles-i-instituts-curs-2026-2027" data-type="link" data-id="https://www.elprat.cat/educacio/estudiar-al-prat/preinscripcio-escoles-i-instituts-curs-2026-2027">&#8211; La pàgina web de l&#8217;Ajuntament del Prat.<br></a>&#8211; <a href="https://preinscripcio.gencat.cat/ca/estudis/eso/inici/" target="_blank" rel="noreferrer noopener">La pàgina web del Departament d&#8217;Educació.</a></p>



<p><strong>23/04/26 Publicació de la llista de sol·licituds que han demanat el centre i l&#8217;ensenyament en primera petició amb la puntuació resoltes les reclamacions</strong></p>



<div data-wp-interactive="core/file" class="wp-block-file"><object data-wp-bind--hidden="!state.hasPdfPreview" hidden class="wp-block-file__embed" data="https://agora.xtec.cat/iesestany/wp-content/uploads/usu1853/2026/04/INFORME_BAREM_RESOLTES_BAREM.pdf" type="application/pdf" style="width:100%;height:600px" aria-label="Incrustació del fitxer INFORME_BAREM_RESOLTES_BAREM."></object><a id="wp-block-file--media-3e83b09a-f7d5-4b4d-ab54-5ad383b03682" href="https://agora.xtec.cat/iesestany/wp-content/uploads/usu1853/2026/04/INFORME_BAREM_RESOLTES_BAREM.pdf">INFORME_BAREM_RESOLTES_BAREM</a><a href="https://agora.xtec.cat/iesestany/wp-content/uploads/usu1853/2026/04/INFORME_BAREM_RESOLTES_BAREM.pdf" class="wp-block-file__button wp-element-button" download aria-describedby="wp-block-file--media-3e83b09a-f7d5-4b4d-ab54-5ad383b03682">Baixa</a></div>



<p><strong>15/04/26 &#8211; Publicació la llista de sol·licituds amb puntuació provisional de la ESO 2026/2027 </strong></p>



<div data-wp-interactive="core/file" class="wp-block-file"><object data-wp-bind--hidden="!state.hasPdfPreview" hidden class="wp-block-file__embed" data="https://agora.xtec.cat/iesestany/wp-content/uploads/usu1853/2026/04/INFORME_BAREM_PROVISIONAL_BAREM.pdf" type="application/pdf" style="width:100%;height:600px" aria-label="Incrustació del fitxer INFORME_BAREM_PROVISIONAL_BAREM."></object><a id="wp-block-file--media-89da14ba-d2cb-4a9d-a62f-c4b867bcfece" href="https://agora.xtec.cat/iesestany/wp-content/uploads/usu1853/2026/04/INFORME_BAREM_PROVISIONAL_BAREM.pdf">INFORME_BAREM_PROVISIONAL_BAREM</a><a href="https://agora.xtec.cat/iesestany/wp-content/uploads/usu1853/2026/04/INFORME_BAREM_PROVISIONAL_BAREM.pdf" class="wp-block-file__button wp-element-button" download aria-describedby="wp-block-file--media-89da14ba-d2cb-4a9d-a62f-c4b867bcfece">Baixa</a></div>



<p><strong>08/04/26 &#8211; Publicació de l&#8217;oferta inicial de places Batxillerat</strong></p>



<p>A continuació podeu consultar l&#8217;arxiu amb l&#8217;oferta inicial de places per a la preinscripció del Batxillerat (curs 2026-27).</p>



<div data-wp-interactive="core/file" class="wp-block-file"><object data-wp-bind--hidden="!state.hasPdfPreview" hidden class="wp-block-file__embed" data="https://agora.xtec.cat/iesestany/wp-content/uploads/usu1853/2026/04/INFORME_OFERTA_OME_INFORME_OFERTA-2.pdf" type="application/pdf" style="width:100%;height:600px" aria-label="Incrustació del fitxer INFORME_OFERTA_OME_INFORME_OFERTA (2)."></object><a id="wp-block-file--media-691a6bc1-6bb2-4cff-856d-45f28bed4d13" href="https://agora.xtec.cat/iesestany/wp-content/uploads/usu1853/2026/04/INFORME_OFERTA_OME_INFORME_OFERTA-2.pdf">INFORME_OFERTA_OME_INFORME_OFERTA (2)</a><a href="https://agora.xtec.cat/iesestany/wp-content/uploads/usu1853/2026/04/INFORME_OFERTA_OME_INFORME_OFERTA-2.pdf" class="wp-block-file__button wp-element-button" download aria-describedby="wp-block-file--media-691a6bc1-6bb2-4cff-856d-45f28bed4d13">Baixa</a></div>



<p><strong>03/03/26 &#8211; Publicació de l&#8217;oferta inicial de places ESO</strong></p>



<p>A continuació podeu consultar l&#8217;arxiu amb l&#8217;oferta inicial de places per a la preinscripció de l&#8217;ESO (curs 2026-27).</p>



<p></p>



<div data-wp-interactive="core/file" class="wp-block-file"><object data-wp-bind--hidden="!state.hasPdfPreview" hidden class="wp-block-file__embed" data="https://agora.xtec.cat/iesestany/wp-content/uploads/usu1853/2026/03/Oferta-inicial-curs-26-27.pdf" type="application/pdf" style="width:100%;height:600px" aria-label="Incrustació del fitxer Oferta inicial curs 26-27."></object><a id="wp-block-file--media-1dea2bbb-9fcc-47ed-90e3-1128af8c9ded" href="https://agora.xtec.cat/iesestany/wp-content/uploads/usu1853/2026/03/Oferta-inicial-curs-26-27.pdf">Oferta inicial curs 26-27</a><a href="https://agora.xtec.cat/iesestany/wp-content/uploads/usu1853/2026/03/Oferta-inicial-curs-26-27.pdf" class="wp-block-file__button wp-element-button" download aria-describedby="wp-block-file--media-1dea2bbb-9fcc-47ed-90e3-1128af8c9ded">Baixa</a></div>



<p></p>

<p>En aquesta pàgina trobareu tota la informació sobre el procés de preinscripció i matrícula de l&#8217;ESO i el Batxillerat pel curs 2026-2027. A mesura que avanci el procediment, anirem actualitzant el contingut. També podeu consultar tota la informació referent a la preinscripció i matrícula a: &#8211; La pàgina web de l&#8217;Ajuntament del Prat.&#8211; La pàgina [&hellip;]</p>
