{"id":46,"date":"2014-09-17T16:53:45","date_gmt":"2014-09-17T16:53:45","guid":{"rendered":"http:\/\/agora.xtec.cat\/iesestany\/?page_id=46"},"modified":"2026-03-11T13:16:34","modified_gmt":"2026-03-11T12:16:34","slug":"organigrama","status":"publish","type":"page","link":"https:\/\/agora.xtec.cat\/iesestany\/linstitut\/organigrama\/","title":{"rendered":"Organigrama"},"content":{"rendered":"<p><strong>EQUIP DIRECTIU\u00a0<\/strong><\/p>\n<p>Director &#8211; Josep Maria Felip (jfelip13@insestany.cat)<br \/>\nCap d&#8217;estudis &#8211; M\u00f3nica Rodr\u00edguez (monicarodriguezvela@insestany.cat)<br \/>\nSecretari &#8211; Pau Escolano (pescolan@insestany.cat)<br \/>\nCoordinadora Pedag\u00f2gica &#8211; Laura Araez (laraez@insestany.cat)<\/p>\n<p><strong> COORDINACIONS DE NIVELL<\/strong><\/p>\n<p>1r ESO &#8211; Anah\u00ed Lacanna<br \/>\n2n ESO &#8211; Neus Casa\u00f1<br \/>\n3r ESO &#8211; Francesc In\u00e9s<br \/>\n4t ESO &#8211; Noem\u00ed Jim\u00e9nez<br \/>\nBatxillerat &#8211; Cristina Riera<\/p>\n<p><strong>TUTORIES DE GRUPS\u00a0<\/strong><\/p>\n<p>CURS &#8211; Tutor\/a<br \/>\n1r ESO A &#8211; Anah\u00ed Lacanna<br \/>\n1r ESO B &#8211; Castell\u00e0<br \/>\n1r ESO C &#8211; Carla Lucha<br \/>\n1r ESO D &#8211; Daniel Delgado<\/p>\n<p>2n ESO A &#8211; Neus Casa\u00f1<br \/>\n2n ESO B &#8211; Daniel Borrull<br \/>\n2n ESO C &#8211; V\u00edctor Nielfa<\/p>\n<p>3r ESO A &#8211; Francesc In\u00e9s<br \/>\n3r ESO B &#8211; Diana Zamfir<br \/>\n3r ESO C &#8211; Patr\u00edcia Rius<\/p>\n<p>4t ESO A &#8211; Teresa Vila<br \/>\n4t ESO B &#8211; Marta Moreno<br \/>\n4t ESO C &#8211; Noem\u00ed Jim\u00e9nez<br \/>\n4t ESO D &#8211; Laia Llum\u00e0<\/p>\n<p>3r i 4t AO &#8211; Pau Segarra<\/p>\n<p>1r batxillerat A &#8211; Patr\u00edcia Jim\u00e9nez<br \/>\n1r batxillerat B &#8211; Noelia Ornaque<\/p>\n<p>2n batxillerat A &#8211; Miquel Casanovas<br \/>\n2n batxillerat B &#8211; Cristina Riera<\/p>\n<p><strong>COORDINACIONS T\u00c8CNIQUES<\/strong><\/p>\n<p>Activitats i serveis: Merc\u00e8 Marimon<br \/>\nCultura digital: Manel Merchan<br \/>\nEscoles Verdes: Daniel Delgado<br \/>\nRiscos laborals: Daniel Borrull<br \/>\nLIC i biblioteca: Joan Puig<br \/>\nPla Catal\u00e0 de l\u2019Esport: Xavier Albentosa<br \/>\nMediaci\u00f3: Dolors Gim\u00e9nez<\/p>\n<p><strong>DEPARTAMENT D&#8217;ORIENTACI\u00d3<\/strong><\/p>\n<p>Laura Araez<br \/>\nNeus Casa\u00f1<br \/>\nDolors Gim\u00e9nez<\/p>\n<p><strong>PERSONAL D&#8217;ADMINISTRACI\u00d3 I SERVEIS<br \/>\n<\/strong>Pedro Donoso (administraci\u00f3) &#8211; mail: administracio@insestany.cat<br \/>\nEva Par\u00e9s (consergeria)<br \/>\nQuim Vives (consergeria)<\/p>\n","protected":false},"excerpt":{"rendered":"<p>EQUIP DIRECTIU\u00a0 Director &#8211; Josep Maria Felip (jfelip13@insestany.cat) Cap d&#8217;estudis &#8211; M\u00f3nica Rodr\u00edguez (monicarodriguezvela@insestany.cat) Secretari &#8211; Pau Escolano (pescolan@insestany.cat) Coordinadora Pedag\u00f2gica &#8211; Laura Araez (laraez@insestany.cat) COORDINACIONS DE NIVELL 1r ESO &#8211; Anah\u00ed Lacanna 2n ESO &#8211; Neus Casa\u00f1 3r ESO &#8211; Francesc In\u00e9s 4t ESO &#8211; Noem\u00ed Jim\u00e9nez Batxillerat &#8211; Cristina Riera TUTORIES DE GRUPS\u00a0 [&hellip;]<\/p>\n","protected":false},"author":1,"featured_media":0,"parent":19,"menu_order":50,"comment_status":"closed","ping_status":"closed","template":"","meta":{"_bbp_topic_count":0,"_bbp_reply_count":0,"_bbp_total_topic_count":0,"_bbp_total_reply_count":0,"_bbp_voice_count":0,"_bbp_anonymous_reply_count":0,"_bbp_topic_count_hidden":0,"_bbp_reply_count_hidden":0,"_bbp_forum_subforum_count":0,"site-sidebar-layout":"default","site-content-layout":"","ast-site-content-layout":"default","site-content-style":"default","site-sidebar-style":"default","ast-global-header-display":"","ast-banner-title-visibility":"","ast-main-header-display":"","ast-hfb-above-header-display":"","ast-hfb-below-header-display":"","ast-hfb-mobile-header-display":"","site-post-title":"","ast-breadcrumbs-content":"","ast-featured-img":"","footer-sml-layout":"","theme-transparent-header-meta":"","adv-header-id-meta":"","stick-header-meta":"","header-above-stick-meta":"","header-main-stick-meta":"","header-below-stick-meta":"","astra-migrate-meta-layouts":"set","ast-page-background-enabled":"default","ast-page-background-meta":{"desktop":{"background-color":"var(--ast-global-color-4)","background-image":"","background-repeat":"repeat","background-position":"center center","background-size":"auto","background-attachment":"scroll","background-type":"","background-media":"","overlay-type":"","overlay-color":"","overlay-opacity":"","overlay-gradient":""},"tablet":{"background-color":"","background-image":"","background-repeat":"repeat","background-position":"center center","background-size":"auto","background-attachment":"scroll","background-type":"","background-media":"","overlay-type":"","overlay-color":"","overlay-opacity":"","overlay-gradient":""},"mobile":{"background-color":"","background-image":"","background-repeat":"repeat","background-position":"center center","background-size":"auto","background-attachment":"scroll","background-type":"","background-media":"","overlay-type":"","overlay-color":"","overlay-opacity":"","overlay-gradient":""}},"ast-content-background-meta":{"desktop":{"background-color":"var(--ast-global-color-5)","background-image":"","background-repeat":"repeat","background-position":"center center","background-size":"auto","background-attachment":"scroll","background-type":"","background-media":"","overlay-type":"","overlay-color":"","overlay-opacity":"","overlay-gradient":""},"tablet":{"background-color":"var(--ast-global-color-5)","background-image":"","background-repeat":"repeat","background-position":"center center","background-size":"auto","background-attachment":"scroll","background-type":"","background-media":"","overlay-type":"","overlay-color":"","overlay-opacity":"","overlay-gradient":""},"mobile":{"background-color":"var(--ast-global-color-5)","background-image":"","background-repeat":"repeat","background-position":"center center","background-size":"auto","background-attachment":"scroll","background-type":"","background-media":"","overlay-type":"","overlay-color":"","overlay-opacity":"","overlay-gradient":""}},"footnotes":""},"class_list":["post-46","page","type-page","status-publish","hentry"],"post_mailing_queue_ids":[],"_links":{"self":[{"href":"https:\/\/agora.xtec.cat\/iesestany\/wp-json\/wp\/v2\/pages\/46","targetHints":{"allow":["GET"]}}],"collection":[{"href":"https:\/\/agora.xtec.cat\/iesestany\/wp-json\/wp\/v2\/pages"}],"about":[{"href":"https:\/\/agora.xtec.cat\/iesestany\/wp-json\/wp\/v2\/types\/page"}],"author":[{"embeddable":true,"href":"https:\/\/agora.xtec.cat\/iesestany\/wp-json\/wp\/v2\/users\/1"}],"replies":[{"embeddable":true,"href":"https:\/\/agora.xtec.cat\/iesestany\/wp-json\/wp\/v2\/comments?post=46"}],"version-history":[{"count":6,"href":"https:\/\/agora.xtec.cat\/iesestany\/wp-json\/wp\/v2\/pages\/46\/revisions"}],"predecessor-version":[{"id":4651,"href":"https:\/\/agora.xtec.cat\/iesestany\/wp-json\/wp\/v2\/pages\/46\/revisions\/4651"}],"up":[{"embeddable":true,"href":"https:\/\/agora.xtec.cat\/iesestany\/wp-json\/wp\/v2\/pages\/19"}],"wp:attachment":[{"href":"https:\/\/agora.xtec.cat\/iesestany\/wp-json\/wp\/v2\/media?parent=46"}],"curies":[{"name":"wp","href":"https:\/\/api.w.org\/{rel}","templated":true}]}}