{"id":4259,"date":"2025-06-23T10:18:10","date_gmt":"2025-06-23T08:18:10","guid":{"rendered":"https:\/\/agora.xtec.cat\/iesestany\/?page_id=4259"},"modified":"2025-06-23T10:56:14","modified_gmt":"2025-06-23T08:56:14","slug":"escoles-verdes","status":"publish","type":"page","link":"https:\/\/agora.xtec.cat\/iesestany\/consell-escolar\/escoles-verdes\/","title":{"rendered":"Escoles Verdes"},"content":{"rendered":"<p>ESCOLES VERDES. XARXA D\u2019ESCOLES SOSTENIBLES DE CATALUNYA (XESC)<\/p>\n<p>L\u2019INS Estany de la Ricarda va rebre el curs 2000-2001 el distintiu d\u2019ESCOLA VERDA atorgat pel Departament de Medi Ambient de la Generalitat que ens ha estat renovat el 2004, el 2006, el 2009, el 2012, el 2016 i el 2020 (es va presentar un projecte de continu\u00eftat fins l\u2019any 2024.<\/p>\n<p>Les l\u00ednies d\u2019actuaci\u00f3 del nou Pla d\u2019Acci\u00f3 2022-23 s\u00f3n:<\/p>\n<p>    Promocionar l\u2019ambientalitzaci\u00f3 del centre: treball de temes ambiental des de les diferents mat\u00e8ries, actualizaci\u00f3 del web del centre amb temes ambientals, panells informatius als passadissos, rac\u00f3 verd als suros de les aules.<br \/>\n    Dinamitzar els delegats verds per tal que s\u2019impliquin a les activitats del Pla d\u2019acci\u00f3 i engeguin actuacions a l\u2019aula, al centre i a l\u2019entorn proper.<br \/>\n    Continuar amb la recollida selectiva de residus: envasos, paper, mat\u00e8ria org\u00e0nica, residus del laboratori i material administratiu. Reduir la seva generaci\u00f3. Els residus generats al jard\u00ed en les tasques de manteniment s\u2019aprofiten per fer compost que es reutilitzar\u00e0 a les jardineres de les aules.<br \/>\n    Racionalitzar l\u2019\u00fas dels llibres de text dintre del projecte SORELL i fomentar la reutilitzaci\u00f3 dels llibres de paper, (durant el curs 2018-19 el projecte Sorell tamb\u00e9 es va ampliar al Batxillerat).<br \/>\n    Reduir el consum d\u2019energia i aigua. Participem en processos d\u2019ecoauditoria de l\u2019aigua i ecoauditoria de residus coordinats per l\u2019Ajuntament del Prat. Som una Escola amb el Cor d\u2019aigua. Cal seguir treballant per conscienciar la comunitat educativa de la import\u00e0ncia de l\u2019estalvi de recursos.<br \/>\n    Aprofitar pedag\u00f2gicament els espais verds del centre: jard\u00ed mediterrani, jard\u00ed vertical, tanca verda del centre. Entre d\u2019altres activitats, es potencia la biodiversitat amb la construcci\u00f3 i instal\u00b7laci\u00f3 de caixes-niu, de ratpenats i hotels d\u2019insectes.<\/p>\n","protected":false},"excerpt":{"rendered":"<p>ESCOLES VERDES. XARXA D\u2019ESCOLES SOSTENIBLES DE CATALUNYA (XESC) L\u2019INS Estany de la Ricarda va rebre el curs 2000-2001 el distintiu d\u2019ESCOLA VERDA atorgat pel Departament de Medi Ambient de la Generalitat que ens ha estat renovat el 2004, el 2006, el 2009, el 2012, el 2016 i el 2020 (es va presentar un projecte de [&hellip;]<\/p>\n","protected":false},"author":1,"featured_media":0,"parent":43,"menu_order":0,"comment_status":"closed","ping_status":"closed","template":"","meta":{"_bbp_topic_count":0,"_bbp_reply_count":0,"_bbp_total_topic_count":0,"_bbp_total_reply_count":0,"_bbp_voice_count":0,"_bbp_anonymous_reply_count":0,"_bbp_topic_count_hidden":0,"_bbp_reply_count_hidden":0,"_bbp_forum_subforum_count":0,"site-sidebar-layout":"default","site-content-layout":"","ast-site-content-layout":"default","site-content-style":"default","site-sidebar-style":"default","ast-global-header-display":"","ast-banner-title-visibility":"","ast-main-header-display":"","ast-hfb-above-header-display":"","ast-hfb-below-header-display":"","ast-hfb-mobile-header-display":"","site-post-title":"","ast-breadcrumbs-content":"","ast-featured-img":"","footer-sml-layout":"","theme-transparent-header-meta":"default","adv-header-id-meta":"","stick-header-meta":"","header-above-stick-meta":"","header-main-stick-meta":"","header-below-stick-meta":"","astra-migrate-meta-layouts":"set","ast-page-background-enabled":"default","ast-page-background-meta":{"desktop":{"background-color":"var(--ast-global-color-4)","background-image":"","background-repeat":"repeat","background-position":"center center","background-size":"auto","background-attachment":"scroll","background-type":"","background-media":"","overlay-type":"","overlay-color":"","overlay-opacity":"","overlay-gradient":""},"tablet":{"background-color":"","background-image":"","background-repeat":"repeat","background-position":"center center","background-size":"auto","background-attachment":"scroll","background-type":"","background-media":"","overlay-type":"","overlay-color":"","overlay-opacity":"","overlay-gradient":""},"mobile":{"background-color":"","background-image":"","background-repeat":"repeat","background-position":"center center","background-size":"auto","background-attachment":"scroll","background-type":"","background-media":"","overlay-type":"","overlay-color":"","overlay-opacity":"","overlay-gradient":""}},"ast-content-background-meta":{"desktop":{"background-color":"var(--ast-global-color-5)","background-image":"","background-repeat":"repeat","background-position":"center center","background-size":"auto","background-attachment":"scroll","background-type":"","background-media":"","overlay-type":"","overlay-color":"","overlay-opacity":"","overlay-gradient":""},"tablet":{"background-color":"var(--ast-global-color-5)","background-image":"","background-repeat":"repeat","background-position":"center center","background-size":"auto","background-attachment":"scroll","background-type":"","background-media":"","overlay-type":"","overlay-color":"","overlay-opacity":"","overlay-gradient":""},"mobile":{"background-color":"var(--ast-global-color-5)","background-image":"","background-repeat":"repeat","background-position":"center center","background-size":"auto","background-attachment":"scroll","background-type":"","background-media":"","overlay-type":"","overlay-color":"","overlay-opacity":"","overlay-gradient":""}},"footnotes":""},"class_list":["post-4259","page","type-page","status-publish","hentry"],"post_mailing_queue_ids":[],"_links":{"self":[{"href":"https:\/\/agora.xtec.cat\/iesestany\/wp-json\/wp\/v2\/pages\/4259","targetHints":{"allow":["GET"]}}],"collection":[{"href":"https:\/\/agora.xtec.cat\/iesestany\/wp-json\/wp\/v2\/pages"}],"about":[{"href":"https:\/\/agora.xtec.cat\/iesestany\/wp-json\/wp\/v2\/types\/page"}],"author":[{"embeddable":true,"href":"https:\/\/agora.xtec.cat\/iesestany\/wp-json\/wp\/v2\/users\/1"}],"replies":[{"embeddable":true,"href":"https:\/\/agora.xtec.cat\/iesestany\/wp-json\/wp\/v2\/comments?post=4259"}],"version-history":[{"count":2,"href":"https:\/\/agora.xtec.cat\/iesestany\/wp-json\/wp\/v2\/pages\/4259\/revisions"}],"predecessor-version":[{"id":4311,"href":"https:\/\/agora.xtec.cat\/iesestany\/wp-json\/wp\/v2\/pages\/4259\/revisions\/4311"}],"up":[{"embeddable":true,"href":"https:\/\/agora.xtec.cat\/iesestany\/wp-json\/wp\/v2\/pages\/43"}],"wp:attachment":[{"href":"https:\/\/agora.xtec.cat\/iesestany\/wp-json\/wp\/v2\/media?parent=4259"}],"curies":[{"name":"wp","href":"https:\/\/api.w.org\/{rel}","templated":true}]}}