{"id":2967,"date":"2020-01-23T13:15:49","date_gmt":"2020-01-23T12:15:49","guid":{"rendered":"http:\/\/agora.xtec.cat\/iesermengolquart\/?page_id=2967"},"modified":"2020-03-12T13:34:57","modified_gmt":"2020-03-12T12:34:57","slug":"biblioteca","status":"publish","type":"page","link":"https:\/\/agora.xtec.cat\/iesermengolquart\/pagines-dinici\/pagina-dinici-buida\/biblioteca\/","title":{"rendered":"&#8211; Biblioteca"},"content":{"rendered":"<p><b>PROTAGONISTES, LES DONES<\/b><\/p>\n<p style=\"text-align: justify;\">Aquest mes de mar\u00e7 la Biblioteca es vol fer ress\u00f2 del Dia Internacional de la Dona, exhibint una bona mostra de les darreres incorporacions bibliogr\u00e0fiques que tenen la dona com a protagonista: novel\u00b7les, assajos, c\u00f2mics, biografies il\u00b7lustrades, contes, entre altres. Tamb\u00e9 vol visualitzar el paper de les dones en altres \u00e0mbits de la ci\u00e8ncia i la innovaci\u00f3 mitjan\u00e7ant un cartell de la taula peri\u00f2dica de les dones cient\u00edfiques i d\u2019un altre amb una selecci\u00f3 de dones pioneres en la nostra hist\u00f2ria recent.<\/p>\n<p style=\"text-align: justify;\">\n<iframe loading=\"lazy\" src=\"https:\/\/docs.google.com\/presentation\/d\/e\/2PACX-1vS9bOZ0P61t0hp5h9oT3yXrCqGXJuUCkdVrzH1B3FhOVGeR_Hom495QE7l5ZhgAXRtx95zCk07U-HL3\/embed?start=true&amp;loop=true&amp;delayms=5000\" width=\"960\" height=\"749\" frameborder=\"0\"><\/iframe><\/p>\n<h3><\/h3>\n<h3><span class=\"gmail_default\">Jordi <\/span>Sierra i Fabra a la Biblioteca<span class=\"gmail_default\">: un m\u00f3n per descobrir.<br \/>\n<\/span><\/h3>\n<h3><span class=\"gmail_default\">Atreveix-t&#8217;hi!<\/span><\/h3>\n<h3><iframe loading=\"lazy\" src=\"https:\/\/docs.google.com\/presentation\/d\/e\/2PACX-1vTNdEtwFk8Hndedv2ehSnWrs_jzuyvcYoyk7xo_IGCCiHQAVzcfZpZ-IWvymcmp7hdet3YPWtNGD4aK\/embed?start=true&amp;loop=true&amp;delayms=5000\" width=\"960\" height=\"749\" frameborder=\"0\"><\/iframe><br \/>\n<b><\/b><\/h3>\n<h3><\/h3>\n<h3><b>FOTOGRAFIES<\/b><\/h3>\n<h3><iframe loading=\"lazy\" src=\"https:\/\/docs.google.com\/presentation\/d\/e\/2PACX-1vTcuZpqnie9x4m9K10U2oPtK8UCGgS8-wJReq-8p0XB9_Ei7dky46r3s4MgSdejAoAtOsH3A2yMlJcz\/embed?start=true&amp;loop=true&amp;delayms=5000\" width=\"960\" height=\"749\" frameborder=\"0\"><\/iframe><\/h3>\n<p>&nbsp;<\/p>\n<h3><b>BIBLIOTECA DEL NOSTRE CENTRE<\/b><\/h3>\n<p style=\"text-align: justify;\">La nostra Biblioteca ens acompanya des del primer dia, el curs 1996-1997, per\u00f2 no va ser fins al 2006 que es va digitalitzar i ampliar quan el Centre va participar en el Programa d\u2019Innovaci\u00f3 Educativa de Biblioteca Escolar (puntedu). Des de l\u2019any 2004 ja disposem d\u2019un espai adient en les nostres instal\u00b7lacions.<\/p>\n<p style=\"text-align: justify;\">Actualment, hi ha un fons bibliogr\u00e0fic d\u2019uns 4100 volums de diferent tipologia, integrat per obres liter\u00e0ries, obres de consulta i de coneixements generals.<\/p>\n<p style=\"text-align: justify;\">L\u2019alumnat disposa d\u2019un Servei de Pr\u00e9stec que li permet accedir a llibres de lectures obligat\u00f2ries o volunt\u00e0ries i tamb\u00e9 a obres de consulta per realitzar Treballs o Projectes de Recerca.<\/p>\n<p><iframe loading=\"lazy\" src=\"https:\/\/docs.google.com\/presentation\/d\/e\/2PACX-1vQ7n0VxkUub3Bs18ck0YYyoutiVD0oGVpnVXIt09HPmA4SUFeM66oDtQqRy9f1SEU9fR0xzl0E2hGzK\/embed?start=true&amp;loop=true&amp;delayms=5000\" width=\"960\" height=\"569\" frameborder=\"0\"><\/iframe><\/p>\n","protected":false},"excerpt":{"rendered":"<p>PROTAGONISTES, LES DONES<br \/>\nAquest mes de mar\u00e7 la Biblioteca es vol fer ress\u00f2 del Dia Internacional de la Dona, exhibint una bona mostra de les darreres incorporacions bibliogr\u00e0fiques que tenen la dona com a protagonista: novel\u00b7les, assajos, c\u00f2mics, biografies il\u00b7lustrades, contes, entre altres. Tamb\u00e9 vol visualitzar&hellip;  <a href=\"https:\/\/agora.xtec.cat\/iesermengolquart\/pagines-dinici\/pagina-dinici-buida\/biblioteca\/\" title=\"Read &#8211; Biblioteca\">Llegeix m\u00e9s\u00bb<\/a><\/p>\n","protected":false},"author":1,"featured_media":0,"parent":9,"menu_order":6,"comment_status":"closed","ping_status":"closed","template":"page-templates\/side-menu.php","meta":{"_bbp_topic_count":0,"_bbp_reply_count":0,"_bbp_total_topic_count":0,"_bbp_total_reply_count":0,"_bbp_voice_count":0,"_bbp_anonymous_reply_count":0,"_bbp_topic_count_hidden":0,"_bbp_reply_count_hidden":0,"_bbp_forum_subforum_count":0,"footnotes":""},"class_list":["post-2967","page","type-page","status-publish","hentry"],"post_mailing_queue_ids":[],"_links":{"self":[{"href":"https:\/\/agora.xtec.cat\/iesermengolquart\/wp-json\/wp\/v2\/pages\/2967","targetHints":{"allow":["GET"]}}],"collection":[{"href":"https:\/\/agora.xtec.cat\/iesermengolquart\/wp-json\/wp\/v2\/pages"}],"about":[{"href":"https:\/\/agora.xtec.cat\/iesermengolquart\/wp-json\/wp\/v2\/types\/page"}],"author":[{"embeddable":true,"href":"https:\/\/agora.xtec.cat\/iesermengolquart\/wp-json\/wp\/v2\/users\/1"}],"replies":[{"embeddable":true,"href":"https:\/\/agora.xtec.cat\/iesermengolquart\/wp-json\/wp\/v2\/comments?post=2967"}],"version-history":[{"count":3,"href":"https:\/\/agora.xtec.cat\/iesermengolquart\/wp-json\/wp\/v2\/pages\/2967\/revisions"}],"predecessor-version":[{"id":3134,"href":"https:\/\/agora.xtec.cat\/iesermengolquart\/wp-json\/wp\/v2\/pages\/2967\/revisions\/3134"}],"up":[{"embeddable":true,"href":"https:\/\/agora.xtec.cat\/iesermengolquart\/wp-json\/wp\/v2\/pages\/9"}],"wp:attachment":[{"href":"https:\/\/agora.xtec.cat\/iesermengolquart\/wp-json\/wp\/v2\/media?parent=2967"}],"curies":[{"name":"wp","href":"https:\/\/api.w.org\/{rel}","templated":true}]}}

<p><b>PROTAGONISTES, LES DONES</b></p>
<p style="text-align: justify;">Aquest mes de març la Biblioteca es vol fer ressò del Dia Internacional de la Dona, exhibint una bona mostra de les darreres incorporacions bibliogràfiques que tenen la dona com a protagonista: novel·les, assajos, còmics, biografies il·lustrades, contes, entre altres. També vol visualitzar el paper de les dones en altres àmbits de la ciència i la innovació mitjançant un cartell de la taula periòdica de les dones científiques i d’un altre amb una selecció de dones pioneres en la nostra història recent.</p>
<p style="text-align: justify;">
<iframe loading="lazy" src="https://docs.google.com/presentation/d/e/2PACX-1vS9bOZ0P61t0hp5h9oT3yXrCqGXJuUCkdVrzH1B3FhOVGeR_Hom495QE7l5ZhgAXRtx95zCk07U-HL3/embed?start=true&amp;loop=true&amp;delayms=5000" width="960" height="749" frameborder="0"></iframe></p>
<h3></h3>
<h3><span class="gmail_default">Jordi </span>Sierra i Fabra a la Biblioteca<span class="gmail_default">: un món per descobrir.<br />
</span></h3>
<h3><span class="gmail_default">Atreveix-t&#8217;hi!</span></h3>
<h3><iframe loading="lazy" src="https://docs.google.com/presentation/d/e/2PACX-1vTNdEtwFk8Hndedv2ehSnWrs_jzuyvcYoyk7xo_IGCCiHQAVzcfZpZ-IWvymcmp7hdet3YPWtNGD4aK/embed?start=true&amp;loop=true&amp;delayms=5000" width="960" height="749" frameborder="0"></iframe><br />
<b></b></h3>
<h3></h3>
<h3><b>FOTOGRAFIES</b></h3>
<h3><iframe loading="lazy" src="https://docs.google.com/presentation/d/e/2PACX-1vTcuZpqnie9x4m9K10U2oPtK8UCGgS8-wJReq-8p0XB9_Ei7dky46r3s4MgSdejAoAtOsH3A2yMlJcz/embed?start=true&amp;loop=true&amp;delayms=5000" width="960" height="749" frameborder="0"></iframe></h3>
<p>&nbsp;</p>
<h3><b>BIBLIOTECA DEL NOSTRE CENTRE</b></h3>
<p style="text-align: justify;">La nostra Biblioteca ens acompanya des del primer dia, el curs 1996-1997, però no va ser fins al 2006 que es va digitalitzar i ampliar quan el Centre va participar en el Programa d’Innovació Educativa de Biblioteca Escolar (puntedu). Des de l’any 2004 ja disposem d’un espai adient en les nostres instal·lacions.</p>
<p style="text-align: justify;">Actualment, hi ha un fons bibliogràfic d’uns 4100 volums de diferent tipologia, integrat per obres literàries, obres de consulta i de coneixements generals.</p>
<p style="text-align: justify;">L’alumnat disposa d’un Servei de Préstec que li permet accedir a llibres de lectures obligatòries o voluntàries i també a obres de consulta per realitzar Treballs o Projectes de Recerca.</p>
<p><iframe loading="lazy" src="https://docs.google.com/presentation/d/e/2PACX-1vQ7n0VxkUub3Bs18ck0YYyoutiVD0oGVpnVXIt09HPmA4SUFeM66oDtQqRy9f1SEU9fR0xzl0E2hGzK/embed?start=true&amp;loop=true&amp;delayms=5000" width="960" height="569" frameborder="0"></iframe></p>

<p>PROTAGONISTES, LES DONES<br />
Aquest mes de març la Biblioteca es vol fer ressò del Dia Internacional de la Dona, exhibint una bona mostra de les darreres incorporacions bibliogràfiques que tenen la dona com a protagonista: novel·les, assajos, còmics, biografies il·lustrades, contes, entre altres. També vol visualitzar&hellip;  <a href="https://agora.xtec.cat/iesermengolquart/pagines-dinici/pagina-dinici-buida/biblioteca/" title="Read &#8211; Biblioteca">Llegeix més»</a></p>
