{"id":27,"date":"2014-09-17T16:24:03","date_gmt":"2014-09-17T16:24:03","guid":{"rendered":"http:\/\/agora.xtec.cat\/iesermengolquart\/?page_id=27"},"modified":"2019-05-29T14:14:01","modified_gmt":"2019-05-29T12:14:01","slug":"historia","status":"publish","type":"page","link":"https:\/\/agora.xtec.cat\/iesermengolquart\/pagines-dinici\/pagina-dinici-buida\/historia\/","title":{"rendered":"&#8211; Hist\u00f2ria"},"content":{"rendered":"<p><b><span style=\"font-family: Arial, Helvetica;\"><span style=\"color: #660000;\"><span style=\"color: #7a9e7a; font-size: medium;\">E<\/span><span style=\"color: #7a9e7a; font-size: medium;\">rmengol lV<\/span><\/span><\/span><\/b><\/p>\n<p style=\"text-align: justify;\">L&#8217;Institut, en el moment de la seva creaci\u00f3, va agafar el nom de la poblaci\u00f3 on estava situat &#8220;IES Bellcaire d&#8217;Urgell&#8221;. Amb el pas del temps &#8211; i el remodelat fet al centre els cursos 2003 i 2004 &#8211; es va creure convenient que l&#8217;Institut tingu\u00e9s un nom propi i es va decidir &#8220;Ermengol IV&#8221;, el comte d&#8217;Urgell que va reconquerir als musulmans la zona de les poblacions adscrites a l&#8217;Institut i va atorgar la Carta de repoblament a Bellcaire d&#8217;Urgell i altres poblacions properes.<\/p>\n<h3 style=\"text-align: center;\">ERMENGOL IV. COMTE D&#8217;URGELL<\/h3>\n<h4 style=\"text-align: justify;\" align=\"center\"><b>Ermengol IV <\/b>&#8220;el de Gerb&#8221;, va ser comte d&#8217;Urgell entre els anys 1066 i 1092. En la seva lluita contra els musulmans, va reconquerir, repobl\u00e0 i fortific\u00e0 la conca del Si\u00f3 (Agramunt, Almenara&#8230; cap al 1076) i, m\u00e9s tard, la zona nord de la Plana d&#8217;Urgell &#8211; en aquella \u00e8poca denominada pels musulmans Plana del Mascan\u00e7\u00e0 &#8211; i les poblacions de Linyola, <b>Bellcaire d&#8217;Urgell<\/b>, Penelles, la Fuliola&#8230; cap al 1091. Com a pas previ a la presa de Balaguer, va reconquerir Calassan\u00e7 i Gerb, on va morir.<\/h4>\n<div style=\"text-align: justify;\" align=\"center\"><\/div>\n<h2 style=\"text-align: center;\"><img decoding=\"async\" src=\"http:\/\/www.xtec.cat\/iesermengolquart\/imatges\/esc-urg.jpg\" alt=\"\" \/><\/h2>\n<h3 style=\"text-align: center;\">CARTA DE REPOBLAMENT DE BELLCAIRE D&#8217;URGELL<\/h3>\n<h5 style=\"text-align: right;\" align=\"center\"><i><b>26 de maig de 1091<\/b><\/i><\/h5>\n<div align=\"left\">\n<p style=\"text-align: justify;\"><i>En nom del Senyor, Jo, Ermengol, comte i marqu\u00e8s d&#8217;Urgell, per pr\u00f2pia voluntat dono al cenobi de Sant Sadurn\u00ed m\u00e0rtir, el qual \u00e9s fundat al comtat d&#8217;Urgell, al costat del riu Valira, i a Pere Abat i als seus monjos presents i futurs,<b>una torre que denominem Bellcaire<\/b>, amb totes les terres que a l&#8217;esmentada torre pertanyen o li han de pert\u00e0nyer, junt amb dues alm\u00fanies que hi ha al seu red\u00f3s.<br \/>\nConfronta aquesta torre, per la part d&#8217;orient amb la serra de Santa Mera, pel sud amb l&#8217;alm\u00fania d&#8217;Afif i de Filella, per l&#8217;occident i pel nord amb la Faneca i el Pedr\u00eds, i tal com es va pujant, limita per l&#8217;altra part amb la referida Santa Mera.<br \/>\nTot el que aquests l\u00edmits inclouen aix\u00ed ho donem i cedim al ja referit cenobi de Sant Sadurn\u00ed, amb delmes i prim\u00edcies, per a que ho tinguin i ho posseeixin per tots els temps i per a que hi facin una esgl\u00e9sia a honor de Sant Sadurn\u00ed m\u00e0rtir i de Santa Maria mare de D\u00e9u.<\/i><\/p>\n<\/div>\n<p style=\"text-align: justify;\"><i>Jo, Ermengol, comte, qui aix\u00f2 vaig fer i vaig signar i vaig demanar que ho signessin els testimonis.<br \/>\nSigne de Guitard Isarn, signe de Ramon Guillem, signe d&#8217;Arnau Ramon, signe de Pere Brocard. Ermengol, comte, fill del comte Ermengol ho confirmo amb el meu signe. Signe de Pere Brocard. Pere Ramon de Ribelles ho confirmo.<br \/>\nBerenguer, diaca, qui aix\u00f2 va escriure el dia i any indicat m\u00e9s amunt.<\/i><\/p>\n<div align=\"left\"><b>Recerca i traducci\u00f3:<br \/>\n<\/b><\/div>\n<div align=\"left\"><\/div>\n<p align=\"right\"><b>Prim Bertran i Roig\u00e9 &#8211; Catedr\u00e0tic d&#8217;Hist\u00f2ria medieval de la Universitat de Barcelona<\/b><\/p>\n<p>&nbsp;<\/p>\n<p><span style=\"font-family: 'Times New Roman', Times;\">L&#8217;Institut <a href=\"http:\/\/www.xtec.cat\/iesermengolquart\/pagines\/urgell.htm\">&#8220;Ermengol IV&#8221;<\/a> de Bellcaire d&#8217;Urgell va iniciar el seu funcionament el curs escolar 96-97, quan es va aplicar la nova Llei d&#8217;Educaci\u00f3 (LOGSE) a Catalunya.<\/span><\/p>\n<p><span style=\"font-family: 'Times New Roman', Times;\">Actualment imparteix l&#8217;Ensenyament Secundari Obligatori (ESO) i el Batxillerat de les especialitats de Ci\u00e8ncies i Tecnologia i Humanitats i Ci\u00e8ncies Socials.<\/span><\/p>\n","protected":false},"excerpt":{"rendered":"<p>Ermengol lV<br \/>\nL&#8217;Institut, en el moment de la seva creaci\u00f3, va agafar el nom de la poblaci\u00f3 on estava situat &#8220;IES Bellcaire d&#8217;Urgell&#8221;. Amb el pas del temps &#8211; i el remodelat fet al centre els cursos 2003 i 2004 &#8211; es va creure convenient que&hellip;  <a href=\"https:\/\/agora.xtec.cat\/iesermengolquart\/pagines-dinici\/pagina-dinici-buida\/historia\/\" title=\"Read &#8211; Hist\u00f2ria\">Llegeix m\u00e9s\u00bb<\/a><\/p>\n","protected":false},"author":1,"featured_media":0,"parent":9,"menu_order":3,"comment_status":"closed","ping_status":"closed","template":"page-templates\/side-menu.php","meta":{"_bbp_topic_count":0,"_bbp_reply_count":0,"_bbp_total_topic_count":0,"_bbp_total_reply_count":0,"_bbp_voice_count":0,"_bbp_anonymous_reply_count":0,"_bbp_topic_count_hidden":0,"_bbp_reply_count_hidden":0,"_bbp_forum_subforum_count":0,"footnotes":""},"class_list":["post-27","page","type-page","status-publish","hentry"],"post_mailing_queue_ids":[],"_links":{"self":[{"href":"https:\/\/agora.xtec.cat\/iesermengolquart\/wp-json\/wp\/v2\/pages\/27","targetHints":{"allow":["GET"]}}],"collection":[{"href":"https:\/\/agora.xtec.cat\/iesermengolquart\/wp-json\/wp\/v2\/pages"}],"about":[{"href":"https:\/\/agora.xtec.cat\/iesermengolquart\/wp-json\/wp\/v2\/types\/page"}],"author":[{"embeddable":true,"href":"https:\/\/agora.xtec.cat\/iesermengolquart\/wp-json\/wp\/v2\/users\/1"}],"replies":[{"embeddable":true,"href":"https:\/\/agora.xtec.cat\/iesermengolquart\/wp-json\/wp\/v2\/comments?post=27"}],"version-history":[{"count":3,"href":"https:\/\/agora.xtec.cat\/iesermengolquart\/wp-json\/wp\/v2\/pages\/27\/revisions"}],"predecessor-version":[{"id":2608,"href":"https:\/\/agora.xtec.cat\/iesermengolquart\/wp-json\/wp\/v2\/pages\/27\/revisions\/2608"}],"up":[{"embeddable":true,"href":"https:\/\/agora.xtec.cat\/iesermengolquart\/wp-json\/wp\/v2\/pages\/9"}],"wp:attachment":[{"href":"https:\/\/agora.xtec.cat\/iesermengolquart\/wp-json\/wp\/v2\/media?parent=27"}],"curies":[{"name":"wp","href":"https:\/\/api.w.org\/{rel}","templated":true}]}}

&#8211; Història

<p><b><span style="font-family: Arial, Helvetica;"><span style="color: #660000;"><span style="color: #7a9e7a; font-size: medium;">E</span><span style="color: #7a9e7a; font-size: medium;">rmengol lV</span></span></span></b></p>
<p style="text-align: justify;">L&#8217;Institut, en el moment de la seva creació, va agafar el nom de la població on estava situat &#8220;IES Bellcaire d&#8217;Urgell&#8221;. Amb el pas del temps &#8211; i el remodelat fet al centre els cursos 2003 i 2004 &#8211; es va creure convenient que l&#8217;Institut tingués un nom propi i es va decidir &#8220;Ermengol IV&#8221;, el comte d&#8217;Urgell que va reconquerir als musulmans la zona de les poblacions adscrites a l&#8217;Institut i va atorgar la Carta de repoblament a Bellcaire d&#8217;Urgell i altres poblacions properes.</p>
<h3 style="text-align: center;">ERMENGOL IV. COMTE D&#8217;URGELL</h3>
<h4 style="text-align: justify;" align="center"><b>Ermengol IV </b>&#8220;el de Gerb&#8221;, va ser comte d&#8217;Urgell entre els anys 1066 i 1092. En la seva lluita contra els musulmans, va reconquerir, repoblà i fortificà la conca del Sió (Agramunt, Almenara&#8230; cap al 1076) i, més tard, la zona nord de la Plana d&#8217;Urgell &#8211; en aquella època denominada pels musulmans Plana del Mascançà &#8211; i les poblacions de Linyola, <b>Bellcaire d&#8217;Urgell</b>, Penelles, la Fuliola&#8230; cap al 1091. Com a pas previ a la presa de Balaguer, va reconquerir Calassanç i Gerb, on va morir.</h4>
<div style="text-align: justify;" align="center"></div>
<h2 style="text-align: center;"><img decoding="async" src="http://www.xtec.cat/iesermengolquart/imatges/esc-urg.jpg" alt="" /></h2>
<h3 style="text-align: center;">CARTA DE REPOBLAMENT DE BELLCAIRE D&#8217;URGELL</h3>
<h5 style="text-align: right;" align="center"><i><b>26 de maig de 1091</b></i></h5>
<div align="left">
<p style="text-align: justify;"><i>En nom del Senyor, Jo, Ermengol, comte i marquès d&#8217;Urgell, per pròpia voluntat dono al cenobi de Sant Sadurní màrtir, el qual és fundat al comtat d&#8217;Urgell, al costat del riu Valira, i a Pere Abat i als seus monjos presents i futurs,<b>una torre que denominem Bellcaire</b>, amb totes les terres que a l&#8217;esmentada torre pertanyen o li han de pertànyer, junt amb dues almúnies que hi ha al seu redós.<br />
Confronta aquesta torre, per la part d&#8217;orient amb la serra de Santa Mera, pel sud amb l&#8217;almúnia d&#8217;Afif i de Filella, per l&#8217;occident i pel nord amb la Faneca i el Pedrís, i tal com es va pujant, limita per l&#8217;altra part amb la referida Santa Mera.<br />
Tot el que aquests límits inclouen així ho donem i cedim al ja referit cenobi de Sant Sadurní, amb delmes i primícies, per a que ho tinguin i ho posseeixin per tots els temps i per a que hi facin una església a honor de Sant Sadurní màrtir i de Santa Maria mare de Déu.</i></p>
</div>
<p style="text-align: justify;"><i>Jo, Ermengol, comte, qui això vaig fer i vaig signar i vaig demanar que ho signessin els testimonis.<br />
Signe de Guitard Isarn, signe de Ramon Guillem, signe d&#8217;Arnau Ramon, signe de Pere Brocard. Ermengol, comte, fill del comte Ermengol ho confirmo amb el meu signe. Signe de Pere Brocard. Pere Ramon de Ribelles ho confirmo.<br />
Berenguer, diaca, qui això va escriure el dia i any indicat més amunt.</i></p>
<div align="left"><b>Recerca i traducció:<br />
</b></div>
<div align="left"></div>
<p align="right"><b>Prim Bertran i Roigé &#8211; Catedràtic d&#8217;Història medieval de la Universitat de Barcelona</b></p>
<p>&nbsp;</p>
<p><span style="font-family: 'Times New Roman', Times;">L&#8217;Institut <a href="http://www.xtec.cat/iesermengolquart/pagines/urgell.htm">&#8220;Ermengol IV&#8221;</a> de Bellcaire d&#8217;Urgell va iniciar el seu funcionament el curs escolar 96-97, quan es va aplicar la nova Llei d&#8217;Educació (LOGSE) a Catalunya.</span></p>
<p><span style="font-family: 'Times New Roman', Times;">Actualment imparteix l&#8217;Ensenyament Secundari Obligatori (ESO) i el Batxillerat de les especialitats de Ciències i Tecnologia i Humanitats i Ciències Socials.</span></p>

<p>Ermengol lV<br />
L&#8217;Institut, en el moment de la seva creació, va agafar el nom de la població on estava situat &#8220;IES Bellcaire d&#8217;Urgell&#8221;. Amb el pas del temps &#8211; i el remodelat fet al centre els cursos 2003 i 2004 &#8211; es va creure convenient que&hellip;  <a href="https://agora.xtec.cat/iesermengolquart/pagines-dinici/pagina-dinici-buida/historia/" title="Read &#8211; Història">Llegeix més»</a></p>
