{"id":195,"date":"2014-09-22T10:39:39","date_gmt":"2014-09-22T10:39:39","guid":{"rendered":"http:\/\/agora.xtec.cat\/iesermengolquart\/?page_id=195"},"modified":"2023-09-26T13:19:00","modified_gmt":"2023-09-26T11:19:00","slug":"estudis","status":"publish","type":"page","link":"https:\/\/agora.xtec.cat\/iesermengolquart\/pagines-dinici\/pagina-dinici-buida\/estudis\/","title":{"rendered":"&#8211; Estudis"},"content":{"rendered":"<p>L&#8217;Institut Ermengol IV de Bellcaire d&#8217;Urgell \u00e9s un institut de dues\/tres l\u00ednies d&#8217;ESO i, actualment, una de Batxillerat. A continuaci\u00f3, podeu veure l&#8217;oferta escolar i la distribuci\u00f3 hor\u00e0ria de cada mat\u00e8ria per a cada curs.<\/p>\n<h3 style=\"text-align: center;\">CURS 2023\/2024<\/h3>\n<p><a href=\"https:\/\/agora.xtec.cat\/iesermengolquart\/wp-content\/uploads\/usu1239\/2023\/09\/ESO.jpg\"><img loading=\"lazy\" decoding=\"async\" class=\"size-large wp-image-4990 aligncenter\" src=\"https:\/\/agora.xtec.cat\/iesermengolquart\/wp-content\/uploads\/usu1239\/2023\/09\/ESO-1024x799.jpg\" alt=\"\" width=\"1024\" height=\"799\" srcset=\"https:\/\/agora.xtec.cat\/iesermengolquart\/wp-content\/uploads\/usu1239\/2023\/09\/ESO-1024x799.jpg 1024w, https:\/\/agora.xtec.cat\/iesermengolquart\/wp-content\/uploads\/usu1239\/2023\/09\/ESO-300x234.jpg 300w, https:\/\/agora.xtec.cat\/iesermengolquart\/wp-content\/uploads\/usu1239\/2023\/09\/ESO-768x600.jpg 768w, https:\/\/agora.xtec.cat\/iesermengolquart\/wp-content\/uploads\/usu1239\/2023\/09\/ESO.jpg 1149w\" sizes=\"auto, (max-width: 1024px) 100vw, 1024px\" \/><\/a><\/p>\n<p>&nbsp;<\/p>\n<p><a href=\"https:\/\/agora.xtec.cat\/iesermengolquart\/wp-content\/uploads\/usu1239\/2023\/09\/bat-1.jpg\"><img loading=\"lazy\" decoding=\"async\" class=\"size-full wp-image-4992 aligncenter\" src=\"https:\/\/agora.xtec.cat\/iesermengolquart\/wp-content\/uploads\/usu1239\/2023\/09\/bat-1.jpg\" alt=\"\" width=\"930\" height=\"880\" srcset=\"https:\/\/agora.xtec.cat\/iesermengolquart\/wp-content\/uploads\/usu1239\/2023\/09\/bat-1.jpg 930w, https:\/\/agora.xtec.cat\/iesermengolquart\/wp-content\/uploads\/usu1239\/2023\/09\/bat-1-300x284.jpg 300w, https:\/\/agora.xtec.cat\/iesermengolquart\/wp-content\/uploads\/usu1239\/2023\/09\/bat-1-768x727.jpg 768w\" sizes=\"auto, (max-width: 930px) 100vw, 930px\" \/><\/a><\/p>\n<p><a href=\"https:\/\/agora.xtec.cat\/iesermengolquart\/wp-content\/uploads\/usu1239\/2023\/09\/b2.jpg\"><img loading=\"lazy\" decoding=\"async\" class=\"size-full wp-image-4993 aligncenter\" src=\"https:\/\/agora.xtec.cat\/iesermengolquart\/wp-content\/uploads\/usu1239\/2023\/09\/b2.jpg\" alt=\"\" width=\"979\" height=\"885\" srcset=\"https:\/\/agora.xtec.cat\/iesermengolquart\/wp-content\/uploads\/usu1239\/2023\/09\/b2.jpg 979w, https:\/\/agora.xtec.cat\/iesermengolquart\/wp-content\/uploads\/usu1239\/2023\/09\/b2-300x271.jpg 300w, https:\/\/agora.xtec.cat\/iesermengolquart\/wp-content\/uploads\/usu1239\/2023\/09\/b2-768x694.jpg 768w\" sizes=\"auto, (max-width: 979px) 100vw, 979px\" \/><\/a><\/p>\n","protected":false},"excerpt":{"rendered":"<p>L&#8217;Institut Ermengol IV de Bellcaire d&#8217;Urgell \u00e9s un institut de dues\/tres l\u00ednies d&#8217;ESO i, actualment, una de Batxillerat. A continuaci\u00f3, podeu veure l&#8217;oferta escolar i la distribuci\u00f3 hor\u00e0ria de cada mat\u00e8ria per a cada curs.<br \/>\nCURS 2023\/2024<br \/>\n<a href=\"https:\/\/agora.xtec.cat\/iesermengolquart\/wp-content\/uploads\/usu1239\/2023\/09\/ESO.jpg\"><\/a><br \/>\n&nbsp;<br \/>\n<a href=\"https:\/\/agora.xtec.cat\/iesermengolquart\/wp-content\/uploads\/usu1239\/2023\/09\/bat-1.jpg\"><\/a><br \/>\n<a href=\"https:\/\/agora.xtec.cat\/iesermengolquart\/wp-content\/uploads\/usu1239\/2023\/09\/b2.jpg\"><\/a><\/p>\n","protected":false},"author":1,"featured_media":0,"parent":9,"menu_order":4,"comment_status":"closed","ping_status":"closed","template":"page-templates\/side-menu.php","meta":{"_bbp_topic_count":0,"_bbp_reply_count":0,"_bbp_total_topic_count":0,"_bbp_total_reply_count":0,"_bbp_voice_count":0,"_bbp_anonymous_reply_count":0,"_bbp_topic_count_hidden":0,"_bbp_reply_count_hidden":0,"_bbp_forum_subforum_count":0,"footnotes":""},"class_list":["post-195","page","type-page","status-publish","hentry"],"post_mailing_queue_ids":[],"_links":{"self":[{"href":"https:\/\/agora.xtec.cat\/iesermengolquart\/wp-json\/wp\/v2\/pages\/195","targetHints":{"allow":["GET"]}}],"collection":[{"href":"https:\/\/agora.xtec.cat\/iesermengolquart\/wp-json\/wp\/v2\/pages"}],"about":[{"href":"https:\/\/agora.xtec.cat\/iesermengolquart\/wp-json\/wp\/v2\/types\/page"}],"author":[{"embeddable":true,"href":"https:\/\/agora.xtec.cat\/iesermengolquart\/wp-json\/wp\/v2\/users\/1"}],"replies":[{"embeddable":true,"href":"https:\/\/agora.xtec.cat\/iesermengolquart\/wp-json\/wp\/v2\/comments?post=195"}],"version-history":[{"count":5,"href":"https:\/\/agora.xtec.cat\/iesermengolquart\/wp-json\/wp\/v2\/pages\/195\/revisions"}],"predecessor-version":[{"id":4994,"href":"https:\/\/agora.xtec.cat\/iesermengolquart\/wp-json\/wp\/v2\/pages\/195\/revisions\/4994"}],"up":[{"embeddable":true,"href":"https:\/\/agora.xtec.cat\/iesermengolquart\/wp-json\/wp\/v2\/pages\/9"}],"wp:attachment":[{"href":"https:\/\/agora.xtec.cat\/iesermengolquart\/wp-json\/wp\/v2\/media?parent=195"}],"curies":[{"name":"wp","href":"https:\/\/api.w.org\/{rel}","templated":true}]}}

<p>L&#8217;Institut Ermengol IV de Bellcaire d&#8217;Urgell és un institut de dues/tres línies d&#8217;ESO i, actualment, una de Batxillerat. A continuació, podeu veure l&#8217;oferta escolar i la distribució horària de cada matèria per a cada curs.</p>
<h3 style="text-align: center;">CURS 2023/2024</h3>
<p><a href="https://agora.xtec.cat/iesermengolquart/wp-content/uploads/usu1239/2023/09/ESO.jpg"><img loading="lazy" decoding="async" class="size-large wp-image-4990 aligncenter" src="https://agora.xtec.cat/iesermengolquart/wp-content/uploads/usu1239/2023/09/ESO-1024x799.jpg" alt="" width="1024" height="799" srcset="https://agora.xtec.cat/iesermengolquart/wp-content/uploads/usu1239/2023/09/ESO-1024x799.jpg 1024w, https://agora.xtec.cat/iesermengolquart/wp-content/uploads/usu1239/2023/09/ESO-300x234.jpg 300w, https://agora.xtec.cat/iesermengolquart/wp-content/uploads/usu1239/2023/09/ESO-768x600.jpg 768w, https://agora.xtec.cat/iesermengolquart/wp-content/uploads/usu1239/2023/09/ESO.jpg 1149w" sizes="auto, (max-width: 1024px) 100vw, 1024px" /></a></p>
<p>&nbsp;</p>
<p><a href="https://agora.xtec.cat/iesermengolquart/wp-content/uploads/usu1239/2023/09/bat-1.jpg"><img loading="lazy" decoding="async" class="size-full wp-image-4992 aligncenter" src="https://agora.xtec.cat/iesermengolquart/wp-content/uploads/usu1239/2023/09/bat-1.jpg" alt="" width="930" height="880" srcset="https://agora.xtec.cat/iesermengolquart/wp-content/uploads/usu1239/2023/09/bat-1.jpg 930w, https://agora.xtec.cat/iesermengolquart/wp-content/uploads/usu1239/2023/09/bat-1-300x284.jpg 300w, https://agora.xtec.cat/iesermengolquart/wp-content/uploads/usu1239/2023/09/bat-1-768x727.jpg 768w" sizes="auto, (max-width: 930px) 100vw, 930px" /></a></p>
<p><a href="https://agora.xtec.cat/iesermengolquart/wp-content/uploads/usu1239/2023/09/b2.jpg"><img loading="lazy" decoding="async" class="size-full wp-image-4993 aligncenter" src="https://agora.xtec.cat/iesermengolquart/wp-content/uploads/usu1239/2023/09/b2.jpg" alt="" width="979" height="885" srcset="https://agora.xtec.cat/iesermengolquart/wp-content/uploads/usu1239/2023/09/b2.jpg 979w, https://agora.xtec.cat/iesermengolquart/wp-content/uploads/usu1239/2023/09/b2-300x271.jpg 300w, https://agora.xtec.cat/iesermengolquart/wp-content/uploads/usu1239/2023/09/b2-768x694.jpg 768w" sizes="auto, (max-width: 979px) 100vw, 979px" /></a></p>

<p>L&#8217;Institut Ermengol IV de Bellcaire d&#8217;Urgell és un institut de dues/tres línies d&#8217;ESO i, actualment, una de Batxillerat. A continuació, podeu veure l&#8217;oferta escolar i la distribució horària de cada matèria per a cada curs.<br />
CURS 2023/2024<br />
<a href="https://agora.xtec.cat/iesermengolquart/wp-content/uploads/usu1239/2023/09/ESO.jpg"></a><br />
&nbsp;<br />
<a href="https://agora.xtec.cat/iesermengolquart/wp-content/uploads/usu1239/2023/09/bat-1.jpg"></a><br />
<a href="https://agora.xtec.cat/iesermengolquart/wp-content/uploads/usu1239/2023/09/b2.jpg"></a></p>
