{"id":5636,"date":"2025-11-24T17:23:27","date_gmt":"2025-11-24T16:23:27","guid":{"rendered":"https:\/\/agora.xtec.cat\/ieselsui\/?page_id=5636"},"modified":"2026-03-02T13:09:37","modified_gmt":"2026-03-02T12:09:37","slug":"qui-som","status":"publish","type":"page","link":"https:\/\/agora.xtec.cat\/ieselsui\/afa\/qui-som\/","title":{"rendered":"Qui som?"},"content":{"rendered":"\n<p class=\"has-medium-font-size\">L\u2019AFA est\u00e0 formada per fam\u00edlies volunt\u00e0ries que dediquem temps i energia per millorar el dia a dia de l\u2019institut.<\/p>\n\n\n\n<h4 class=\"wp-block-heading has-medium-font-size\">L&#8217;AFA \u00e9s el lloc a on els pares i mares estem representats a l&#8217;Institut. Des de l&#8217;associaci\u00f3 podem dur a terme iniciatives que millorin el dia a dia dels nostres fills i filles a l&#8217;Institut.<br>\u200b<br>Som membres d&#8217;aFFaC, formem part del consell escolar, del consell municipal, participem en l&#8217;\u00e0rea de mobilitat i millora, formem part del grup d&#8217;AMPA&#8217;s i AFA&#8217;s municipal, de la comissi\u00f3 de festes per joves&#8230;<br>\u200b<br>La tasca que fem \u00e9s volunt\u00e0ria i com m\u00e9s siguem col\u00b7laborant ser\u00e0 m\u00e9s f\u00e0cil i podrem fer moltes m\u00e9s coses, si et vols oferir per col\u00b7laborar amb alguna activitat concreta o creus que pots donar un cop de m\u00e0, l&#8217;<a href=\"https:\/\/www.afaelsui.org\/sociafaelsui\">AFA busca persones<\/a>.<br><br>La Junta es reuneix m\u00ednim un cop al mes, les reunions estan obertes a tots els socis, si teniu inter\u00e8s podeu contactar amb nosaltres a trav\u00e9s del correu afaelsui@gmail.com, us hi esperem!!<\/h4>\n\n\n\n<p><\/p>\n","protected":false},"excerpt":{"rendered":"<p>L\u2019AFA est\u00e0 formada per fam\u00edlies volunt\u00e0ries que dediquem temps i energia per millorar el dia a dia de l\u2019institut. L&#8217;AFA [&hellip;]<\/p>\n","protected":false},"author":70,"featured_media":0,"parent":5628,"menu_order":0,"comment_status":"closed","ping_status":"close","template":"","meta":{"_bbp_topic_count":0,"_bbp_reply_count":0,"_bbp_total_topic_count":0,"_bbp_total_reply_count":0,"_bbp_voice_count":0,"_bbp_anonymous_reply_count":0,"_bbp_topic_count_hidden":0,"_bbp_reply_count_hidden":0,"_bbp_forum_subforum_count":0,"site-sidebar-layout":"default","site-content-layout":"","ast-site-content-layout":"default","site-content-style":"default","site-sidebar-style":"default","ast-global-header-display":"","ast-banner-title-visibility":"","ast-main-header-display":"","ast-hfb-above-header-display":"","ast-hfb-below-header-display":"","ast-hfb-mobile-header-display":"","site-post-title":"","ast-breadcrumbs-content":"","ast-featured-img":"","footer-sml-layout":"","theme-transparent-header-meta":"","adv-header-id-meta":"","stick-header-meta":"","header-above-stick-meta":"","header-main-stick-meta":"","header-below-stick-meta":"","astra-migrate-meta-layouts":"set","ast-page-background-enabled":"default","ast-page-background-meta":{"desktop":{"background-color":"var(--ast-global-color-4)","background-image":"","background-repeat":"repeat","background-position":"center center","background-size":"auto","background-attachment":"scroll","background-type":"","background-media":"","overlay-type":"","overlay-color":"","overlay-opacity":"","overlay-gradient":""},"tablet":{"background-color":"","background-image":"","background-repeat":"repeat","background-position":"center center","background-size":"auto","background-attachment":"scroll","background-type":"","background-media":"","overlay-type":"","overlay-color":"","overlay-opacity":"","overlay-gradient":""},"mobile":{"background-color":"","background-image":"","background-repeat":"repeat","background-position":"center center","background-size":"auto","background-attachment":"scroll","background-type":"","background-media":"","overlay-type":"","overlay-color":"","overlay-opacity":"","overlay-gradient":""}},"ast-content-background-meta":{"desktop":{"background-color":"var(--ast-global-color-5)","background-image":"","background-repeat":"repeat","background-position":"center center","background-size":"auto","background-attachment":"scroll","background-type":"","background-media":"","overlay-type":"","overlay-color":"","overlay-opacity":"","overlay-gradient":""},"tablet":{"background-color":"var(--ast-global-color-5)","background-image":"","background-repeat":"repeat","background-position":"center center","background-size":"auto","background-attachment":"scroll","background-type":"","background-media":"","overlay-type":"","overlay-color":"","overlay-opacity":"","overlay-gradient":""},"mobile":{"background-color":"var(--ast-global-color-5)","background-image":"","background-repeat":"repeat","background-position":"center center","background-size":"auto","background-attachment":"scroll","background-type":"","background-media":"","overlay-type":"","overlay-color":"","overlay-opacity":"","overlay-gradient":""}},"footnotes":""},"class_list":["post-5636","page","type-page","status-publish","hentry"],"post_mailing_queue_ids":[],"_links":{"self":[{"href":"https:\/\/agora.xtec.cat\/ieselsui\/wp-json\/wp\/v2\/pages\/5636","targetHints":{"allow":["GET"]}}],"collection":[{"href":"https:\/\/agora.xtec.cat\/ieselsui\/wp-json\/wp\/v2\/pages"}],"about":[{"href":"https:\/\/agora.xtec.cat\/ieselsui\/wp-json\/wp\/v2\/types\/page"}],"author":[{"embeddable":true,"href":"https:\/\/agora.xtec.cat\/ieselsui\/wp-json\/wp\/v2\/users\/70"}],"replies":[{"embeddable":true,"href":"https:\/\/agora.xtec.cat\/ieselsui\/wp-json\/wp\/v2\/comments?post=5636"}],"version-history":[{"count":1,"href":"https:\/\/agora.xtec.cat\/ieselsui\/wp-json\/wp\/v2\/pages\/5636\/revisions"}],"predecessor-version":[{"id":5637,"href":"https:\/\/agora.xtec.cat\/ieselsui\/wp-json\/wp\/v2\/pages\/5636\/revisions\/5637"}],"up":[{"embeddable":true,"href":"https:\/\/agora.xtec.cat\/ieselsui\/wp-json\/wp\/v2\/pages\/5628"}],"wp:attachment":[{"href":"https:\/\/agora.xtec.cat\/ieselsui\/wp-json\/wp\/v2\/media?parent=5636"}],"curies":[{"name":"wp","href":"https:\/\/api.w.org\/{rel}","templated":true}]}}