{"id":4523,"date":"2024-07-08T11:42:46","date_gmt":"2024-07-08T09:42:46","guid":{"rendered":"https:\/\/agora.xtec.cat\/ieselsui\/?page_id=4523"},"modified":"2025-10-27T12:14:34","modified_gmt":"2025-10-27T11:14:34","slug":"departament-de-matematiques","status":"publish","type":"page","link":"https:\/\/agora.xtec.cat\/ieselsui\/departaments\/departament-de-matematiques\/","title":{"rendered":"Departament de Matem\u00e0tiques"},"content":{"rendered":"\n<div class=\"wp-block-getwid-tabs\" data-active-tab=\"0\"><ul class=\"wp-block-getwid-tabs__nav-links\"><\/ul>\n<div class=\"wp-block-getwid-tabs__nav-link\"><span class=\"wp-block-getwid-tabs__title-wrapper\"><a href=\"#\"><span class=\"wp-block-getwid-tabs__title\"><mark style=\"background-color:rgba(0, 0, 0, 0)\" class=\"has-inline-color has-vivid-cyan-blue-color\"><strong>Professorat<\/strong><\/mark><\/span><\/a><\/span><\/div><div class=\"wp-block-getwid-tabs__tab-content-wrapper\"><div class=\"wp-block-getwid-tabs__tab-content\">\n<p>Professorat del departament:<\/p>\n\n\n\n<figure class=\"wp-block-table\"><table><thead><tr><th>Professor\/a<\/th><th>Email<\/th><\/tr><\/thead><tbody><tr><td>Josep Torralbo<\/td><td><a href=\"mailto:jose.torralbo@ieselsui.cat\">jose.torralbo@ieselsui.cat<\/a><\/td><\/tr><tr><td>Misael Fust\u00e9<\/td><td><a href=\"mailto:misael.fuste@ieselsui.cat\">misael.fuste@ieselsui.cat<\/a><\/td><\/tr><tr><td>Esther Gonz\u00e1lez<\/td><td><a href=\"mailto:esther.gonzalez@ieselsui.cat\">esther.gonzalez@ieselsui.cat<\/a><\/td><\/tr><tr><td>Ruben Terol<\/td><td><a href=\"mailto:ruben.terol@ieselsui.cat\">ruben.terol@ieselsui.cat<\/a><\/td><\/tr><tr><td>Eduardo Medina<\/td><td><a href=\"mailto:edu.medinat@ieselsui.cat\">edu.medinat@ieselsui.cat<\/a><\/td><\/tr><tr><td>Theo Santiago<\/td><td><a href=\"mailto:theo.santiago@ieselsui.cat\">theo.santiago@ieselsui.cat<\/a><\/td><\/tr><tr><td>Laura Rosell<\/td><td><a href=\"mailto:eric.thoni@ieselsui.cat\">laura.rosell@ieselsui.cat<\/a><\/td><\/tr><\/tbody><\/table><\/figure>\n<\/div><\/div>\n<\/div>\n\n\n\n<p><\/p>\n\n\n\n<h1 class=\"wp-block-heading has-black-color has-text-color has-link-color wp-elements-12d04161f38e728e58616dac38113f62\"><strong>\u00daltimes not\u00edcies del departament<\/strong><\/h1>\n\n\n        <div class=\"wp-block-getwid-custom-post-type custom-post-type-post has-layout-list\">\n            <div class=\"wp-block-getwid-custom-post-type__wrapper\">\n                \t\t\t\t\t\t\t\t<div class='wp-block-getwid-custom-post-type__post'>\n\t\t\t\t\t\t\t\t\t\n<div class=\"wp-block-getwid-custom-post-type__post-wrapper\">\n            <div class=\"wp-block-getwid-custom-post-type__post-thumbnail\">\n            <a href=\"https:\/\/agora.xtec.cat\/ieselsui\/general\/celebracio-de-les-proves-cangur-i-lliurament-dels-diplomes-de-tour-de-mates\/\"><img loading=\"lazy\" decoding=\"async\" width=\"2560\" height=\"1920\" src=\"https:\/\/agora.xtec.cat\/ieselsui\/wp-content\/uploads\/usu718\/2024\/04\/20240321_112021-Theo-Santiago-Colino-min-scaled.jpg\" class=\"attachment-post-thumbnail size-post-thumbnail wp-post-image\" alt=\"\" srcset=\"https:\/\/agora.xtec.cat\/ieselsui\/wp-content\/uploads\/usu718\/2024\/04\/20240321_112021-Theo-Santiago-Colino-min-scaled.jpg 2560w, https:\/\/agora.xtec.cat\/ieselsui\/wp-content\/uploads\/usu718\/2024\/04\/20240321_112021-Theo-Santiago-Colino-min-300x225.jpg 300w, https:\/\/agora.xtec.cat\/ieselsui\/wp-content\/uploads\/usu718\/2024\/04\/20240321_112021-Theo-Santiago-Colino-min-1024x768.jpg 1024w, https:\/\/agora.xtec.cat\/ieselsui\/wp-content\/uploads\/usu718\/2024\/04\/20240321_112021-Theo-Santiago-Colino-min-768x576.jpg 768w, https:\/\/agora.xtec.cat\/ieselsui\/wp-content\/uploads\/usu718\/2024\/04\/20240321_112021-Theo-Santiago-Colino-min-1536x1152.jpg 1536w, https:\/\/agora.xtec.cat\/ieselsui\/wp-content\/uploads\/usu718\/2024\/04\/20240321_112021-Theo-Santiago-Colino-min-2048x1536.jpg 2048w, https:\/\/agora.xtec.cat\/ieselsui\/wp-content\/uploads\/usu718\/2024\/04\/20240321_112021-Theo-Santiago-Colino-min-200x150.jpg 200w\" sizes=\"auto, (max-width: 2560px) 100vw, 2560px\" \/><\/a>\n        <\/div>\n        <div class=\"wp-block-getwid-custom-post-type__content-wrapper\">\n        <div class=\"wp-block-getwid-custom-post-type__post-header\">\n            <h3 class=\"wp-block-getwid-custom-post-type__post-title\"><a href=\"https:\/\/agora.xtec.cat\/ieselsui\/general\/celebracio-de-les-proves-cangur-i-lliurament-dels-diplomes-de-tour-de-mates\/\">Celebraci\u00f3 de les proves Cangur i lliurament dels diplomes de Tour de Mates<\/a><\/h3>        <\/div>\n        <div class=\"wp-block-getwid-custom-post-type__post-excerpt \"><p>Al llarg del mat\u00ed d\u2019avui hem celebrat les proves Cangur al nostre centre i els alumnes han pogut gaudir fent [&hellip;]<\/p>\n<\/div>\n    <\/div>\n<\/div>\n\t\t\t\t\t\t\t\t<\/div>\n\t\t\t\t\t\t\t\t\t\t\t\t\t\t\t<div class='wp-block-getwid-custom-post-type__post'>\n\t\t\t\t\t\t\t\t\t\n<div class=\"wp-block-getwid-custom-post-type__post-wrapper\">\n            <div class=\"wp-block-getwid-custom-post-type__post-thumbnail\">\n            <a href=\"https:\/\/agora.xtec.cat\/ieselsui\/4eso\/problemes-a-lesprint-de-1r-cicle\/\"><img loading=\"lazy\" decoding=\"async\" width=\"2560\" height=\"1909\" src=\"https:\/\/agora.xtec.cat\/ieselsui\/wp-content\/uploads\/usu718\/2024\/02\/20240214_123909-Theo-Santiago-Colino-scaled.jpg\" class=\"attachment-post-thumbnail size-post-thumbnail wp-post-image\" alt=\"\" srcset=\"https:\/\/agora.xtec.cat\/ieselsui\/wp-content\/uploads\/usu718\/2024\/02\/20240214_123909-Theo-Santiago-Colino-scaled.jpg 2560w, https:\/\/agora.xtec.cat\/ieselsui\/wp-content\/uploads\/usu718\/2024\/02\/20240214_123909-Theo-Santiago-Colino-300x224.jpg 300w, https:\/\/agora.xtec.cat\/ieselsui\/wp-content\/uploads\/usu718\/2024\/02\/20240214_123909-Theo-Santiago-Colino-1024x764.jpg 1024w, https:\/\/agora.xtec.cat\/ieselsui\/wp-content\/uploads\/usu718\/2024\/02\/20240214_123909-Theo-Santiago-Colino-768x573.jpg 768w, https:\/\/agora.xtec.cat\/ieselsui\/wp-content\/uploads\/usu718\/2024\/02\/20240214_123909-Theo-Santiago-Colino-1536x1146.jpg 1536w, https:\/\/agora.xtec.cat\/ieselsui\/wp-content\/uploads\/usu718\/2024\/02\/20240214_123909-Theo-Santiago-Colino-2048x1528.jpg 2048w, https:\/\/agora.xtec.cat\/ieselsui\/wp-content\/uploads\/usu718\/2024\/02\/20240214_123909-Theo-Santiago-Colino-200x150.jpg 200w\" sizes=\"auto, (max-width: 2560px) 100vw, 2560px\" \/><\/a>\n        <\/div>\n        <div class=\"wp-block-getwid-custom-post-type__content-wrapper\">\n        <div class=\"wp-block-getwid-custom-post-type__post-header\">\n            <h3 class=\"wp-block-getwid-custom-post-type__post-title\"><a href=\"https:\/\/agora.xtec.cat\/ieselsui\/4eso\/problemes-a-lesprint-de-1r-cicle\/\">Problemes a l&#8217;esprint de 1r cicle<\/a><\/h3>        <\/div>\n        <div class=\"wp-block-getwid-custom-post-type__post-excerpt \"><p>Avui un equip de 28 alumnes de 1r i 2n d\u2019ESO ha participat en l\u2019activitat problemes a l\u2019esprint organitzada per [&hellip;]<\/p>\n<\/div>\n    <\/div>\n<\/div>\n\t\t\t\t\t\t\t\t<\/div>\n\t\t\t\t\t\t\t\t\t\t\t\t\t\t\t<div class='wp-block-getwid-custom-post-type__post'>\n\t\t\t\t\t\t\t\t\t\n<div class=\"wp-block-getwid-custom-post-type__post-wrapper\">\n            <div class=\"wp-block-getwid-custom-post-type__post-thumbnail\">\n            <a href=\"https:\/\/agora.xtec.cat\/ieselsui\/4eso\/problemes-a-lesprint-de-3r-i-4t\/\"><img loading=\"lazy\" decoding=\"async\" width=\"2560\" height=\"1915\" src=\"https:\/\/agora.xtec.cat\/ieselsui\/wp-content\/uploads\/usu718\/2023\/12\/triada-de-3r-Theo-Santiago-Colino-min-scaled.jpg\" class=\"attachment-post-thumbnail size-post-thumbnail wp-post-image\" alt=\"\" srcset=\"https:\/\/agora.xtec.cat\/ieselsui\/wp-content\/uploads\/usu718\/2023\/12\/triada-de-3r-Theo-Santiago-Colino-min-scaled.jpg 2560w, https:\/\/agora.xtec.cat\/ieselsui\/wp-content\/uploads\/usu718\/2023\/12\/triada-de-3r-Theo-Santiago-Colino-min-300x224.jpg 300w, https:\/\/agora.xtec.cat\/ieselsui\/wp-content\/uploads\/usu718\/2023\/12\/triada-de-3r-Theo-Santiago-Colino-min-1024x766.jpg 1024w, https:\/\/agora.xtec.cat\/ieselsui\/wp-content\/uploads\/usu718\/2023\/12\/triada-de-3r-Theo-Santiago-Colino-min-768x575.jpg 768w, https:\/\/agora.xtec.cat\/ieselsui\/wp-content\/uploads\/usu718\/2023\/12\/triada-de-3r-Theo-Santiago-Colino-min-1536x1149.jpg 1536w, https:\/\/agora.xtec.cat\/ieselsui\/wp-content\/uploads\/usu718\/2023\/12\/triada-de-3r-Theo-Santiago-Colino-min-2048x1532.jpg 2048w, https:\/\/agora.xtec.cat\/ieselsui\/wp-content\/uploads\/usu718\/2023\/12\/triada-de-3r-Theo-Santiago-Colino-min-200x150.jpg 200w\" sizes=\"auto, (max-width: 2560px) 100vw, 2560px\" \/><\/a>\n        <\/div>\n        <div class=\"wp-block-getwid-custom-post-type__content-wrapper\">\n        <div class=\"wp-block-getwid-custom-post-type__post-header\">\n            <h3 class=\"wp-block-getwid-custom-post-type__post-title\"><a href=\"https:\/\/agora.xtec.cat\/ieselsui\/4eso\/problemes-a-lesprint-de-3r-i-4t\/\">Problemes a l&#8217;esprint de 3r i 4t<\/a><\/h3>        <\/div>\n        <div class=\"wp-block-getwid-custom-post-type__post-excerpt \"><p>Avui 40 alumnes de 3r i 4t d\u2019ESO organitzats en dos torns han participat a \u00ab Problemes a l\u2019Esprint \u00ab [&hellip;]<\/p>\n<\/div>\n    <\/div>\n<\/div>\n\t\t\t\t\t\t\t\t<\/div>\n\t\t\t\t\t\t\t\t\t\t\t\t\t\t\t<div class='wp-block-getwid-custom-post-type__post'>\n\t\t\t\t\t\t\t\t\t\n<div class=\"wp-block-getwid-custom-post-type__post-wrapper\">\n            <div class=\"wp-block-getwid-custom-post-type__post-thumbnail\">\n            <a href=\"https:\/\/agora.xtec.cat\/ieselsui\/4eso\/matematiques-al-carrer\/\"><img loading=\"lazy\" decoding=\"async\" width=\"517\" height=\"736\" src=\"https:\/\/agora.xtec.cat\/ieselsui\/wp-content\/uploads\/usu718\/2023\/10\/matema\u0300tiques-al-carrer-Theo-Santiago-Colino.jpg\" class=\"attachment-post-thumbnail size-post-thumbnail wp-post-image\" alt=\"\" srcset=\"https:\/\/agora.xtec.cat\/ieselsui\/wp-content\/uploads\/usu718\/2023\/10\/matema\u0300tiques-al-carrer-Theo-Santiago-Colino.jpg 517w, https:\/\/agora.xtec.cat\/ieselsui\/wp-content\/uploads\/usu718\/2023\/10\/matema\u0300tiques-al-carrer-Theo-Santiago-Colino-211x300.jpg 211w\" sizes=\"auto, (max-width: 517px) 100vw, 517px\" \/><\/a>\n        <\/div>\n        <div class=\"wp-block-getwid-custom-post-type__content-wrapper\">\n        <div class=\"wp-block-getwid-custom-post-type__post-header\">\n            <h3 class=\"wp-block-getwid-custom-post-type__post-title\"><a href=\"https:\/\/agora.xtec.cat\/ieselsui\/4eso\/matematiques-al-carrer\/\">Matem\u00e0tiques al carrer!<\/a><\/h3>        <\/div>\n        <div class=\"wp-block-getwid-custom-post-type__post-excerpt \"><p>Dissabte 28 d&#8217;octubre de 10 a 14h a la Pla\u00e7a de la Porxada de Granollers Activitats curioses, divertides, entretingudes, interessants, [&hellip;]<\/p>\n<\/div>\n    <\/div>\n<\/div>\n\t\t\t\t\t\t\t\t<\/div>\n\t\t\t\t\t\t\t\t\t\t\t\t\t\t\t<div class='wp-block-getwid-custom-post-type__post'>\n\t\t\t\t\t\t\t\t\t\n<div class=\"wp-block-getwid-custom-post-type__post-wrapper\">\n        <div class=\"wp-block-getwid-custom-post-type__content-wrapper\">\n        <div class=\"wp-block-getwid-custom-post-type__post-header\">\n            <h3 class=\"wp-block-getwid-custom-post-type__post-title\"><a href=\"https:\/\/agora.xtec.cat\/ieselsui\/1-btx\/activitats-estiu-alumnat-que-comenca-1r-de-batxillerat\/\">Activitats estiu alumnat que comen\u00e7a 1r de batxillerat<\/a><\/h3>        <\/div>\n        <div class=\"wp-block-getwid-custom-post-type__post-excerpt \"><p>Aquestes activitats &#8220;mec\u00e0niques&#8221; s\u00f3n les eines que heu de tenir interioritzades per comen\u00e7ar 1r de batxillerat amb garanties. Us recomanem [&hellip;]<\/p>\n<\/div>\n    <\/div>\n<\/div>\n\t\t\t\t\t\t\t\t<\/div>\n\t\t\t\t\t\t\t            <\/div>\n\n                            <nav class=\"navigation pagination\" role=\"navigation\">\n                    <h2 class=\"screen-reader-text\"><\/h2>\n                    <div class=\"nav-links\">\n                    <span aria-current=\"page\" class=\"page-numbers current\">1<\/span>\n<a class=\"page-numbers\" href=\"https:\/\/agora.xtec.cat\/ieselsui\/wp-json\/wp\/v2\/pages\/4523\/page\/2\/\">2<\/a>\n<a class=\"page-numbers\" href=\"https:\/\/agora.xtec.cat\/ieselsui\/wp-json\/wp\/v2\/pages\/4523\/page\/3\/\">3<\/a>\n<a class=\"next page-numbers\" href=\"https:\/\/agora.xtec.cat\/ieselsui\/wp-json\/wp\/v2\/pages\/4523\/page\/2\/\">> <i><\/i><\/a>                    <\/div>\n                <\/nav>\n                    <\/div>\n        ","protected":false},"excerpt":{"rendered":"<p>\u00daltimes not\u00edcies del departament<\/p>\n","protected":false},"author":56,"featured_media":0,"parent":4463,"menu_order":0,"comment_status":"closed","ping_status":"close","template":"","meta":{"_bbp_topic_count":0,"_bbp_reply_count":0,"_bbp_total_topic_count":0,"_bbp_total_reply_count":0,"_bbp_voice_count":0,"_bbp_anonymous_reply_count":0,"_bbp_topic_count_hidden":0,"_bbp_reply_count_hidden":0,"_bbp_forum_subforum_count":0,"site-sidebar-layout":"no-sidebar","site-content-layout":"","ast-site-content-layout":"normal-width-container","site-content-style":"default","site-sidebar-style":"default","ast-global-header-display":"","ast-banner-title-visibility":"","ast-main-header-display":"","ast-hfb-above-header-display":"","ast-hfb-below-header-display":"","ast-hfb-mobile-header-display":"","site-post-title":"","ast-breadcrumbs-content":"","ast-featured-img":"","footer-sml-layout":"","theme-transparent-header-meta":"","adv-header-id-meta":"","stick-header-meta":"","header-above-stick-meta":"","header-main-stick-meta":"","header-below-stick-meta":"","astra-migrate-meta-layouts":"set","ast-page-background-enabled":"default","ast-page-background-meta":{"desktop":{"background-color":"var(--ast-global-color-4)","background-image":"","background-repeat":"repeat","background-position":"center center","background-size":"auto","background-attachment":"scroll","background-type":"","background-media":"","overlay-type":"","overlay-color":"","overlay-opacity":"","overlay-gradient":""},"tablet":{"background-color":"","background-image":"","background-repeat":"repeat","background-position":"center center","background-size":"auto","background-attachment":"scroll","background-type":"","background-media":"","overlay-type":"","overlay-color":"","overlay-opacity":"","overlay-gradient":""},"mobile":{"background-color":"","background-image":"","background-repeat":"repeat","background-position":"center center","background-size":"auto","background-attachment":"scroll","background-type":"","background-media":"","overlay-type":"","overlay-color":"","overlay-opacity":"","overlay-gradient":""}},"ast-content-background-meta":{"desktop":{"background-color":"var(--ast-global-color-5)","background-image":"","background-repeat":"repeat","background-position":"center center","background-size":"auto","background-attachment":"scroll","background-type":"","background-media":"","overlay-type":"","overlay-color":"","overlay-opacity":"","overlay-gradient":""},"tablet":{"background-color":"var(--ast-global-color-5)","background-image":"","background-repeat":"repeat","background-position":"center center","background-size":"auto","background-attachment":"scroll","background-type":"","background-media":"","overlay-type":"","overlay-color":"","overlay-opacity":"","overlay-gradient":""},"mobile":{"background-color":"var(--ast-global-color-5)","background-image":"","background-repeat":"repeat","background-position":"center center","background-size":"auto","background-attachment":"scroll","background-type":"","background-media":"","overlay-type":"","overlay-color":"","overlay-opacity":"","overlay-gradient":""}},"footnotes":""},"class_list":["post-4523","page","type-page","status-publish","hentry"],"post_mailing_queue_ids":[],"_links":{"self":[{"href":"https:\/\/agora.xtec.cat\/ieselsui\/wp-json\/wp\/v2\/pages\/4523","targetHints":{"allow":["GET"]}}],"collection":[{"href":"https:\/\/agora.xtec.cat\/ieselsui\/wp-json\/wp\/v2\/pages"}],"about":[{"href":"https:\/\/agora.xtec.cat\/ieselsui\/wp-json\/wp\/v2\/types\/page"}],"author":[{"embeddable":true,"href":"https:\/\/agora.xtec.cat\/ieselsui\/wp-json\/wp\/v2\/users\/56"}],"replies":[{"embeddable":true,"href":"https:\/\/agora.xtec.cat\/ieselsui\/wp-json\/wp\/v2\/comments?post=4523"}],"version-history":[{"count":6,"href":"https:\/\/agora.xtec.cat\/ieselsui\/wp-json\/wp\/v2\/pages\/4523\/revisions"}],"predecessor-version":[{"id":5591,"href":"https:\/\/agora.xtec.cat\/ieselsui\/wp-json\/wp\/v2\/pages\/4523\/revisions\/5591"}],"up":[{"embeddable":true,"href":"https:\/\/agora.xtec.cat\/ieselsui\/wp-json\/wp\/v2\/pages\/4463"}],"wp:attachment":[{"href":"https:\/\/agora.xtec.cat\/ieselsui\/wp-json\/wp\/v2\/media?parent=4523"}],"curies":[{"name":"wp","href":"https:\/\/api.w.org\/{rel}","templated":true}]}}