{"id":3043,"date":"2023-02-02T21:35:42","date_gmt":"2023-02-02T20:35:42","guid":{"rendered":"https:\/\/agora.xtec.cat\/ieselsui\/?page_id=3043"},"modified":"2026-02-26T13:25:54","modified_gmt":"2026-02-26T12:25:54","slug":"treball-de-recerca","status":"publish","type":"page","link":"https:\/\/agora.xtec.cat\/ieselsui\/batxillerat\/treball-de-recerca\/","title":{"rendered":"Treball de Recerca"},"content":{"rendered":"\n<p><\/p>\n\n\n\n<div class=\"wp-block-columns wp-elements-e3d1e14612b6715255c9ac5d7ec3223a is-layout-flex wp-container-core-columns-is-layout-1 wp-block-columns-is-layout-flex\">\n<div class=\"wp-block-column caixa-link is-layout-flow wp-block-column-is-layout-flow\" id=\"https:\/\/drive.google.com\/file\/d\/1511yMBYgQ-soI99i9fN1cCa72m3q_6xP\/view?usp=sharing\">\n<div class=\"wp-block-media-text is-stacked-on-mobile\" style=\"grid-template-columns:40% auto\"><figure class=\"wp-block-media-text__media\"><img loading=\"lazy\" decoding=\"async\" width=\"200\" height=\"200\" src=\"https:\/\/agora.xtec.cat\/ieselsui\/wp-content\/uploads\/usu718\/2024\/12\/img.icons8_.com_.png\" alt=\"\" class=\"wp-image-4724 size-full\" srcset=\"https:\/\/agora.xtec.cat\/ieselsui\/wp-content\/uploads\/usu718\/2024\/12\/img.icons8_.com_.png 200w, https:\/\/agora.xtec.cat\/ieselsui\/wp-content\/uploads\/usu718\/2024\/12\/img.icons8_.com_-150x150.png 150w\" sizes=\"auto, (max-width: 200px) 100vw, 200px\" \/><\/figure><div class=\"wp-block-media-text__content\">\n<h2 class=\"wp-block-heading has-black-color has-text-color has-link-color wp-elements-680f9a297da4f1c651f7275dad1c9154\" style=\"font-size:28px;font-style:normal;font-weight:700\">Protocol<\/h2>\n\n\n\n<p>Normativa del Treball de Recerca<\/p>\n<\/div><\/div>\n<\/div>\n\n\n\n<div class=\"wp-block-column caixa-link is-layout-flow wp-block-column-is-layout-flow\" id=\"https:\/\/agora.xtec.cat\/ieselsui\/batxillerat\/treball-de-recerca\/calendari-treball-de-recerca\/\">\n<div class=\"wp-block-media-text is-stacked-on-mobile\" style=\"grid-template-columns:40% auto\"><figure class=\"wp-block-media-text__media\"><img loading=\"lazy\" decoding=\"async\" width=\"200\" height=\"200\" src=\"https:\/\/agora.xtec.cat\/ieselsui\/wp-content\/uploads\/usu718\/2024\/12\/img.icons8_.com-2.png\" alt=\"\" class=\"wp-image-4735 size-full\" srcset=\"https:\/\/agora.xtec.cat\/ieselsui\/wp-content\/uploads\/usu718\/2024\/12\/img.icons8_.com-2.png 200w, https:\/\/agora.xtec.cat\/ieselsui\/wp-content\/uploads\/usu718\/2024\/12\/img.icons8_.com-2-150x150.png 150w\" sizes=\"auto, (max-width: 200px) 100vw, 200px\" \/><\/figure><div class=\"wp-block-media-text__content\">\n<h2 class=\"wp-block-heading has-black-color has-text-color has-link-color wp-elements-ad66e93b80dbafac8789d4f162ba72bc\" style=\"font-size:28px;font-style:normal;font-weight:700\">Calendari<\/h2>\n\n\n\n<p>Dates clau del Treball de Recerca<\/p>\n<\/div><\/div>\n<\/div>\n\n\n\n<div class=\"wp-block-column caixa-link is-layout-flow wp-block-column-is-layout-flow\" id=\"https:\/\/drive.google.com\/drive\/folders\/1jEnFGutfIUuuoiWVpU8OACpiaczofZJL?usp=sharing\">\n<div class=\"wp-block-media-text is-stacked-on-mobile\" style=\"grid-template-columns:40% auto\"><figure class=\"wp-block-media-text__media\"><img loading=\"lazy\" decoding=\"async\" width=\"200\" height=\"200\" src=\"https:\/\/agora.xtec.cat\/ieselsui\/wp-content\/uploads\/usu718\/2024\/12\/img.icons8_.com-3.png\" alt=\"\" class=\"wp-image-4747 size-full\" srcset=\"https:\/\/agora.xtec.cat\/ieselsui\/wp-content\/uploads\/usu718\/2024\/12\/img.icons8_.com-3.png 200w, https:\/\/agora.xtec.cat\/ieselsui\/wp-content\/uploads\/usu718\/2024\/12\/img.icons8_.com-3-150x150.png 150w\" sizes=\"auto, (max-width: 200px) 100vw, 200px\" \/><\/figure><div class=\"wp-block-media-text__content\">\n<h2 class=\"wp-block-heading has-black-color has-text-color has-link-color wp-elements-7656e0cb0150e182395870a56d206ce7\" style=\"font-size:28px;font-style:normal;font-weight:700\">Avaluaci\u00f3<\/h2>\n\n\n\n<p>R\u00fabriques d&#8217;avaluaci\u00f3 del Treball de Recerca<\/p>\n<\/div><\/div>\n<\/div>\n<\/div>\n\n\n\n<hr class=\"wp-block-separator has-text-color has-white-color has-alpha-channel-opacity has-white-background-color has-background\"\/>\n\n\n\n<div class=\"wp-block-columns is-layout-flex wp-container-core-columns-is-layout-2 wp-block-columns-is-layout-flex\">\n<div class=\"wp-block-column caixa-link is-layout-flow wp-block-column-is-layout-flow\" id=\"https:\/\/forms.gle\/UcFnF3Z6M2TrGRde9\">\n<div class=\"wp-block-media-text is-stacked-on-mobile\" style=\"grid-template-columns:30% auto\"><figure class=\"wp-block-media-text__media\"><img loading=\"lazy\" decoding=\"async\" width=\"100\" height=\"100\" src=\"https:\/\/agora.xtec.cat\/ieselsui\/wp-content\/uploads\/usu718\/2024\/12\/img.icons8_.com_-1.png\" alt=\"\" class=\"wp-image-4753 size-full\"\/><\/figure><div class=\"wp-block-media-text__content\">\n<h2 class=\"wp-block-heading has-black-color has-text-color has-link-color wp-elements-72a5f4dfb0c3620a1ad7234c126a074b\" style=\"font-size:28px;font-style:normal;font-weight:700\">Lliurament TR<\/h2>\n\n\n\n<p>Formulari per lliurar el TR<\/p>\n<\/div><\/div>\n<\/div>\n\n\n\n<div class=\"wp-block-column caixa-link is-layout-flow wp-block-column-is-layout-flow\" id=\"https:\/\/agora.xtec.cat\/ieselsui\/batxillerat\/treball-de-recerca\/programes-de-suport-universitari-als-treballs-de-recerca\/\">\n<div class=\"wp-block-media-text is-stacked-on-mobile\" style=\"grid-template-columns:30% auto\"><figure class=\"wp-block-media-text__media\"><img loading=\"lazy\" decoding=\"async\" width=\"100\" height=\"100\" src=\"https:\/\/agora.xtec.cat\/ieselsui\/wp-content\/uploads\/usu718\/2024\/12\/img.icons8_.com-2-1.png\" alt=\"\" class=\"wp-image-4758 size-full\"\/><\/figure><div class=\"wp-block-media-text__content\">\n<h2 class=\"wp-block-heading has-black-color has-text-color has-link-color wp-elements-2e2d91176882ae59042e96353954a265\" style=\"font-size:28px;font-style:normal;font-weight:700\">Programes suport universitari<\/h2>\n\n\n\n<p>Informaci\u00f3 programes universitaris de suport al TR<\/p>\n<\/div><\/div>\n<\/div>\n\n\n\n<div class=\"wp-block-column caixa-link is-layout-flow wp-block-column-is-layout-flow\" id=\"https:\/\/xtec.gencat.cat\/ca\/curriculum\/batxillerat\/treballrecerca\/premis\/\">\n<div class=\"wp-block-media-text is-stacked-on-mobile\" style=\"grid-template-columns:30% auto\"><figure class=\"wp-block-media-text__media\"><img loading=\"lazy\" decoding=\"async\" width=\"100\" height=\"100\" src=\"https:\/\/agora.xtec.cat\/ieselsui\/wp-content\/uploads\/usu718\/2024\/12\/img.icons8_.com-3-1.png\" alt=\"\" class=\"wp-image-4763 size-full\"\/><\/figure><div class=\"wp-block-media-text__content\">\n<h2 class=\"wp-block-heading has-black-color has-text-color has-link-color wp-elements-1a522f251a43b094a177088a06d9c574\" style=\"font-size:28px;font-style:normal;font-weight:700\">Premis als TR<\/h2>\n\n\n\n<p>Informaci\u00f3 dels diferents premis als Treballs de Recerca<\/p>\n<\/div><\/div>\n<\/div>\n<\/div>\n\n\n\n<hr class=\"wp-block-separator has-text-color has-white-color has-alpha-channel-opacity has-white-background-color has-background\"\/>\n\n\n\n<div class=\"wp-block-columns is-layout-flex wp-container-core-columns-is-layout-3 wp-block-columns-is-layout-flex\">\n<div class=\"wp-block-column caixa-link is-layout-flow wp-block-column-is-layout-flow\" id=\"https:\/\/agora.xtec.cat\/ieselsui\/batxillerat\/treball-de-recerca\/orientacions-i-recursos-treball-de-recerca\/\">\n<div class=\"wp-block-media-text is-stacked-on-mobile\" style=\"grid-template-columns:30% auto\"><figure class=\"wp-block-media-text__media\"><img loading=\"lazy\" decoding=\"async\" width=\"100\" height=\"100\" src=\"https:\/\/agora.xtec.cat\/ieselsui\/wp-content\/uploads\/usu718\/2024\/12\/img.icons8_.com-4.png\" alt=\"\" class=\"wp-image-4775 size-full\"\/><\/figure><div class=\"wp-block-media-text__content\">\n<h2 class=\"wp-block-heading has-black-color has-text-color has-link-color wp-elements-b88383f3dd3a3205b2d8ca88d2454fd2\" style=\"font-size:28px;font-style:normal;font-weight:700\">Orientacions i recursos<\/h2>\n\n\n\n<p>Indicacions, recursos, consells, \u2026 per la realitzaci\u00f3 del TR<\/p>\n<\/div><\/div>\n<\/div>\n\n\n\n<div class=\"wp-block-column caixa-link is-layout-flow wp-block-column-is-layout-flow\" id=\"https:\/\/agora.xtec.cat\/ieselsui\/informacio-no-disponible\/\">\n<div class=\"wp-block-media-text is-stacked-on-mobile\" style=\"grid-template-columns:30% auto\"><figure class=\"wp-block-media-text__media\"><img loading=\"lazy\" decoding=\"async\" width=\"100\" height=\"100\" src=\"https:\/\/agora.xtec.cat\/ieselsui\/wp-content\/uploads\/usu718\/2024\/12\/img.icons8_.com-5.png\" alt=\"\" class=\"wp-image-4780 size-full\"\/><\/figure><div class=\"wp-block-media-text__content\">\n<h2 class=\"wp-block-heading has-black-color has-text-color has-link-color wp-elements-94475ba1f8070cb0847ed255f1920d7a\" style=\"font-size:28px;font-style:normal;font-weight:700\">Preguntes freq\u00fcents<\/h2>\n\n\n\n<p>Recull de les preguntes m\u00e9s freq\u00fcents sobre els Treballs de Recerca<\/p>\n<\/div><\/div>\n<\/div>\n<\/div>\n","protected":false},"excerpt":{"rendered":"<p>Protocol Normativa del Treball de Recerca Calendari Dates clau del Treball de Recerca Avaluaci\u00f3 R\u00fabriques d&#8217;avaluaci\u00f3 del Treball de Recerca [&hellip;]<\/p>\n","protected":false},"author":56,"featured_media":0,"parent":3028,"menu_order":0,"comment_status":"closed","ping_status":"closed","template":"","meta":{"_bbp_topic_count":0,"_bbp_reply_count":0,"_bbp_total_topic_count":0,"_bbp_total_reply_count":0,"_bbp_voice_count":0,"_bbp_anonymous_reply_count":0,"_bbp_topic_count_hidden":0,"_bbp_reply_count_hidden":0,"_bbp_forum_subforum_count":0,"site-sidebar-layout":"no-sidebar","site-content-layout":"","ast-site-content-layout":"normal-width-container","site-content-style":"default","site-sidebar-style":"unboxed","ast-global-header-display":"","ast-banner-title-visibility":"","ast-main-header-display":"","ast-hfb-above-header-display":"","ast-hfb-below-header-display":"","ast-hfb-mobile-header-display":"","site-post-title":"","ast-breadcrumbs-content":"","ast-featured-img":"","footer-sml-layout":"","theme-transparent-header-meta":"","adv-header-id-meta":"","stick-header-meta":"","header-above-stick-meta":"","header-main-stick-meta":"","header-below-stick-meta":"","astra-migrate-meta-layouts":"set","ast-page-background-enabled":"default","ast-page-background-meta":{"desktop":{"background-color":"var(--ast-global-color-4)","background-image":"","background-repeat":"repeat","background-position":"center center","background-size":"auto","background-attachment":"scroll","background-type":"","background-media":"","overlay-type":"","overlay-color":"","overlay-opacity":"","overlay-gradient":""},"tablet":{"background-color":"","background-image":"","background-repeat":"repeat","background-position":"center center","background-size":"auto","background-attachment":"scroll","background-type":"","background-media":"","overlay-type":"","overlay-color":"","overlay-opacity":"","overlay-gradient":""},"mobile":{"background-color":"","background-image":"","background-repeat":"repeat","background-position":"center center","background-size":"auto","background-attachment":"scroll","background-type":"","background-media":"","overlay-type":"","overlay-color":"","overlay-opacity":"","overlay-gradient":""}},"ast-content-background-meta":{"desktop":{"background-color":"var(--ast-global-color-5)","background-image":"","background-repeat":"repeat","background-position":"center center","background-size":"auto","background-attachment":"scroll","background-type":"","background-media":"","overlay-type":"","overlay-color":"","overlay-opacity":"","overlay-gradient":""},"tablet":{"background-color":"var(--ast-global-color-5)","background-image":"","background-repeat":"repeat","background-position":"center center","background-size":"auto","background-attachment":"scroll","background-type":"","background-media":"","overlay-type":"","overlay-color":"","overlay-opacity":"","overlay-gradient":""},"mobile":{"background-color":"var(--ast-global-color-5)","background-image":"","background-repeat":"repeat","background-position":"center center","background-size":"auto","background-attachment":"scroll","background-type":"","background-media":"","overlay-type":"","overlay-color":"","overlay-opacity":"","overlay-gradient":""}},"footnotes":""},"class_list":["post-3043","page","type-page","status-publish","hentry"],"post_mailing_queue_ids":[],"_links":{"self":[{"href":"https:\/\/agora.xtec.cat\/ieselsui\/wp-json\/wp\/v2\/pages\/3043","targetHints":{"allow":["GET"]}}],"collection":[{"href":"https:\/\/agora.xtec.cat\/ieselsui\/wp-json\/wp\/v2\/pages"}],"about":[{"href":"https:\/\/agora.xtec.cat\/ieselsui\/wp-json\/wp\/v2\/types\/page"}],"author":[{"embeddable":true,"href":"https:\/\/agora.xtec.cat\/ieselsui\/wp-json\/wp\/v2\/users\/56"}],"replies":[{"embeddable":true,"href":"https:\/\/agora.xtec.cat\/ieselsui\/wp-json\/wp\/v2\/comments?post=3043"}],"version-history":[{"count":6,"href":"https:\/\/agora.xtec.cat\/ieselsui\/wp-json\/wp\/v2\/pages\/3043\/revisions"}],"predecessor-version":[{"id":5738,"href":"https:\/\/agora.xtec.cat\/ieselsui\/wp-json\/wp\/v2\/pages\/3043\/revisions\/5738"}],"up":[{"embeddable":true,"href":"https:\/\/agora.xtec.cat\/ieselsui\/wp-json\/wp\/v2\/pages\/3028"}],"wp:attachment":[{"href":"https:\/\/agora.xtec.cat\/ieselsui\/wp-json\/wp\/v2\/media?parent=3043"}],"curies":[{"name":"wp","href":"https:\/\/api.w.org\/{rel}","templated":true}]}}