{"id":19,"date":"2014-09-17T14:56:56","date_gmt":"2014-09-17T14:56:56","guid":{"rendered":"http:\/\/agora.xtec.cat\/ieselsplanells\/?page_id=19"},"modified":"2016-09-19T10:07:44","modified_gmt":"2016-09-19T09:07:44","slug":"linstitut","status":"publish","type":"page","link":"https:\/\/agora.xtec.cat\/ieselsplanells\/linstitut\/","title":{"rendered":"L&#8217;institut"},"content":{"rendered":"<p style=\"text-align: justify;\"><strong>OBJECTIUS GLOBALS DE CENTRE<\/strong><\/p>\n<p>1.- Millorar els resultats educatius.<br \/>\n1.4 Millorar l\u2019assoliment de les CB en l\u2019\u00e0mbit matem\u00e0tic i en l\u2019\u00e0mbit cient\u00edficotecnol\u00f2gic.<br \/>\n1.8 Participar en el Projecte GEP (Grup d\u2019Experimentaci\u00f3 per al Pluriling\u00fcisme), com a projecte de Centre.<br \/>\n1.9 Millorar la compet\u00e8ncia d\u2019escriptura, en les mat\u00e8ries ling\u00fc\u00edstiques, per tal d\u2019afavorir l\u2019\u00e8xit educatiu.<\/p>\n<p style=\"text-align: justify;\">2.- Millorar la cohesi\u00f3 social i la participaci\u00f3 de tota la comunitat educativa.<br \/>\n2.3 Millorar la comunicaci\u00f3 entre els membres de la comunitat educativa, en refer\u00e8ncia als temes de conviv\u00e8ncia.<\/p>\n<p style=\"text-align: justify;\">3.- Millorar la relaci\u00f3 del centre amb l\u2019entorn.<br \/>\n3.3 Potenciar la web del centre com a eina de comunicaci\u00f3.<\/p>\n<p style=\"text-align: justify;\">4.- Millorar l\u2019organitzaci\u00f3 i la coordinaci\u00f3 del centre.<br \/>\n4.1 Sistematitzar la revisi\u00f3 de resultats i la proposta de millores de les sortides i activitats de departament.<br \/>\n4.5 Revisar i millorar les infraestructures i la dotaci\u00f3 de recursos a determinats espais del centre.<br \/>\n4.6 Sistematitzar els documents de treball del centre.<br \/>\n4.7 Millora de l\u2019espai de la biblioteca per al suport a la lectura i com a espai polivalent.<\/p>\n","protected":false},"excerpt":{"rendered":"<p>OBJECTIUS GLOBALS DE CENTRE<br \/>\n1.- Millorar els resultats educatius.<br \/>\n1.4 Millorar l\u2019assoliment de les CB en l\u2019\u00e0mbit matem\u00e0tic i en l\u2019\u00e0mbit cient\u00edficotecnol\u00f2gic.<br \/>\n1.8 Participar en el Projecte GEP (Grup d\u2019Experimentaci\u00f3 per al Pluriling\u00fcisme), com a projecte de Centre.<br \/>\n1.9 Millorar la compet\u00e8ncia d\u2019escriptura, en les mat\u00e8ries ling\u00fc\u00edstiques, per tal&hellip;  <a href=\"https:\/\/agora.xtec.cat\/ieselsplanells\/linstitut\/\" title=\"Read L&#8217;institut\">Llegeix m\u00e9s\u00bb<\/a><\/p>\n","protected":false},"author":1,"featured_media":0,"parent":0,"menu_order":0,"comment_status":"closed","ping_status":"closed","template":"","meta":{"_bbp_topic_count":0,"_bbp_reply_count":0,"_bbp_total_topic_count":0,"_bbp_total_reply_count":0,"_bbp_voice_count":0,"_bbp_anonymous_reply_count":0,"_bbp_topic_count_hidden":0,"_bbp_reply_count_hidden":0,"_bbp_forum_subforum_count":0,"footnotes":""},"class_list":["post-19","page","type-page","status-publish","hentry"],"post_mailing_queue_ids":[],"_links":{"self":[{"href":"https:\/\/agora.xtec.cat\/ieselsplanells\/wp-json\/wp\/v2\/pages\/19","targetHints":{"allow":["GET"]}}],"collection":[{"href":"https:\/\/agora.xtec.cat\/ieselsplanells\/wp-json\/wp\/v2\/pages"}],"about":[{"href":"https:\/\/agora.xtec.cat\/ieselsplanells\/wp-json\/wp\/v2\/types\/page"}],"author":[{"embeddable":true,"href":"https:\/\/agora.xtec.cat\/ieselsplanells\/wp-json\/wp\/v2\/users\/1"}],"replies":[{"embeddable":true,"href":"https:\/\/agora.xtec.cat\/ieselsplanells\/wp-json\/wp\/v2\/comments?post=19"}],"version-history":[{"count":3,"href":"https:\/\/agora.xtec.cat\/ieselsplanells\/wp-json\/wp\/v2\/pages\/19\/revisions"}],"predecessor-version":[{"id":1093,"href":"https:\/\/agora.xtec.cat\/ieselsplanells\/wp-json\/wp\/v2\/pages\/19\/revisions\/1093"}],"wp:attachment":[{"href":"https:\/\/agora.xtec.cat\/ieselsplanells\/wp-json\/wp\/v2\/media?parent=19"}],"curies":[{"name":"wp","href":"https:\/\/api.w.org\/{rel}","templated":true}]}}