{"id":14434,"date":"2026-02-09T10:34:12","date_gmt":"2026-02-09T09:34:12","guid":{"rendered":"https:\/\/agora.xtec.cat\/ieselsplanells\/?page_id=14434"},"modified":"2026-02-09T10:52:10","modified_gmt":"2026-02-09T09:52:10","slug":"borsa-de-treball-2","status":"publish","type":"page","link":"https:\/\/agora.xtec.cat\/ieselsplanells\/linstitut\/borsa-de-treball-2\/","title":{"rendered":"Borsa de treball"},"content":{"rendered":"<p><a href=\"https:\/\/agora.xtec.cat\/ieselsplanells\/wp-content\/uploads\/usu1160\/2018\/01\/road-166543_1920-e1518015539328.jpg\"><img loading=\"lazy\" decoding=\"async\" class=\"alignleft size-large wp-image-9577\" src=\"https:\/\/agora.xtec.cat\/ieselsplanells\/wp-content\/uploads\/usu1160\/2018\/01\/road-166543_1920-e1518015539328-1024x355.jpg\" alt=\"\" width=\"1024\" height=\"355\" srcset=\"https:\/\/agora.xtec.cat\/ieselsplanells\/wp-content\/uploads\/usu1160\/2018\/01\/road-166543_1920-e1518015539328-1024x355.jpg 1024w, https:\/\/agora.xtec.cat\/ieselsplanells\/wp-content\/uploads\/usu1160\/2018\/01\/road-166543_1920-e1518015539328-300x104.jpg 300w, https:\/\/agora.xtec.cat\/ieselsplanells\/wp-content\/uploads\/usu1160\/2018\/01\/road-166543_1920-e1518015539328-768x266.jpg 768w, https:\/\/agora.xtec.cat\/ieselsplanells\/wp-content\/uploads\/usu1160\/2018\/01\/road-166543_1920-e1518015539328.jpg 1833w\" sizes=\"auto, (max-width: 1024px) 100vw, 1024px\" \/><\/a><\/p>\n<p>&nbsp;<\/p>\n<p>&nbsp;<\/p>\n<p>&nbsp;<\/p>\n<p>&nbsp;<\/p>\n<p>&nbsp;<\/p>\n<p>&nbsp;<\/p>\n<p>&nbsp;<\/p>\n<p><span class=\"color_15\">La Borsa de Treball \u00e9s un servei que ofereix l\u2019Institut Els Planells als seus alumnes i exalumnes per facilitar la inserci\u00f3 laboral i potenciar les relacions de l\u2019institut amb les institucions i empreses de l\u2019entorn.<br \/>\nEs tracta de fer d\u2019intermediari entre les ofertes de treball de les empreses i les demandes dels alumnes.<\/span><\/p>\n<p><span class=\"color_15\">Ets empresa i esteu interessats a publicar una oferta laboral?<\/span><\/p>\n<p>Ompliu els formularis que teniu a continuaci\u00f3 i us atendrem al m\u00e9s aviat possible. La borsa de treball \u00e9s un servei gratu\u00eft que ofereix l&#8217;institut Els Planells.<\/p>\n<p>Formulari: Oferta laboral.<\/p>\n<p>Formulari: Autoritzaci\u00f3 del tractament de dades. Aquesta autoritzaci\u00f3 ha d\u2019estar signada mitjan\u00e7ant certificat digital (signatura digital amb certificat).<\/p>\n","protected":false},"excerpt":{"rendered":"<p><a href=\"https:\/\/agora.xtec.cat\/ieselsplanells\/wp-content\/uploads\/usu1160\/2018\/01\/road-166543_1920-e1518015539328.jpg\"><\/a><br \/>\n&nbsp;<br \/>\n&nbsp;<br \/>\n&nbsp;<br \/>\n&nbsp;<br \/>\n&nbsp;<br \/>\n&nbsp;<br \/>\n&nbsp;<br \/>\nLa Borsa de Treball \u00e9s un servei que ofereix l\u2019Institut Els Planells als seus alumnes i exalumnes per facilitar la inserci\u00f3 laboral i potenciar les relacions de l\u2019institut amb les institucions i empreses de l\u2019entorn.<br \/>\nEs tracta de fer d\u2019intermediari entre les ofertes de treball&hellip;  <a href=\"https:\/\/agora.xtec.cat\/ieselsplanells\/linstitut\/borsa-de-treball-2\/\" title=\"Read Borsa de treball\">Llegeix m\u00e9s\u00bb<\/a><\/p>\n","protected":false},"author":1,"featured_media":0,"parent":19,"menu_order":0,"comment_status":"closed","ping_status":"closed","template":"","meta":{"_bbp_topic_count":0,"_bbp_reply_count":0,"_bbp_total_topic_count":0,"_bbp_total_reply_count":0,"_bbp_voice_count":0,"_bbp_anonymous_reply_count":0,"_bbp_topic_count_hidden":0,"_bbp_reply_count_hidden":0,"_bbp_forum_subforum_count":0,"footnotes":""},"class_list":["post-14434","page","type-page","status-publish","hentry"],"post_mailing_queue_ids":[],"_links":{"self":[{"href":"https:\/\/agora.xtec.cat\/ieselsplanells\/wp-json\/wp\/v2\/pages\/14434","targetHints":{"allow":["GET"]}}],"collection":[{"href":"https:\/\/agora.xtec.cat\/ieselsplanells\/wp-json\/wp\/v2\/pages"}],"about":[{"href":"https:\/\/agora.xtec.cat\/ieselsplanells\/wp-json\/wp\/v2\/types\/page"}],"author":[{"embeddable":true,"href":"https:\/\/agora.xtec.cat\/ieselsplanells\/wp-json\/wp\/v2\/users\/1"}],"replies":[{"embeddable":true,"href":"https:\/\/agora.xtec.cat\/ieselsplanells\/wp-json\/wp\/v2\/comments?post=14434"}],"version-history":[{"count":3,"href":"https:\/\/agora.xtec.cat\/ieselsplanells\/wp-json\/wp\/v2\/pages\/14434\/revisions"}],"predecessor-version":[{"id":14439,"href":"https:\/\/agora.xtec.cat\/ieselsplanells\/wp-json\/wp\/v2\/pages\/14434\/revisions\/14439"}],"up":[{"embeddable":true,"href":"https:\/\/agora.xtec.cat\/ieselsplanells\/wp-json\/wp\/v2\/pages\/19"}],"wp:attachment":[{"href":"https:\/\/agora.xtec.cat\/ieselsplanells\/wp-json\/wp\/v2\/media?parent=14434"}],"curies":[{"name":"wp","href":"https:\/\/api.w.org\/{rel}","templated":true}]}}