{"id":2644,"date":"2026-02-18T10:42:42","date_gmt":"2026-02-18T09:42:42","guid":{"rendered":"https:\/\/agora.xtec.cat\/ieselspallaresos\/?page_id=2644"},"modified":"2026-02-18T11:06:15","modified_gmt":"2026-02-18T10:06:15","slug":"gestio-dels-conflictes","status":"publish","type":"page","link":"https:\/\/agora.xtec.cat\/ieselspallaresos\/espai-families\/gestio-dels-conflictes\/","title":{"rendered":"GESTI\u00d3 DELS CONFLICTES"},"content":{"rendered":"<p><span style=\"font-weight: 400;\">\u00a0La fam\u00edlia \u00e9s la primera comunitat on vivim i constru\u00efm relacions, i tots i totes som responsables del benestar dels membres que en formen part.<\/span><\/p>\n<p><span style=\"font-weight: 400;\">Us facilitem dos recursos que us poden ajudar en la gesti\u00f3 dels conflictes a l\u2019\u00e0mbit familiar:<\/span><\/p>\n<p><strong>1.El podcast <\/strong><a href=\"https:\/\/www.3cat.cat\/3cat\/alba-castellvi-eines-per-gestionar-amb-exit-el-conflicte-adolescent-i-ser-felicos\/audio\/1167031\/\"><span style=\"font-weight: 400;\">\u201cEines per gestionar amb \u00e8xit el conflicte adolescent i ser feli\u00e7os\u201d<\/span><\/a><span style=\"font-weight: 400;\"> del programa L\u2019ofici d\u2019educar de 3cat.<\/span><\/p>\n<p><span style=\"font-weight: 400;\">T\u00e9 una durada de 50 min i ofereix recursos pr\u00e0ctics per respondre a situacions quotidianes d\u2019enfrontament amb els nostres fills\/es adolescents: l\u00edmits a l\u2019ab\u00fas del m\u00f2bil, aconseguir que endrecin l\u2019habitaci\u00f3, com respondre davant una falta de respecte\u2026 Segur que trobeu alguna estona per escoltar-lo, perqu\u00e8 encara que de vegades no ens ho sembli, ens necessiten.\u00a0<\/span><\/p>\n<p><span style=\"font-weight: 400;\"><strong>2.Una guia del Departament d\u2019Educaci\u00f3 i Formaci\u00f3 Professional<\/strong> dedicada a <\/span><a href=\"https:\/\/educacio.gencat.cat\/ca\/arees-actuacio\/families\/ajudem-fills\/practiques-restauratives-familia\/\"><span style=\"font-weight: 400;\">Pr\u00e0ctiques restauratives en fam\u00edlia<\/span><\/a><span style=\"font-weight: 400;\">. S\u00f3n eines per gestionar els conflictes des del respecte, la confian\u00e7a i la detecci\u00f3 de necessitats per evitar la comunicaci\u00f3 no-violenta que sovint apareix quan esgoten la nostra paci\u00e8ncia. Trobareu una secci\u00f3 amb informaci\u00f3 sobre formes de comunicaci\u00f3 no-violenta, i una altra sobre la creaci\u00f3 d\u2019espais i moments\u00a0 per afavorir el di\u00e0leg.\u00a0<\/span><\/p>\n<p>DOSSIER <a href=\"https:\/\/agora.xtec.cat\/ieselspallaresos\/wp-content\/uploads\/usu652\/2026\/02\/ENFOCAMENT-RESTAURATIU-DES-DE-CASA.pdf\">ENFOCAMENT RESTAURATIU DES DE CASA<\/a><\/p>\n<p>PRINCIPIS QUE GUIEN L&#8217;ENFOCAMENT RESTAURATIU<span style=\"font-weight: 400;\"> i exemples de preguntes per abordar un conflicte de forma respectuosa:<\/span><\/p>\n<p><a href=\"https:\/\/agora.xtec.cat\/ieselspallaresos\/wp-content\/uploads\/usu652\/2026\/02\/principis-enfocament-restauratiu.jpg\"><img loading=\"lazy\" decoding=\"async\" class=\"alignright size-large wp-image-2647\" src=\"https:\/\/agora.xtec.cat\/ieselspallaresos\/wp-content\/uploads\/usu652\/2026\/02\/principis-enfocament-restauratiu-1024x686.jpg\" alt=\"\" width=\"1024\" height=\"686\" srcset=\"https:\/\/agora.xtec.cat\/ieselspallaresos\/wp-content\/uploads\/usu652\/2026\/02\/principis-enfocament-restauratiu-1024x686.jpg 1024w, https:\/\/agora.xtec.cat\/ieselspallaresos\/wp-content\/uploads\/usu652\/2026\/02\/principis-enfocament-restauratiu-300x201.jpg 300w, https:\/\/agora.xtec.cat\/ieselspallaresos\/wp-content\/uploads\/usu652\/2026\/02\/principis-enfocament-restauratiu-768x515.jpg 768w, https:\/\/agora.xtec.cat\/ieselspallaresos\/wp-content\/uploads\/usu652\/2026\/02\/principis-enfocament-restauratiu.jpg 1110w\" sizes=\"auto, (max-width: 1024px) 100vw, 1024px\" \/><\/a><\/p>\n<p>&nbsp;<\/p>\n<p>&nbsp;<\/p>\n<p>&nbsp;<\/p>\n<p>&nbsp;<\/p>\n<p>&nbsp;<\/p>\n<p>&nbsp;<\/p>\n<p>&nbsp;<\/p>\n<p>&nbsp;<\/p>\n<p>&nbsp;<\/p>\n<p>&nbsp;<\/p>\n<p>&nbsp;<\/p>\n<p>&nbsp;<\/p>\n<p>&nbsp;<\/p>\n<p>&nbsp;<\/p>\n<p>&nbsp;<\/p>\n<p>&nbsp;<\/p>\n","protected":false},"excerpt":{"rendered":"<p>\u00a0La fam\u00edlia \u00e9s la primera comunitat on vivim i constru\u00efm relacions, i tots i totes som responsables del benestar dels membres que en formen part. Us facilitem dos recursos que us poden ajudar en la gesti\u00f3 dels conflictes a l\u2019\u00e0mbit familiar: 1.El podcast \u201cEines per gestionar amb \u00e8xit el conflicte adolescent i ser feli\u00e7os\u201d del [&hellip;]<\/p>\n","protected":false},"author":63,"featured_media":0,"parent":2517,"menu_order":5,"comment_status":"closed","ping_status":"closed","template":"","meta":{"_bbp_topic_count":0,"_bbp_reply_count":0,"_bbp_total_topic_count":0,"_bbp_total_reply_count":0,"_bbp_voice_count":0,"_bbp_anonymous_reply_count":0,"_bbp_topic_count_hidden":0,"_bbp_reply_count_hidden":0,"_bbp_forum_subforum_count":0,"site-sidebar-layout":"default","site-content-layout":"","ast-site-content-layout":"default","site-content-style":"default","site-sidebar-style":"default","ast-global-header-display":"","ast-banner-title-visibility":"","ast-main-header-display":"","ast-hfb-above-header-display":"","ast-hfb-below-header-display":"","ast-hfb-mobile-header-display":"","site-post-title":"","ast-breadcrumbs-content":"","ast-featured-img":"","footer-sml-layout":"","theme-transparent-header-meta":"default","adv-header-id-meta":"","stick-header-meta":"","header-above-stick-meta":"","header-main-stick-meta":"","header-below-stick-meta":"","astra-migrate-meta-layouts":"set","ast-page-background-enabled":"default","ast-page-background-meta":{"desktop":{"background-color":"var(--ast-global-color-4)","background-image":"","background-repeat":"repeat","background-position":"center center","background-size":"auto","background-attachment":"scroll","background-type":"","background-media":"","overlay-type":"","overlay-color":"","overlay-opacity":"","overlay-gradient":""},"tablet":{"background-color":"","background-image":"","background-repeat":"repeat","background-position":"center center","background-size":"auto","background-attachment":"scroll","background-type":"","background-media":"","overlay-type":"","overlay-color":"","overlay-opacity":"","overlay-gradient":""},"mobile":{"background-color":"","background-image":"","background-repeat":"repeat","background-position":"center center","background-size":"auto","background-attachment":"scroll","background-type":"","background-media":"","overlay-type":"","overlay-color":"","overlay-opacity":"","overlay-gradient":""}},"ast-content-background-meta":{"desktop":{"background-color":"var(--ast-global-color-5)","background-image":"","background-repeat":"repeat","background-position":"center center","background-size":"auto","background-attachment":"scroll","background-type":"","background-media":"","overlay-type":"","overlay-color":"","overlay-opacity":"","overlay-gradient":""},"tablet":{"background-color":"var(--ast-global-color-5)","background-image":"","background-repeat":"repeat","background-position":"center center","background-size":"auto","background-attachment":"scroll","background-type":"","background-media":"","overlay-type":"","overlay-color":"","overlay-opacity":"","overlay-gradient":""},"mobile":{"background-color":"var(--ast-global-color-5)","background-image":"","background-repeat":"repeat","background-position":"center center","background-size":"auto","background-attachment":"scroll","background-type":"","background-media":"","overlay-type":"","overlay-color":"","overlay-opacity":"","overlay-gradient":""}},"footnotes":""},"class_list":["post-2644","page","type-page","status-publish","hentry"],"post_mailing_queue_ids":[],"_links":{"self":[{"href":"https:\/\/agora.xtec.cat\/ieselspallaresos\/wp-json\/wp\/v2\/pages\/2644","targetHints":{"allow":["GET"]}}],"collection":[{"href":"https:\/\/agora.xtec.cat\/ieselspallaresos\/wp-json\/wp\/v2\/pages"}],"about":[{"href":"https:\/\/agora.xtec.cat\/ieselspallaresos\/wp-json\/wp\/v2\/types\/page"}],"author":[{"embeddable":true,"href":"https:\/\/agora.xtec.cat\/ieselspallaresos\/wp-json\/wp\/v2\/users\/63"}],"replies":[{"embeddable":true,"href":"https:\/\/agora.xtec.cat\/ieselspallaresos\/wp-json\/wp\/v2\/comments?post=2644"}],"version-history":[{"count":4,"href":"https:\/\/agora.xtec.cat\/ieselspallaresos\/wp-json\/wp\/v2\/pages\/2644\/revisions"}],"predecessor-version":[{"id":2652,"href":"https:\/\/agora.xtec.cat\/ieselspallaresos\/wp-json\/wp\/v2\/pages\/2644\/revisions\/2652"}],"up":[{"embeddable":true,"href":"https:\/\/agora.xtec.cat\/ieselspallaresos\/wp-json\/wp\/v2\/pages\/2517"}],"wp:attachment":[{"href":"https:\/\/agora.xtec.cat\/ieselspallaresos\/wp-json\/wp\/v2\/media?parent=2644"}],"curies":[{"name":"wp","href":"https:\/\/api.w.org\/{rel}","templated":true}]}}

GESTIÓ DELS CONFLICTES

<p><span style="font-weight: 400;"> La família és la primera comunitat on vivim i construïm relacions, i tots i totes som responsables del benestar dels membres que en formen part.</span></p>
<p><span style="font-weight: 400;">Us facilitem dos recursos que us poden ajudar en la gestió dels conflictes a l’àmbit familiar:</span></p>
<p><strong>1.El podcast </strong><a href="https://www.3cat.cat/3cat/alba-castellvi-eines-per-gestionar-amb-exit-el-conflicte-adolescent-i-ser-felicos/audio/1167031/"><span style="font-weight: 400;">“Eines per gestionar amb èxit el conflicte adolescent i ser feliços”</span></a><span style="font-weight: 400;"> del programa L’ofici d’educar de 3cat.</span></p>
<p><span style="font-weight: 400;">Té una durada de 50 min i ofereix recursos pràctics per respondre a situacions quotidianes d’enfrontament amb els nostres fills/es adolescents: límits a l’abús del mòbil, aconseguir que endrecin l’habitació, com respondre davant una falta de respecte… Segur que trobeu alguna estona per escoltar-lo, perquè encara que de vegades no ens ho sembli, ens necessiten. </span></p>
<p><span style="font-weight: 400;"><strong>2.Una guia del Departament d’Educació i Formació Professional</strong> dedicada a </span><a href="https://educacio.gencat.cat/ca/arees-actuacio/families/ajudem-fills/practiques-restauratives-familia/"><span style="font-weight: 400;">Pràctiques restauratives en família</span></a><span style="font-weight: 400;">. Són eines per gestionar els conflictes des del respecte, la confiança i la detecció de necessitats per evitar la comunicació no-violenta que sovint apareix quan esgoten la nostra paciència. Trobareu una secció amb informació sobre formes de comunicació no-violenta, i una altra sobre la creació d’espais i moments  per afavorir el diàleg. </span></p>
<p>DOSSIER <a href="https://agora.xtec.cat/ieselspallaresos/wp-content/uploads/usu652/2026/02/ENFOCAMENT-RESTAURATIU-DES-DE-CASA.pdf">ENFOCAMENT RESTAURATIU DES DE CASA</a></p>
<p>PRINCIPIS QUE GUIEN L&#8217;ENFOCAMENT RESTAURATIU<span style="font-weight: 400;"> i exemples de preguntes per abordar un conflicte de forma respectuosa:</span></p>
<p><a href="https://agora.xtec.cat/ieselspallaresos/wp-content/uploads/usu652/2026/02/principis-enfocament-restauratiu.jpg"><img loading="lazy" decoding="async" class="alignright size-large wp-image-2647" src="https://agora.xtec.cat/ieselspallaresos/wp-content/uploads/usu652/2026/02/principis-enfocament-restauratiu-1024x686.jpg" alt="" width="1024" height="686" srcset="https://agora.xtec.cat/ieselspallaresos/wp-content/uploads/usu652/2026/02/principis-enfocament-restauratiu-1024x686.jpg 1024w, https://agora.xtec.cat/ieselspallaresos/wp-content/uploads/usu652/2026/02/principis-enfocament-restauratiu-300x201.jpg 300w, https://agora.xtec.cat/ieselspallaresos/wp-content/uploads/usu652/2026/02/principis-enfocament-restauratiu-768x515.jpg 768w, https://agora.xtec.cat/ieselspallaresos/wp-content/uploads/usu652/2026/02/principis-enfocament-restauratiu.jpg 1110w" sizes="auto, (max-width: 1024px) 100vw, 1024px" /></a></p>
<p>&nbsp;</p>
<p>&nbsp;</p>
<p>&nbsp;</p>
<p>&nbsp;</p>
<p>&nbsp;</p>
<p>&nbsp;</p>
<p>&nbsp;</p>
<p>&nbsp;</p>
<p>&nbsp;</p>
<p>&nbsp;</p>
<p>&nbsp;</p>
<p>&nbsp;</p>
<p>&nbsp;</p>
<p>&nbsp;</p>
<p>&nbsp;</p>
<p>&nbsp;</p>

<p> La família és la primera comunitat on vivim i construïm relacions, i tots i totes som responsables del benestar dels membres que en formen part. Us facilitem dos recursos que us poden ajudar en la gestió dels conflictes a l’àmbit familiar: 1.El podcast “Eines per gestionar amb èxit el conflicte adolescent i ser feliços” del [&hellip;]</p>
