{"id":1872,"date":"2022-04-19T16:30:27","date_gmt":"2022-04-19T14:30:27","guid":{"rendered":"https:\/\/agora.xtec.cat\/ieselspallaresos\/?page_id=1872"},"modified":"2022-05-02T22:21:00","modified_gmt":"2022-05-02T20:21:00","slug":"documentacio-de-centre","status":"publish","type":"page","link":"https:\/\/agora.xtec.cat\/ieselspallaresos\/estrategia-digital-de-centre\/cultura-digital\/documentacio-de-centre\/","title":{"rendered":"Documentaci\u00f3 de centre"},"content":{"rendered":"<p><strong>En aquest apartat es recullen tots els documents propis de centre que es consideren fonamentals per entendre el plantejament, funcionament i organitzaci\u00f3 de l&#8217;institut.<\/strong><br \/>\n&nbsp;<\/p>\n<p><a href=\"https:\/\/drive.google.com\/drive\/folders\/1-fBNW_9X2QSm2KDnXZG8SYk62oJ9VUQ-?usp=sharing\">Projecte de direcci\u00f3<\/a><\/p>\n<hr \/>\n<p><a href=\"https:\/\/drive.google.com\/drive\/folders\/1GbY-kVP8Frt0ppRbjbYwg9lLz_Vcor3t?usp=sharing\">Projecte educatiu<\/a><\/p>\n<hr \/>\n<p><a href=\"https:\/\/drive.google.com\/drive\/folders\/16SsF8CJeJAncPLEDLv-Q7r9msebOH7YQ?usp=sharing\">Normes d&#8217;organitzaci\u00f3 i funcionament de centre<\/a><\/p>\n<hr \/>\n<p><a href=\"https:\/\/drive.google.com\/drive\/folders\/1LsSdKqJjx0iB3KCuHEkI-tdGHSxf7Khd?usp=sharing\">Projecte ling\u00fc\u00edstic<\/a><\/p>\n<hr \/>\n<p><a href=\"https:\/\/drive.google.com\/drive\/folders\/1vxdfkqulwruQh9xxE3fCR8gBN-rWYZ2o?usp=sharing\">Pla d&#8217;acollida de l&#8217;alumnat<\/a><\/p>\n<hr \/>\n<p><a href=\"https:\/\/drive.google.com\/drive\/folders\/1RFA2XMjRIhhLOUDQ-S83NH7KYm7qJ08y?usp=sharing\">Guia del professorat<\/a><\/p>\n<hr \/>\n<p><a href=\"https:\/\/drive.google.com\/drive\/folders\/1zmZrqL1Kf0z05IpXojCML0sADndqdj_q?usp=sharing\">Projecte de conviv\u00e8ncia<\/a><\/p>\n<hr \/>\n<p><a href=\"https:\/\/drive.google.com\/drive\/folders\/1k_i4EileInOPf0qGM_DrwXb39woSTQ7q?usp=sharing\">Programaci\u00f3 general anual<\/a><\/p>\n<hr \/>\n<p><a href=\"https:\/\/drive.google.com\/drive\/folders\/14t-61DXsvSoxP0ak_2RFEDPAPLZXb_SL?usp=sharing\">Carta de comprom\u00eds educatiu<\/a><\/p>\n<hr \/>\n<p><a href=\"https:\/\/drive.google.com\/drive\/folders\/1PWOJufIwY5h8DwWeF9CCnQ2HQqwlhX7G?usp=sharing\">Mem\u00f2ria anual<\/a><\/p>\n<hr \/>\n<p><a href=\"https:\/\/drive.google.com\/drive\/folders\/1K7vmtpamEZX9DcKBwuG3IrxTsXPmg9Hj?usp=sharing\">Pla d&#8217;educaci\u00f3 per a la sostenibilitat<\/a><\/p>\n<p>&nbsp;<\/p>\n","protected":false},"excerpt":{"rendered":"<p>En aquest apartat es recullen tots els documents propis de centre que es consideren fonamentals per entendre el plantejament, funcionament i organitzaci\u00f3 de l&#8217;institut. &nbsp; Projecte de direcci\u00f3 Projecte educatiu Normes d&#8217;organitzaci\u00f3 i funcionament de centre Projecte ling\u00fc\u00edstic Pla d&#8217;acollida de l&#8217;alumnat Guia del professorat Projecte de conviv\u00e8ncia Programaci\u00f3 general anual Carta de comprom\u00eds educatiu [&hellip;]<\/p>\n","protected":false},"author":23,"featured_media":0,"parent":1870,"menu_order":0,"comment_status":"closed","ping_status":"closed","template":"page-templates\/side-menu.php","meta":{"_bbp_topic_count":0,"_bbp_reply_count":0,"_bbp_total_topic_count":0,"_bbp_total_reply_count":0,"_bbp_voice_count":0,"_bbp_anonymous_reply_count":0,"_bbp_topic_count_hidden":0,"_bbp_reply_count_hidden":0,"_bbp_forum_subforum_count":0,"site-sidebar-layout":"default","site-content-layout":"","ast-site-content-layout":"","site-content-style":"default","site-sidebar-style":"default","ast-global-header-display":"","ast-banner-title-visibility":"","ast-main-header-display":"","ast-hfb-above-header-display":"","ast-hfb-below-header-display":"","ast-hfb-mobile-header-display":"","site-post-title":"","ast-breadcrumbs-content":"","ast-featured-img":"","footer-sml-layout":"","theme-transparent-header-meta":"","adv-header-id-meta":"","stick-header-meta":"","header-above-stick-meta":"","header-main-stick-meta":"","header-below-stick-meta":"","astra-migrate-meta-layouts":"default","ast-page-background-enabled":"default","ast-page-background-meta":{"desktop":{"background-color":"var(--ast-global-color-4)","background-image":"","background-repeat":"repeat","background-position":"center center","background-size":"auto","background-attachment":"scroll","background-type":"","background-media":"","overlay-type":"","overlay-color":"","overlay-opacity":"","overlay-gradient":""},"tablet":{"background-color":"","background-image":"","background-repeat":"repeat","background-position":"center center","background-size":"auto","background-attachment":"scroll","background-type":"","background-media":"","overlay-type":"","overlay-color":"","overlay-opacity":"","overlay-gradient":""},"mobile":{"background-color":"","background-image":"","background-repeat":"repeat","background-position":"center center","background-size":"auto","background-attachment":"scroll","background-type":"","background-media":"","overlay-type":"","overlay-color":"","overlay-opacity":"","overlay-gradient":""}},"ast-content-background-meta":{"desktop":{"background-color":"var(--ast-global-color-5)","background-image":"","background-repeat":"repeat","background-position":"center center","background-size":"auto","background-attachment":"scroll","background-type":"","background-media":"","overlay-type":"","overlay-color":"","overlay-opacity":"","overlay-gradient":""},"tablet":{"background-color":"var(--ast-global-color-5)","background-image":"","background-repeat":"repeat","background-position":"center center","background-size":"auto","background-attachment":"scroll","background-type":"","background-media":"","overlay-type":"","overlay-color":"","overlay-opacity":"","overlay-gradient":""},"mobile":{"background-color":"var(--ast-global-color-5)","background-image":"","background-repeat":"repeat","background-position":"center center","background-size":"auto","background-attachment":"scroll","background-type":"","background-media":"","overlay-type":"","overlay-color":"","overlay-opacity":"","overlay-gradient":""}},"footnotes":""},"class_list":["post-1872","page","type-page","status-publish","hentry"],"post_mailing_queue_ids":[],"_links":{"self":[{"href":"https:\/\/agora.xtec.cat\/ieselspallaresos\/wp-json\/wp\/v2\/pages\/1872","targetHints":{"allow":["GET"]}}],"collection":[{"href":"https:\/\/agora.xtec.cat\/ieselspallaresos\/wp-json\/wp\/v2\/pages"}],"about":[{"href":"https:\/\/agora.xtec.cat\/ieselspallaresos\/wp-json\/wp\/v2\/types\/page"}],"author":[{"embeddable":true,"href":"https:\/\/agora.xtec.cat\/ieselspallaresos\/wp-json\/wp\/v2\/users\/23"}],"replies":[{"embeddable":true,"href":"https:\/\/agora.xtec.cat\/ieselspallaresos\/wp-json\/wp\/v2\/comments?post=1872"}],"version-history":[{"count":4,"href":"https:\/\/agora.xtec.cat\/ieselspallaresos\/wp-json\/wp\/v2\/pages\/1872\/revisions"}],"predecessor-version":[{"id":1913,"href":"https:\/\/agora.xtec.cat\/ieselspallaresos\/wp-json\/wp\/v2\/pages\/1872\/revisions\/1913"}],"up":[{"embeddable":true,"href":"https:\/\/agora.xtec.cat\/ieselspallaresos\/wp-json\/wp\/v2\/pages\/1870"}],"wp:attachment":[{"href":"https:\/\/agora.xtec.cat\/ieselspallaresos\/wp-json\/wp\/v2\/media?parent=1872"}],"curies":[{"name":"wp","href":"https:\/\/api.w.org\/{rel}","templated":true}]}}