{"id":1725,"date":"2022-01-22T17:12:33","date_gmt":"2022-01-22T16:12:33","guid":{"rendered":"https:\/\/agora.xtec.cat\/ieselspallaresos\/?page_id=1725"},"modified":"2022-01-31T17:39:17","modified_gmt":"2022-01-31T16:39:17","slug":"certificats-de-catala","status":"publish","type":"page","link":"https:\/\/agora.xtec.cat\/ieselspallaresos\/secretaria-2\/tramits\/certificats-de-catala\/","title":{"rendered":"Certificats de catal\u00e0"},"content":{"rendered":"<h3>Sol\u00b7licitud de certificats de catal\u00e0 B2 i C1<\/h3>\n<p>Si compliu els requisits que trobareu en aquest apartat, sigueu (ex) alumnes del centre o no, podeu sol\u00b7licitar un certificat que acrediti els coneixements de catal\u00e0 equivalents al B2 o el C1.<\/p>\n<p><a href=\"https:\/\/drive.google.com\/file\/d\/11RMES4jnfezQDic3G3xWRuyxpvDo8ajZ\/view?usp=sharing\">Impr\u00e8s de sol\u00b7licitud<\/a> per al reconeixement de coneixements de catal\u00e0.<\/p>\n<p>En aquest <a href=\"https:\/\/llengua.gencat.cat\/permalink\/c0ef91f9-5381-11e4-8f3f-000c29cdf219\">document<\/a> trobareu en detall les equival\u00e8ncies entre les titulacions i els certificats de coneixements de catal\u00e0. En la seg\u00fcent taula trobareu un resum:<\/p>\n<table style=\"border-collapse: collapse; width: 100%; height: 1093px;\">\n<tbody>\n<tr style=\"height: 48px;\">\n<td style=\"width: 20.1624%; height: 48px;\" width=\"119\"><strong>Estudis realitzats<\/strong><\/td>\n<td style=\"width: 29.9053%; height: 48px;\" width=\"177\"><strong>Cal haver estudiat a Catalunya<\/strong><\/td>\n<td style=\"width: 49.9323%; height: 48px;\" width=\"295\"><strong>Documents que cal presentar<\/strong><\/td>\n<\/tr>\n<tr style=\"height: 32px;\">\n<td style=\"width: 100%; height: 32px;\" colspan=\"3\" width=\"591\"><strong>NIVELL B2<\/strong><\/td>\n<\/tr>\n<tr style=\"height: 186px;\">\n<td style=\"width: 20.1624%; height: 186px;\" width=\"119\">EGB \/ FP1<\/td>\n<td style=\"width: 29.9053%; height: 186px;\" width=\"177\">Totalitat de l\u2019EGB i s\u2019hagi cursat la mat\u00e8ria de llengua catalana en la totalitat dels estudis esmentats a partir del curs 1978-1979.Totalitat de l\u2019EGB i FP1 i s\u2019hagi cursat la mat\u00e8ria de llengua catalana en la totalitat dels estudis esmentats a partir del curs 1978-1979.<\/td>\n<td style=\"width: 49.9323%; height: 186px;\" width=\"295\">Original i fotoc\u00f2pia DNI Original i fotoc\u00f2pia de les p\u00e0gines de la CERTIFICACI\u00d3 D\u2019ANYS D\u2019ESCOLARITAT del llibre d\u2019escolaritat de <strong>l\u2019EGB\u00a0<\/strong>o certificat acreditatiu*<\/p>\n<p>Original i fotoc\u00f2pia de les notes finals de tots els cursos de\u00a0<strong>FP1\u00a0<\/strong>o certificat acreditatiu*<\/td>\n<\/tr>\n<tr style=\"height: 79px;\">\n<td style=\"width: 20.1624%; height: 79px;\" width=\"119\">ESO<\/td>\n<td style=\"width: 29.9053%; height: 79px;\" width=\"177\">Totalitat de l\u2019 ESO i, com a m\u00ednim, quatre cursos de l\u2019educaci\u00f3 prim\u00e0ria a centres de l\u2019Arag\u00f3.<\/td>\n<td style=\"width: 49.9323%; height: 79px;\" width=\"295\">Original i fotoc\u00f2pia DNIOriginal i fotoc\u00f2pia de les p\u00e0gines de la CERTIFICACI\u00d3 D\u2019ANYS D\u2019ESCOLARITAT del llibre d\u2019escolaritat de\u00a0<strong>Prim\u00e0ria i Secund\u00e0ria<\/strong><\/td>\n<\/tr>\n<tr style=\"height: 32px;\">\n<td style=\"width: 100%; height: 32px;\" colspan=\"3\" width=\"591\"><strong>NIVELL C1<\/strong><\/td>\n<\/tr>\n<tr style=\"height: 186px;\">\n<td style=\"width: 20.1624%; height: 186px;\" width=\"119\">BUP<\/td>\n<td style=\"width: 29.9053%; height: 186px;\" width=\"177\">Totalitat l\u2019EGB i BUP i s\u2019hagi cursat de manera oficial la mat\u00e8ria de llengua catalana en la totalitat dels estudis esmentats a partir del curs 1978-1979.<\/td>\n<td style=\"width: 49.9323%; height: 186px;\" width=\"295\">Original i fotoc\u00f2pia DNIOriginal i fotoc\u00f2pia de les p\u00e0gines de la CERTIFICACI\u00d3 D\u2019ANYS D\u2019ESCOLARITAT del llibre d\u2019escolaritat de\u00a0<strong>l\u2019EGB\u00a0<\/strong>o certificat acreditatiu*<\/p>\n<p>Original i fotoc\u00f2pia de les notes finals de tots els cursos de\u00a0<strong>BUP\u00a0o certificat acreditatiu*<\/strong><\/td>\n<\/tr>\n<tr style=\"height: 186px;\">\n<td style=\"width: 20.1624%; height: 186px;\" width=\"119\">FP2<\/td>\n<td style=\"width: 29.9053%; height: 186px;\" width=\"177\">Totalitat l\u2019EGB, FP1 i FP2 \u00a0i s\u2019hagi cursat de manera oficial la mat\u00e8ria de llengua catalana en la totalitat dels estudis esmentats.<\/td>\n<td style=\"width: 49.9323%; height: 186px;\" width=\"295\">Original i fotoc\u00f2pia DNIOriginal i fotoc\u00f2pia de les p\u00e0gines de la CERTIFICACI\u00d3 D\u2019ANYS D\u2019ESCOLARITAT del llibre d\u2019escolaritat de\u00a0<strong>l\u2019EGB\u00a0<\/strong>o certificat acreditatiu*<\/p>\n<p>Original i fotoc\u00f2pia de les notes finals de tots els cursos de\u00a0<strong>FP1<\/strong>\u00a0i\u00a0<strong>FP2\u00a0<\/strong>o certificat acreditatiu*<\/td>\n<\/tr>\n<tr style=\"height: 186px;\">\n<td style=\"width: 20.1624%; height: 186px;\" width=\"119\">BATXILLERAT<\/td>\n<td style=\"width: 29.9053%; height: 186px;\" width=\"177\">3 cursos qualsevols de Prim\u00e0ria i 5 qualsevols entre ESO i BATX\u00a0i s\u2019hagi cursat la mat\u00e8ria de llengua catalana en la totalitat dels estudis m\u00ednims esmentats.<\/td>\n<td style=\"width: 49.9323%; height: 186px;\" width=\"295\">Original i fotoc\u00f2pia DNIOriginal i fotoc\u00f2pia de les p\u00e0gines de la CERTIFICACI\u00d3 D\u2019ANYS D\u2019ESCOLARITAT del llibre d\u2019escolaritat de\u00a0<strong>Prim\u00e0ria i Secund\u00e0ria<\/strong><\/p>\n<p>Original i fotoc\u00f2pia de les notes finals de tots els cursos de\u00a0<strong>Batxillerat<\/strong><\/td>\n<\/tr>\n<tr style=\"height: 158px;\">\n<td style=\"width: 20.1624%; height: 158px;\" width=\"119\">ESO<\/td>\n<td style=\"width: 29.9053%; height: 158px;\" width=\"177\">3 cursos qualsevols de Prim\u00e0ria i tota l\u2019ESO s\u2019hagi cursat i aprovat la mat\u00e8ria de llengua catalana en la totalitat dels estudis m\u00ednims esmentats<strong>.<\/strong>\u00a0Aquesta equival\u00e8ncia \u00e9s d\u2019aplicaci\u00f3 a partir del curs 2007-2008, sense car\u00e0cter retroactiu.<\/td>\n<td style=\"width: 49.9323%; height: 158px;\" width=\"295\">Original i fotoc\u00f2pia DNIOriginal i fotoc\u00f2pia de les p\u00e0gines de la CERTIFICACI\u00d3 D\u2019ANYS D\u2019ESCOLARITAT del llibre d\u2019escolaritat de\u00a0<strong>Prim\u00e0ria i Secund\u00e0ria<\/strong><\/td>\n<\/tr>\n<\/tbody>\n<\/table>\n","protected":false},"excerpt":{"rendered":"<p>Sol\u00b7licitud de certificats de catal\u00e0 B2 i C1 Si compliu els requisits que trobareu en aquest apartat, sigueu (ex) alumnes del centre o no, podeu sol\u00b7licitar un certificat que acrediti els coneixements de catal\u00e0 equivalents al B2 o el C1. Impr\u00e8s de sol\u00b7licitud per al reconeixement de coneixements de catal\u00e0. En aquest document trobareu en [&hellip;]<\/p>\n","protected":false},"author":23,"featured_media":0,"parent":1718,"menu_order":3,"comment_status":"closed","ping_status":"closed","template":"page-templates\/side-menu.php","meta":{"_bbp_topic_count":0,"_bbp_reply_count":0,"_bbp_total_topic_count":0,"_bbp_total_reply_count":0,"_bbp_voice_count":0,"_bbp_anonymous_reply_count":0,"_bbp_topic_count_hidden":0,"_bbp_reply_count_hidden":0,"_bbp_forum_subforum_count":0,"site-sidebar-layout":"default","site-content-layout":"","ast-site-content-layout":"","site-content-style":"default","site-sidebar-style":"default","ast-global-header-display":"","ast-banner-title-visibility":"","ast-main-header-display":"","ast-hfb-above-header-display":"","ast-hfb-below-header-display":"","ast-hfb-mobile-header-display":"","site-post-title":"","ast-breadcrumbs-content":"","ast-featured-img":"","footer-sml-layout":"","theme-transparent-header-meta":"","adv-header-id-meta":"","stick-header-meta":"","header-above-stick-meta":"","header-main-stick-meta":"","header-below-stick-meta":"","astra-migrate-meta-layouts":"default","ast-page-background-enabled":"default","ast-page-background-meta":{"desktop":{"background-color":"var(--ast-global-color-4)","background-image":"","background-repeat":"repeat","background-position":"center center","background-size":"auto","background-attachment":"scroll","background-type":"","background-media":"","overlay-type":"","overlay-color":"","overlay-opacity":"","overlay-gradient":""},"tablet":{"background-color":"","background-image":"","background-repeat":"repeat","background-position":"center center","background-size":"auto","background-attachment":"scroll","background-type":"","background-media":"","overlay-type":"","overlay-color":"","overlay-opacity":"","overlay-gradient":""},"mobile":{"background-color":"","background-image":"","background-repeat":"repeat","background-position":"center center","background-size":"auto","background-attachment":"scroll","background-type":"","background-media":"","overlay-type":"","overlay-color":"","overlay-opacity":"","overlay-gradient":""}},"ast-content-background-meta":{"desktop":{"background-color":"var(--ast-global-color-5)","background-image":"","background-repeat":"repeat","background-position":"center center","background-size":"auto","background-attachment":"scroll","background-type":"","background-media":"","overlay-type":"","overlay-color":"","overlay-opacity":"","overlay-gradient":""},"tablet":{"background-color":"var(--ast-global-color-5)","background-image":"","background-repeat":"repeat","background-position":"center center","background-size":"auto","background-attachment":"scroll","background-type":"","background-media":"","overlay-type":"","overlay-color":"","overlay-opacity":"","overlay-gradient":""},"mobile":{"background-color":"var(--ast-global-color-5)","background-image":"","background-repeat":"repeat","background-position":"center center","background-size":"auto","background-attachment":"scroll","background-type":"","background-media":"","overlay-type":"","overlay-color":"","overlay-opacity":"","overlay-gradient":""}},"footnotes":""},"class_list":["post-1725","page","type-page","status-publish","hentry"],"post_mailing_queue_ids":[],"_links":{"self":[{"href":"https:\/\/agora.xtec.cat\/ieselspallaresos\/wp-json\/wp\/v2\/pages\/1725","targetHints":{"allow":["GET"]}}],"collection":[{"href":"https:\/\/agora.xtec.cat\/ieselspallaresos\/wp-json\/wp\/v2\/pages"}],"about":[{"href":"https:\/\/agora.xtec.cat\/ieselspallaresos\/wp-json\/wp\/v2\/types\/page"}],"author":[{"embeddable":true,"href":"https:\/\/agora.xtec.cat\/ieselspallaresos\/wp-json\/wp\/v2\/users\/23"}],"replies":[{"embeddable":true,"href":"https:\/\/agora.xtec.cat\/ieselspallaresos\/wp-json\/wp\/v2\/comments?post=1725"}],"version-history":[{"count":3,"href":"https:\/\/agora.xtec.cat\/ieselspallaresos\/wp-json\/wp\/v2\/pages\/1725\/revisions"}],"predecessor-version":[{"id":1784,"href":"https:\/\/agora.xtec.cat\/ieselspallaresos\/wp-json\/wp\/v2\/pages\/1725\/revisions\/1784"}],"up":[{"embeddable":true,"href":"https:\/\/agora.xtec.cat\/ieselspallaresos\/wp-json\/wp\/v2\/pages\/1718"}],"wp:attachment":[{"href":"https:\/\/agora.xtec.cat\/ieselspallaresos\/wp-json\/wp\/v2\/media?parent=1725"}],"curies":[{"name":"wp","href":"https:\/\/api.w.org\/{rel}","templated":true}]}}