{"id":3472,"date":"2023-06-12T19:37:01","date_gmt":"2023-06-12T17:37:01","guid":{"rendered":"https:\/\/agora.xtec.cat\/ieselpalau\/?page_id=3472"},"modified":"2024-06-19T19:13:02","modified_gmt":"2024-06-19T17:13:02","slug":"matricula-eso","status":"publish","type":"page","link":"https:\/\/agora.xtec.cat\/ieselpalau\/secretaria\/matricula-eso\/","title":{"rendered":"Matr\u00edcula ESO"},"content":{"rendered":"<p><a href=\"https:\/\/agora.xtec.cat\/ieselpalau\/wp-content\/uploads\/usu1081\/2024\/06\/Matriculacio-1r-ESO-1.pdf\" target=\"_blank\" rel=\"noopener\">Matriculaci\u00f3 1r ESO\u00a0<\/a><\/p>\n<p>Matriculaci\u00f3 4t ESO<\/p>\n<table style=\"height: 178px;\" width=\"363\">\n<tbody>\n<tr style=\"height: 32px;\">\n<td style=\"width: 357.8px; height: 32px;\"><a href=\"https:\/\/agora.xtec.cat\/ieselpalau\/wp-content\/uploads\/usu1081\/2024\/06\/2_1-Autoritzacio-Sortides-poble-ISO-1.pdf\" target=\"_blank\" rel=\"noopener noreferrer\">1- Autoritzaci\u00f3 Sortides poble<\/a><\/td>\n<\/tr>\n<tr style=\"height: 32px;\">\n<td style=\"width: 357.8px; height: 32px;\"><a href=\"https:\/\/agora.xtec.cat\/ieselpalau\/wp-content\/uploads\/usu1081\/2024\/06\/2_2-Autoritzacio-Imatge-logo-ISO-1.pdf\" target=\"_blank\" rel=\"noopener noreferrer\">2- Autoritzaci\u00f3 dret d&#8217;Imatge<\/a><\/td>\n<\/tr>\n<tr style=\"height: 32px;\">\n<td style=\"width: 357.8px; height: 32px;\"><a href=\"https:\/\/agora.xtec.cat\/ieselpalau\/wp-content\/uploads\/usu1081\/2024\/06\/2_3-Autoritzacio-comunicacio-amb-les-families-1.pdf\" target=\"_blank\" rel=\"noopener noreferrer\">3- Autoritzaci\u00f3 comunicaci\u00f3 amb les fam\u00edlies<\/a><\/td>\n<\/tr>\n<\/tbody>\n<\/table>\n","protected":false},"excerpt":{"rendered":"<p><a href=\"https:\/\/agora.xtec.cat\/ieselpalau\/wp-content\/uploads\/usu1081\/2024\/06\/Matriculacio-1r-ESO-1.pdf\" target=\"_blank\" rel=\"noopener\">Matriculaci\u00f3 1r ESO\u00a0<\/a><br \/>\nMatriculaci\u00f3 4t ESO<\/p>\n<p><a href=\"https:\/\/agora.xtec.cat\/ieselpalau\/wp-content\/uploads\/usu1081\/2024\/06\/2_1-Autoritzacio-Sortides-poble-ISO-1.pdf\" target=\"_blank\" rel=\"noopener noreferrer\">1- Autoritzaci\u00f3 Sortides poble<\/a><\/p>\n<p><a href=\"https:\/\/agora.xtec.cat\/ieselpalau\/wp-content\/uploads\/usu1081\/2024\/06\/2_2-Autoritzacio-Imatge-logo-ISO-1.pdf\" target=\"_blank\" rel=\"noopener noreferrer\">2- Autoritzaci\u00f3 dret d&#8217;Imatge<\/a><\/p>\n<p><a href=\"https:\/\/agora.xtec.cat\/ieselpalau\/wp-content\/uploads\/usu1081\/2024\/06\/2_3-Autoritzacio-comunicacio-amb-les-families-1.pdf\" target=\"_blank\" rel=\"noopener noreferrer\">3- Autoritzaci\u00f3 comunicaci\u00f3 amb les fam\u00edlies<\/a><\/p>\n","protected":false},"author":1,"featured_media":0,"parent":1848,"menu_order":2,"comment_status":"closed","ping_status":"closed","template":"page-templates\/side-menu.php","meta":{"_bbp_topic_count":0,"_bbp_reply_count":0,"_bbp_total_topic_count":0,"_bbp_total_reply_count":0,"_bbp_voice_count":0,"_bbp_anonymous_reply_count":0,"_bbp_topic_count_hidden":0,"_bbp_reply_count_hidden":0,"_bbp_forum_subforum_count":0,"footnotes":""},"class_list":["post-3472","page","type-page","status-publish","hentry"],"post_mailing_queue_ids":[],"_links":{"self":[{"href":"https:\/\/agora.xtec.cat\/ieselpalau\/wp-json\/wp\/v2\/pages\/3472","targetHints":{"allow":["GET"]}}],"collection":[{"href":"https:\/\/agora.xtec.cat\/ieselpalau\/wp-json\/wp\/v2\/pages"}],"about":[{"href":"https:\/\/agora.xtec.cat\/ieselpalau\/wp-json\/wp\/v2\/types\/page"}],"author":[{"embeddable":true,"href":"https:\/\/agora.xtec.cat\/ieselpalau\/wp-json\/wp\/v2\/users\/1"}],"replies":[{"embeddable":true,"href":"https:\/\/agora.xtec.cat\/ieselpalau\/wp-json\/wp\/v2\/comments?post=3472"}],"version-history":[{"count":6,"href":"https:\/\/agora.xtec.cat\/ieselpalau\/wp-json\/wp\/v2\/pages\/3472\/revisions"}],"predecessor-version":[{"id":4271,"href":"https:\/\/agora.xtec.cat\/ieselpalau\/wp-json\/wp\/v2\/pages\/3472\/revisions\/4271"}],"up":[{"embeddable":true,"href":"https:\/\/agora.xtec.cat\/ieselpalau\/wp-json\/wp\/v2\/pages\/1848"}],"wp:attachment":[{"href":"https:\/\/agora.xtec.cat\/ieselpalau\/wp-json\/wp\/v2\/media?parent=3472"}],"curies":[{"name":"wp","href":"https:\/\/api.w.org\/{rel}","templated":true}]}}