{"id":523,"date":"2017-07-05T19:32:43","date_gmt":"2017-07-05T17:32:43","guid":{"rendered":"http:\/\/agora.xtec.cat\/ieselfoix\/?page_id=523"},"modified":"2025-12-01T11:56:34","modified_gmt":"2025-12-01T10:56:34","slug":"proteccio-de-dades","status":"publish","type":"page","link":"https:\/\/agora.xtec.cat\/ieselfoix\/linstitut\/proteccio-de-dades\/","title":{"rendered":"Protecci\u00f3 de dades"},"content":{"rendered":"\n<h3 class=\"wp-block-heading\"><strong>Informaci\u00f3 general, condicions d&#8217;\u00fas i pol\u00edtica de privacitat de l&#8217;INS El FOIX<\/strong><\/h3>\n\n\n\n<p><strong>l&#8217;INS El FOIX<\/strong> est\u00e0 domiciliat al carrer Maria Aur\u00e8lia Capmany 6-8 de Santa Margarida i els Monjos, amb CIF S5800018C.<\/p>\n\n\n\n<p>La utilitzaci\u00f3 del portal implica l&#8217;acceptaci\u00f3 de cada una de les condicions incloses en aquest av\u00eds legal.<\/p>\n\n\n\n<p>Aquest lloc web i tots els seus continguts, incloent-hi els textos, imatges, sons, bases de dades, codis i qualsevol altre material, s\u00f3n propietat de IES el FOIX o de tercers que hagin autoritzat l&#8217;\u00fas d&#8217;aquests continguts a l&#8217;IES el FOIX. Tot aquest material est\u00e0 a l&#8217;empara de la legislaci\u00f3 de protecci\u00f3 de la propietat intel\u00b7lectual. Els seus titulars es reserven les accions legalment oportunes per reparar els danys i perjudicis causats per qualsevol acte que vulneri els drets de propietat intel\u00b7lectual sobre aquests continguts.<\/p>\n\n\n\n<p>Tot acc\u00e9s a aquest lloc web resta subjecte a les condicions seg\u00fcents:<\/p>\n\n\n\n<ul class=\"wp-block-list\">\n<li>El contingut d&#8217;aquest lloc web, es troba amb llic\u00e8ncia Creative Commons. Copiar, distribuir y comunicar p\u00fablicamente la obra, sense fins comercials, sense obres derivades i reconeixement de l&#8217;autor i la llic\u00e8ncia.<\/li>\n\n\n\n<li>El codi de les p\u00e0gines, es troba amb llic\u00e8ncia GNU\/GPL.<\/li>\n\n\n\n<li>Queda absolutament prohibit qualsevol \u00fas o reproducci\u00f3 d&#8217;aquesta sense l&#8217;autoritzaci\u00f3 pr\u00e8via i per escrit de l&#8217;IES el FOIX.<\/li>\n\n\n\n<li>Resten protegits en els mateixos termes els drets de propietat industrial referits als serveis i productes de l&#8217;IES el FOIX que apareguin en el web o sobre els quals se n&#8217;hi doni informaci\u00f3.<\/li>\n\n\n\n<li>L&#8217;usuari es compromet a utilitzar aquest servei sense inc\u00f3rrer en activitats que puguin ser considerades il\u00b7l\u00edcites o il\u00b7legals, que infringeixin els drets de l&#8217;IES el FOIX o de tercers, o que puguin atemptar contra les normes vigents. IES el FOIX no ser\u00e0 responsable de l&#8217;\u00fas per part de tercers de la informaci\u00f3 continguda al web, si b\u00e9 caldr\u00e0 atenir-se a les prescripcions i advertiments que s&#8217;estableixin per a determinats documents i aplicatius.<\/li>\n\n\n\n<li>IES el FOIX donar\u00e0 estricte compliment a la normativa vigent en cada moment sobre Protecci\u00f3 de Dades de Car\u00e0cter Personal i adoptar\u00e0 les mesures legalment exigibles per a la protecci\u00f3 de les dades de car\u00e0cter personal de l&#8217;usuari, preservant-ne la seva privacitat i confidencialitat.<\/li>\n\n\n\n<li>En les comunicacions que faci l&#8217;usuari del web que continguin dades de car\u00e0cter personal es vetllar\u00e0, en la mesura del possible, per la confidencialitat de la informaci\u00f3 i la privacitat dels usuaris.<\/li>\n\n\n\n<li>L&#8217;usuari del web d\u00f3na el seu consentiment expr\u00e9s i inequ\u00edvoc i, per tant, autoritza a IES el FOIX a incorporar les dades que facilita per aquest mitj\u00e0 als seus fitxers automatitzats i al seu tractament i \u00fas amb la finalitat de gestionar el manteniment del web, rebre informaci\u00f3 de les activitats i serveis propis de l&#8217;IES el FOIX, aix\u00ed com de les activitats publicit\u00e0ries i campanyes promocionals o de les entitats del seu grup puguin portar a terme, d&#8217;acord amb el que s&#8217;estableix a la Llei Org\u00e0nica 15\/1999, de 13 de desembre, de protecci\u00f3 de dades de car\u00e0cter personal (LOPD).<\/li>\n\n\n\n<li>L&#8217;usuari del web que facilita dades de car\u00e0cter personal a l&#8217;IES el FOIX i resta assabentat que podr\u00e0 exercir davant la mateixa els drets d&#8217;acc\u00e9s, rectificaci\u00f3, cancel\u00b7laci\u00f3 i oposici\u00f3, d&#8217;acord amb el que estableix la LOPD, mitjan\u00e7ant la corresponent sol\u00b7licitud, acompanyada de la fotoc\u00f2pia del seu D.N.I., o b\u00e9 adre\u00e7ant aquesta sol\u00b7licitud per correu certificat a l&#8217;IES el FOIX. Igualment, podr\u00e0 adre\u00e7ar aquesta sol\u00b7licitud via correu electr\u00f2nic.<\/li>\n\n\n\n<li>IES el FOIX no garanteix que el web i el servidor estiguin lliures de virus dels fitxers agregats i no es fa responsable dels possibles danys o perjudicis que es puguin derivar d&#8217;interfer\u00e8ncies, omissions, interrupcions, virus inform\u00e0tics, avaries telef\u00f2niques o desconnexions en el funcionament operatiu d&#8217;aquest sistema electr\u00f2nic, motivats per causes alienes a l&#8217;IES el FOIX, de retards o bloquejos en l&#8217;\u00fas d&#8217;aquest sistema electr\u00f2nic causats per defici\u00e8ncies o sobrec\u00e0rregues de l\u00ednies telef\u00f2niques o sobrec\u00e0rregues en el sistema d&#8217;Internet o en altres sistemes electr\u00f2nics, aix\u00ed com tamb\u00e9 de danys que puguin ser causats per terceres persones mitjan\u00e7ant intromissions il\u00b7leg\u00edtimes fora del control de l&#8217;IES el FOIX.<\/li>\n\n\n\n<li>IES el FOIX no garanteix la disponibilitat i continu\u00eftat del funcionament del web i dels seus serveis. Quan sigui raonablement possible, s&#8217;advertir\u00e0 pr\u00e8viament de les interrupcions en el funcionament del web i dels serveis.<\/li>\n\n\n\n<li>IES el FOIX es reserva el dret a modificar unilateralment, en qualsevol moment i sense av\u00eds previ, la presentaci\u00f3, configuraci\u00f3 i continguts del web, aix\u00ed com tamb\u00e9 l&#8217;oferta de serveis i les condicions que es requereixen per utilitzar-lo.<\/li>\n\n\n\n<li>L&#8217;\u00fas d&#8217;aquest web implica l&#8217;acceptaci\u00f3 plena i sense reserves dels termes i condicions continguts en el present av\u00eds legal.<\/li>\n<\/ul>\n\n\n\n<p>Els possibles conflictes relatius a aquest web es regiran exclusivament per la legislaci\u00f3 espanyola i de la Comunitat aut\u00f2noma de Catalunya, essent els jutjats de Barcelona els \u00fanics competents. Tota persona usu\u00e0ria del web, independentment de la jurisdicci\u00f3 territorial des de la qual es produeixi el seu acc\u00e9s, accepta el compliment i respecte d&#8217;aquesta cl\u00e0usula amb ren\u00fancia expressa a qualsevol altre fur que li pogu\u00e9s correspondre.<\/p>\n\n\n\n<p><\/p>\n\n\n\n<div class=\"wp-block-media-text has-media-on-the-right is-stacked-on-mobile\" style=\"grid-template-columns:auto 15%\"><div class=\"wp-block-media-text__content\">\n<p>Aquesta obra est\u00e0 subjecta a una llic\u00e8ncia\u00a0 <a href=\"http:\/\/creativecommons.org\/licenses\/by-nc-nd\/2.5\/es\/\">Creative Commons License\u00a0<\/a><br>Reconeixement-No comercial-Sense obres derivades 2.5 Espanya de Creative Commons.<\/p>\n<\/div><figure class=\"wp-block-media-text__media\"><img loading=\"lazy\" decoding=\"async\" width=\"88\" height=\"31\" src=\"https:\/\/agora.xtec.cat\/ieselfoix\/wp-content\/uploads\/usu1158\/2025\/12\/88x31.png\" alt=\"\" class=\"wp-image-5582 size-full\"\/><\/figure><\/div>\n\n\n\n<hr class=\"wp-block-separator has-alpha-channel-opacity\"\/>\n\n\n\n<h5 class=\"wp-block-heading\"><strong>Protecci\u00f3 de dades<\/strong><\/h5>\n\n\n\n<p>El lloc web elfoix.org garanteix l&#8217;absoluta confidencialitat de les dades personals dels usuaris. Les dades proporcionades seran incorporades a una base de dades gestionada sota l&#8217;exclusiva responsabilitat de l&#8217;IES el FOIX, creada per facilitar als usuaris la utilitzaci\u00f3 dels serveis oferts per aquesta, aix\u00ed com per informar-los sobre els productes i serveis que puguin ser del seu inter\u00e8s. En compliment de la Llei Org\u00e0nica 15\/1999 de 13 de desembre de protecci\u00f3 de dades de car\u00e0cter personal, l&#8217;usuari pot en tot moment exercitar els drets que la llei li confereix relatius a l&#8217;acc\u00e9s, rectificaci\u00f3, cancel\u00b7laci\u00f3 i oposici\u00f3 a la cessi\u00f3 de les seves dades al fitxer de propietat exclusiva de l&#8217;IES el FOIX enviant un e-mail a:&nbsp;a8053091@xtec.cat<\/p>\n","protected":false},"excerpt":{"rendered":"<p>Informaci\u00f3 general, condicions d&#8217;\u00fas i pol\u00edtica de privacitat de l&#8217;INS El FOIX l&#8217;INS El FOIX est\u00e0 domiciliat al carrer Maria Aur\u00e8lia Capmany 6-8 de Santa Margarida i els Monjos, amb CIF S5800018C. La utilitzaci\u00f3 del portal implica l&#8217;acceptaci\u00f3 de cada una de les condicions incloses en aquest av\u00eds legal. Aquest lloc web i tots els [&hellip;]<\/p>\n","protected":false},"author":1,"featured_media":0,"parent":19,"menu_order":1000,"comment_status":"closed","ping_status":"closed","template":"","meta":{"_bbp_topic_count":0,"_bbp_reply_count":0,"_bbp_total_topic_count":0,"_bbp_total_reply_count":0,"_bbp_voice_count":0,"_bbp_anonymous_reply_count":0,"_bbp_topic_count_hidden":0,"_bbp_reply_count_hidden":0,"_bbp_forum_subforum_count":0,"site-sidebar-layout":"default","site-content-layout":"","ast-site-content-layout":"default","site-content-style":"default","site-sidebar-style":"default","ast-global-header-display":"","ast-banner-title-visibility":"","ast-main-header-display":"","ast-hfb-above-header-display":"","ast-hfb-below-header-display":"","ast-hfb-mobile-header-display":"","site-post-title":"","ast-breadcrumbs-content":"","ast-featured-img":"","footer-sml-layout":"","theme-transparent-header-meta":"","adv-header-id-meta":"","stick-header-meta":"","header-above-stick-meta":"","header-main-stick-meta":"","header-below-stick-meta":"","astra-migrate-meta-layouts":"set","ast-page-background-enabled":"default","ast-page-background-meta":{"desktop":{"background-color":"var(--ast-global-color-4)","background-image":"","background-repeat":"repeat","background-position":"center center","background-size":"auto","background-attachment":"scroll","background-type":"","background-media":"","overlay-type":"","overlay-color":"","overlay-opacity":"","overlay-gradient":""},"tablet":{"background-color":"","background-image":"","background-repeat":"repeat","background-position":"center center","background-size":"auto","background-attachment":"scroll","background-type":"","background-media":"","overlay-type":"","overlay-color":"","overlay-opacity":"","overlay-gradient":""},"mobile":{"background-color":"","background-image":"","background-repeat":"repeat","background-position":"center center","background-size":"auto","background-attachment":"scroll","background-type":"","background-media":"","overlay-type":"","overlay-color":"","overlay-opacity":"","overlay-gradient":""}},"ast-content-background-meta":{"desktop":{"background-color":"var(--ast-global-color-5)","background-image":"","background-repeat":"repeat","background-position":"center center","background-size":"auto","background-attachment":"scroll","background-type":"","background-media":"","overlay-type":"","overlay-color":"","overlay-opacity":"","overlay-gradient":""},"tablet":{"background-color":"var(--ast-global-color-5)","background-image":"","background-repeat":"repeat","background-position":"center center","background-size":"auto","background-attachment":"scroll","background-type":"","background-media":"","overlay-type":"","overlay-color":"","overlay-opacity":"","overlay-gradient":""},"mobile":{"background-color":"var(--ast-global-color-5)","background-image":"","background-repeat":"repeat","background-position":"center center","background-size":"auto","background-attachment":"scroll","background-type":"","background-media":"","overlay-type":"","overlay-color":"","overlay-opacity":"","overlay-gradient":""}},"footnotes":""},"class_list":["post-523","page","type-page","status-publish","hentry"],"post_mailing_queue_ids":[],"_links":{"self":[{"href":"https:\/\/agora.xtec.cat\/ieselfoix\/wp-json\/wp\/v2\/pages\/523","targetHints":{"allow":["GET"]}}],"collection":[{"href":"https:\/\/agora.xtec.cat\/ieselfoix\/wp-json\/wp\/v2\/pages"}],"about":[{"href":"https:\/\/agora.xtec.cat\/ieselfoix\/wp-json\/wp\/v2\/types\/page"}],"author":[{"embeddable":true,"href":"https:\/\/agora.xtec.cat\/ieselfoix\/wp-json\/wp\/v2\/users\/1"}],"replies":[{"embeddable":true,"href":"https:\/\/agora.xtec.cat\/ieselfoix\/wp-json\/wp\/v2\/comments?post=523"}],"version-history":[{"count":6,"href":"https:\/\/agora.xtec.cat\/ieselfoix\/wp-json\/wp\/v2\/pages\/523\/revisions"}],"predecessor-version":[{"id":5584,"href":"https:\/\/agora.xtec.cat\/ieselfoix\/wp-json\/wp\/v2\/pages\/523\/revisions\/5584"}],"up":[{"embeddable":true,"href":"https:\/\/agora.xtec.cat\/ieselfoix\/wp-json\/wp\/v2\/pages\/19"}],"wp:attachment":[{"href":"https:\/\/agora.xtec.cat\/ieselfoix\/wp-json\/wp\/v2\/media?parent=523"}],"curies":[{"name":"wp","href":"https:\/\/api.w.org\/{rel}","templated":true}]}}