{"id":7858,"date":"2026-02-20T10:03:14","date_gmt":"2026-02-20T09:03:14","guid":{"rendered":"https:\/\/agora.xtec.cat\/ieselcastell\/?page_id=7858"},"modified":"2026-03-06T12:26:06","modified_gmt":"2026-03-06T11:26:06","slug":"aules-informatica","status":"publish","type":"page","link":"https:\/\/agora.xtec.cat\/ieselcastell\/linstitut\/espais\/aules-informatica\/","title":{"rendered":"Aules Inform\u00e0tica"},"content":{"rendered":"\n<p>L&#8217;aula d&#8217;inform\u00e0tica principal \u00e9s un espai dedicat exclusivament a la capacitaci\u00f3 digital, el desenvolupament de programari i el treball continuat amb aplicacions espec\u00edfiques que requereixen un entorn inform\u00e0tic estable.<\/p>\n\n\n\n<p>La infraestructura d&#8217;aquesta aula i els recursos digitals associats s&#8217;estructuren de la seg\u00fcent manera:<\/p>\n\n\n\n<h3 class=\"wp-block-heading\">Aula d&#8217;Inform\u00e0tica (ArTIC)<\/h3>\n\n\n\n<ul class=\"wp-block-list\">\n<li><strong>Estacions de treball fixes:<\/strong> L&#8217;espai disposa de 17 ordinadors de sobretaula que proporcionen llocs de treball robustos i permanents per a l&#8217;alumnat.<\/li>\n\n\n\n<li><strong>Expansi\u00f3 per a grups nombrosos:<\/strong> Per tal de garantir l&#8217;acc\u00e9s individualitzat (r\u00e0tio 1:1) en els casos de grups classe grans, l&#8217;aula compta amb el suport d&#8217;un carro d&#8217;ordinadors port\u00e0tils addicional.<\/li>\n\n\n\n<li><strong>Equipament docent:<\/strong> El lloc de treball del professorat est\u00e0 prove\u00eft d&#8217;un ordinador connectat a un projector, eines essencials per a les explicacions pautades, la demostraci\u00f3 en temps real de procediments inform\u00e0tics i la projecci\u00f3 de suports audiovisuals.<\/li>\n<\/ul>\n\n\n\n<h3 class=\"wp-block-heading\">Aules d&#8217;Inform\u00e0tica M\u00f2bils<\/h3>\n\n\n\n<p>A m\u00e9s de l&#8217;espai fix, la dotaci\u00f3 del centre inclou <strong>dues aules d&#8217;inform\u00e0tica m\u00f2bils<\/strong>. Aquests equipaments consisteixen en carros d&#8217;ordinadors port\u00e0tils independents que aporten una gran flexibilitat log\u00edstica. La seva funci\u00f3 \u00e9s permetre la transformaci\u00f3 r\u00e0pida de qualsevol espai o aula ordin\u00e0ria en un entorn de treball plenament digitalitzat, facilitant el desenvolupament de tasques inform\u00e0tiques de manera descentralitzada.<\/p>\n\n\n\n<figure class=\"wp-block-gallery has-nested-images columns-default is-cropped wp-block-gallery-1 is-layout-flex wp-block-gallery-is-layout-flex\">\n<figure class=\"wp-block-image size-large has-custom-border is-style-rounded\"><a href=\"https:\/\/agora.xtec.cat\/ieselcastell\/wp-content\/uploads\/usu221\/2026\/03\/aula-Artic-1.jpg\"><img loading=\"lazy\" decoding=\"async\" width=\"1024\" height=\"682\" data-id=\"7989\" src=\"https:\/\/agora.xtec.cat\/ieselcastell\/wp-content\/uploads\/usu221\/2026\/03\/aula-Artic-1-1024x682.jpg\" alt=\"\" class=\"wp-image-7989\" style=\"border-radius:7px\" srcset=\"https:\/\/agora.xtec.cat\/ieselcastell\/wp-content\/uploads\/usu221\/2026\/03\/aula-Artic-1-1024x682.jpg 1024w, https:\/\/agora.xtec.cat\/ieselcastell\/wp-content\/uploads\/usu221\/2026\/03\/aula-Artic-1-300x200.jpg 300w, https:\/\/agora.xtec.cat\/ieselcastell\/wp-content\/uploads\/usu221\/2026\/03\/aula-Artic-1-768x512.jpg 768w, https:\/\/agora.xtec.cat\/ieselcastell\/wp-content\/uploads\/usu221\/2026\/03\/aula-Artic-1-1536x1024.jpg 1536w, https:\/\/agora.xtec.cat\/ieselcastell\/wp-content\/uploads\/usu221\/2026\/03\/aula-Artic-1.jpg 2000w\" sizes=\"auto, (max-width: 1024px) 100vw, 1024px\" \/><\/a><\/figure>\n\n\n\n<figure class=\"wp-block-image size-large has-custom-border\"><a href=\"https:\/\/agora.xtec.cat\/ieselcastell\/wp-content\/uploads\/usu221\/2026\/03\/aula-Artic2-1.jpg\"><img loading=\"lazy\" decoding=\"async\" width=\"1024\" height=\"683\" data-id=\"7990\" src=\"https:\/\/agora.xtec.cat\/ieselcastell\/wp-content\/uploads\/usu221\/2026\/03\/aula-Artic2-1-1024x683.jpg\" alt=\"\" class=\"wp-image-7990\" style=\"border-radius:7px\" srcset=\"https:\/\/agora.xtec.cat\/ieselcastell\/wp-content\/uploads\/usu221\/2026\/03\/aula-Artic2-1-1024x683.jpg 1024w, https:\/\/agora.xtec.cat\/ieselcastell\/wp-content\/uploads\/usu221\/2026\/03\/aula-Artic2-1-300x200.jpg 300w, https:\/\/agora.xtec.cat\/ieselcastell\/wp-content\/uploads\/usu221\/2026\/03\/aula-Artic2-1-768x512.jpg 768w, https:\/\/agora.xtec.cat\/ieselcastell\/wp-content\/uploads\/usu221\/2026\/03\/aula-Artic2-1-1536x1024.jpg 1536w, https:\/\/agora.xtec.cat\/ieselcastell\/wp-content\/uploads\/usu221\/2026\/03\/aula-Artic2-1-2048x1365.jpg 2048w\" sizes=\"auto, (max-width: 1024px) 100vw, 1024px\" \/><\/a><\/figure>\n\n\n\n<figure class=\"wp-block-image size-large has-custom-border\"><a href=\"https:\/\/agora.xtec.cat\/ieselcastell\/wp-content\/uploads\/usu221\/2026\/03\/aula-Artic3-1.jpg\"><img loading=\"lazy\" decoding=\"async\" width=\"1024\" height=\"683\" data-id=\"7991\" src=\"https:\/\/agora.xtec.cat\/ieselcastell\/wp-content\/uploads\/usu221\/2026\/03\/aula-Artic3-1-1024x683.jpg\" alt=\"\" class=\"wp-image-7991\" style=\"border-radius:7px\" srcset=\"https:\/\/agora.xtec.cat\/ieselcastell\/wp-content\/uploads\/usu221\/2026\/03\/aula-Artic3-1-1024x683.jpg 1024w, https:\/\/agora.xtec.cat\/ieselcastell\/wp-content\/uploads\/usu221\/2026\/03\/aula-Artic3-1-300x200.jpg 300w, https:\/\/agora.xtec.cat\/ieselcastell\/wp-content\/uploads\/usu221\/2026\/03\/aula-Artic3-1-768x512.jpg 768w, https:\/\/agora.xtec.cat\/ieselcastell\/wp-content\/uploads\/usu221\/2026\/03\/aula-Artic3-1-1536x1024.jpg 1536w, https:\/\/agora.xtec.cat\/ieselcastell\/wp-content\/uploads\/usu221\/2026\/03\/aula-Artic3-1-2048x1365.jpg 2048w\" sizes=\"auto, (max-width: 1024px) 100vw, 1024px\" \/><\/a><\/figure>\n<\/figure>\n\n\n\n<p><\/p>\n","protected":false},"excerpt":{"rendered":"<p>L&#8217;aula d&#8217;inform\u00e0tica principal \u00e9s un espai dedicat exclusivament a la capacitaci\u00f3 digital, el desenvolupament de programari i el treball continuat amb aplicacions espec\u00edfiques que requereixen un entorn inform\u00e0tic estable. La infraestructura d&#8217;aquesta aula i els recursos digitals associats s&#8217;estructuren de la seg\u00fcent manera: Aula d&#8217;Inform\u00e0tica (ArTIC) Aules d&#8217;Inform\u00e0tica M\u00f2bils A m\u00e9s de l&#8217;espai fix, la [&hellip;]<\/p>\n","protected":false},"author":1,"featured_media":0,"parent":7848,"menu_order":0,"comment_status":"closed","ping_status":"close","template":"","meta":{"_bbp_topic_count":0,"_bbp_reply_count":0,"_bbp_total_topic_count":0,"_bbp_total_reply_count":0,"_bbp_voice_count":0,"_bbp_anonymous_reply_count":0,"_bbp_topic_count_hidden":0,"_bbp_reply_count_hidden":0,"_bbp_forum_subforum_count":0,"site-sidebar-layout":"default","site-content-layout":"","ast-site-content-layout":"default","site-content-style":"default","site-sidebar-style":"default","ast-global-header-display":"","ast-banner-title-visibility":"","ast-main-header-display":"","ast-hfb-above-header-display":"","ast-hfb-below-header-display":"","ast-hfb-mobile-header-display":"","site-post-title":"","ast-breadcrumbs-content":"","ast-featured-img":"","footer-sml-layout":"","theme-transparent-header-meta":"","adv-header-id-meta":"","stick-header-meta":"","header-above-stick-meta":"","header-main-stick-meta":"","header-below-stick-meta":"","astra-migrate-meta-layouts":"set","ast-page-background-enabled":"default","ast-page-background-meta":{"desktop":{"background-color":"var(--ast-global-color-4)","background-image":"","background-repeat":"repeat","background-position":"center center","background-size":"auto","background-attachment":"scroll","background-type":"","background-media":"","overlay-type":"","overlay-color":"","overlay-opacity":"","overlay-gradient":""},"tablet":{"background-color":"","background-image":"","background-repeat":"repeat","background-position":"center center","background-size":"auto","background-attachment":"scroll","background-type":"","background-media":"","overlay-type":"","overlay-color":"","overlay-opacity":"","overlay-gradient":""},"mobile":{"background-color":"","background-image":"","background-repeat":"repeat","background-position":"center center","background-size":"auto","background-attachment":"scroll","background-type":"","background-media":"","overlay-type":"","overlay-color":"","overlay-opacity":"","overlay-gradient":""}},"ast-content-background-meta":{"desktop":{"background-color":"var(--ast-global-color-5)","background-image":"","background-repeat":"repeat","background-position":"center center","background-size":"auto","background-attachment":"scroll","background-type":"","background-media":"","overlay-type":"","overlay-color":"","overlay-opacity":"","overlay-gradient":""},"tablet":{"background-color":"var(--ast-global-color-5)","background-image":"","background-repeat":"repeat","background-position":"center center","background-size":"auto","background-attachment":"scroll","background-type":"","background-media":"","overlay-type":"","overlay-color":"","overlay-opacity":"","overlay-gradient":""},"mobile":{"background-color":"var(--ast-global-color-5)","background-image":"","background-repeat":"repeat","background-position":"center center","background-size":"auto","background-attachment":"scroll","background-type":"","background-media":"","overlay-type":"","overlay-color":"","overlay-opacity":"","overlay-gradient":""}},"footnotes":""},"class_list":["post-7858","page","type-page","status-publish","hentry"],"post_mailing_queue_ids":[],"_links":{"self":[{"href":"https:\/\/agora.xtec.cat\/ieselcastell\/wp-json\/wp\/v2\/pages\/7858","targetHints":{"allow":["GET"]}}],"collection":[{"href":"https:\/\/agora.xtec.cat\/ieselcastell\/wp-json\/wp\/v2\/pages"}],"about":[{"href":"https:\/\/agora.xtec.cat\/ieselcastell\/wp-json\/wp\/v2\/types\/page"}],"author":[{"embeddable":true,"href":"https:\/\/agora.xtec.cat\/ieselcastell\/wp-json\/wp\/v2\/users\/1"}],"replies":[{"embeddable":true,"href":"https:\/\/agora.xtec.cat\/ieselcastell\/wp-json\/wp\/v2\/comments?post=7858"}],"version-history":[{"count":3,"href":"https:\/\/agora.xtec.cat\/ieselcastell\/wp-json\/wp\/v2\/pages\/7858\/revisions"}],"predecessor-version":[{"id":7992,"href":"https:\/\/agora.xtec.cat\/ieselcastell\/wp-json\/wp\/v2\/pages\/7858\/revisions\/7992"}],"up":[{"embeddable":true,"href":"https:\/\/agora.xtec.cat\/ieselcastell\/wp-json\/wp\/v2\/pages\/7848"}],"wp:attachment":[{"href":"https:\/\/agora.xtec.cat\/ieselcastell\/wp-json\/wp\/v2\/media?parent=7858"}],"curies":[{"name":"wp","href":"https:\/\/api.w.org\/{rel}","templated":true}]}}